{"id":443,"date":"2018-06-18T11:29:33","date_gmt":"2018-06-18T09:29:33","guid":{"rendered":"http:\/\/blog.u-bourgogne.fr\/master-cac\/?page_id=443"},"modified":"2018-09-21T16:17:18","modified_gmt":"2018-09-21T14:17:18","slug":"emploi-du-temps","status":"publish","type":"page","link":"https:\/\/blog.ube.fr\/master-cac\/emploi-du-temps\/","title":{"rendered":"Emploi du temps"},"content":{"rendered":"<ul>\n<li>\n<h1><a href=\"http:\/\/blog.ube.fr\/master-cac\/emploi-du-temps\/premiere-annee\/\">Premi\u00e8re ann\u00e9e<\/a><\/h1>\n<\/li>\n<li>\n<h1><a href=\"http:\/\/blog.ube.fr\/master-cac\/emploi-du-temps\/seconde-annee\/\">Seconde ann\u00e9e<\/a><\/h1>\n<\/li>\n<\/ul>\n","protected":false},"excerpt":{"rendered":"<p>Premi\u00e8re ann\u00e9e Seconde ann\u00e9e<\/p>\n<p class=\"more-link-p\"><a class=\"btn btn-primary\" href=\"https:\/\/blog.ube.fr\/master-cac\/emploi-du-temps\/\">Voir plus &rarr;<\/a><\/p>\n","protected":false},"author":374,"featured_media":0,"parent":0,"menu_order":0,"comment_status":"closed","ping_status":"closed","template":"","meta":{"footnotes":""},"class_list":["post-443","page","type-page","status-publish","hentry"],"_links":{"self":[{"href":"https:\/\/blog.ube.fr\/master-cac\/wp-json\/wp\/v2\/pages\/443","targetHints":{"allow":["GET"]}}],"collection":[{"href":"https:\/\/blog.ube.fr\/master-cac\/wp-json\/wp\/v2\/pages"}],"about":[{"href":"https:\/\/blog.ube.fr\/master-cac\/wp-json\/wp\/v2\/types\/page"}],"author":[{"embeddable":true,"href":"https:\/\/blog.ube.fr\/master-cac\/wp-json\/wp\/v2\/users\/374"}],"replies":[{"embeddable":true,"href":"https:\/\/blog.ube.fr\/master-cac\/wp-json\/wp\/v2\/comments?post=443"}],"version-history":[{"count":4,"href":"https:\/\/blog.ube.fr\/master-cac\/wp-json\/wp\/v2\/pages\/443\/revisions"}],"predecessor-version":[{"id":679,"href":"https:\/\/blog.ube.fr\/master-cac\/wp-json\/wp\/v2\/pages\/443\/revisions\/679"}],"wp:attachment":[{"href":"https:\/\/blog.ube.fr\/master-cac\/wp-json\/wp\/v2\/media?parent=443"}],"curies":[{"name":"wp","href":"https:\/\/api.w.org\/{rel}","templated":true}]}}