{"id":945,"date":"2017-12-08T16:10:32","date_gmt":"2017-12-08T15:10:32","guid":{"rendered":"http:\/\/blog.u-bourgogne.fr\/master-ajai\/?page_id=945"},"modified":"2017-12-08T16:33:00","modified_gmt":"2017-12-08T15:33:00","slug":"evenements-2015","status":"publish","type":"page","link":"https:\/\/blog.ube.fr\/master-ajai\/evenements-2015\/","title":{"rendered":"\u00c9v\u00e9nements 2015"},"content":{"rendered":"<h2>Principaux \u00e9v\u00e8nements 2015<\/h2>\n<dl class=\"article-info clearfix\">\n<dd id=\"wrapper_social_links\"><\/dd>\n<\/dl>\n<h2>Repas des Anciens El\u00e8ves, 40 ans d\u00e9j\u00e0 !<\/h2>\n<p>&nbsp;<\/p>\n<p>Pour ses<strong>\u00a040 ans<\/strong>, la promotion Pierre Lalive de l&#8217;Association des Juristes d&#8217;Affaires Internationales de Dijon, \u00e0 l&#8217;honneur et le plaisir, d&#8217;organiser comme chaque ann\u00e9e le repas annuel des anciens \u00e9tudiants du Master 2 JAI professionnels.<\/p>\n<p>Ce repas sera l&#8217;occasion de se restaurer et de se d\u00e9salt\u00e9rer au rythme des conversions entre les diff\u00e9rentes promotions ainsi que de l&#8217;encadrement professoral.<\/p>\n<p>Cette ann\u00e9e la promotion a vu les choses en Grand ! Il se d\u00e9roulera le 7 f\u00e9vrier 2015 au Caf\u00e9 du Commerce (51 rue du commerce, 75 015 Paris) \u00e0 partir de 19h30.<\/p>\n<p>Pour plus d&#8217;information, ou pour s&#8217;incrire, n&#8217;h\u00e9sitez pas \u00e0 contacter l&#8217;Association (<span id=\"cloak53863\"><a href=\"mailto:ajai@hotmail.fr\">ajai@hotmail.fr<\/a><\/span>).<\/p>\n<p>Bon App\u00e9tit !<\/p>\n<p>&nbsp;<\/p>\n<p>Voici quelques\u00a0<strong>petits souvenirs<\/strong>\u00a0de ce d\u00eener:<\/p>\n<h2>[metaslider id=957]<\/h2>\n<h2>Journ\u00e9e des M\u00e9tiers du Droit des Affaires Internationales<\/h2>\n<p>&nbsp;<\/p>\n<p>Bonjour \u00e0 toutes et \u00e0 tous,<\/p>\n<p>Le\u00a0<strong>vendredi 30 janvier 2015<\/strong>, le Master 2 JAI professionnel organise toute la journ\u00e9e, \u00e0 la salle du Conseil, dans le b\u00e2timent Lettre &amp; Droit une journ\u00e9e des m\u00e9tiers.\u00a0Celle ci traitera des ouvertures professionnelles qu&#8217;offrent le Master 2.<\/p>\n<p>Des professionnels, ainsi que des \u00e9l\u00e8ves actuels du Master dispenseront une pr\u00e9sence continue pour r\u00e9pondre \u00e0 vos questions.<\/p>\n<p>AJAI<\/p>\n","protected":false},"excerpt":{"rendered":"<p>Principaux \u00e9v\u00e8nements 2015 Repas des Anciens El\u00e8ves, 40 ans d\u00e9j\u00e0 ! &nbsp; Pour ses\u00a040 ans, la promotion Pierre Lalive de l&#8217;Association des Juristes d&#8217;Affaires Internationales de Dijon, \u00e0 l&#8217;honneur et le plaisir, d&#8217;organiser comme chaque ann\u00e9e le repas annuel des anciens \u00e9tudiants du Master 2 JAI professionnels. Ce repas sera l&#8217;occasion de se restaurer et&hellip;<\/p>\n<p class=\"more-link-p\"><a class=\"btn btn-primary\" href=\"https:\/\/blog.ube.fr\/master-ajai\/evenements-2015\/\">Voir plus &rarr;<\/a><\/p>\n","protected":false},"author":354,"featured_media":0,"parent":0,"menu_order":0,"comment_status":"closed","ping_status":"closed","template":"","meta":{"footnotes":""},"class_list":["post-945","page","type-page","status-publish","hentry"],"_links":{"self":[{"href":"https:\/\/blog.ube.fr\/master-ajai\/wp-json\/wp\/v2\/pages\/945","targetHints":{"allow":["GET"]}}],"collection":[{"href":"https:\/\/blog.ube.fr\/master-ajai\/wp-json\/wp\/v2\/pages"}],"about":[{"href":"https:\/\/blog.ube.fr\/master-ajai\/wp-json\/wp\/v2\/types\/page"}],"author":[{"embeddable":true,"href":"https:\/\/blog.ube.fr\/master-ajai\/wp-json\/wp\/v2\/users\/354"}],"replies":[{"embeddable":true,"href":"https:\/\/blog.ube.fr\/master-ajai\/wp-json\/wp\/v2\/comments?post=945"}],"version-history":[{"count":4,"href":"https:\/\/blog.ube.fr\/master-ajai\/wp-json\/wp\/v2\/pages\/945\/revisions"}],"predecessor-version":[{"id":996,"href":"https:\/\/blog.ube.fr\/master-ajai\/wp-json\/wp\/v2\/pages\/945\/revisions\/996"}],"wp:attachment":[{"href":"https:\/\/blog.ube.fr\/master-ajai\/wp-json\/wp\/v2\/media?parent=945"}],"curies":[{"name":"wp","href":"https:\/\/api.w.org\/{rel}","templated":true}]}}

Événements 2015

<h2>Principaux évènements 2015</h2>
<dl class="article-info clearfix">
<dd id="wrapper_social_links"></dd>
</dl>
<h2>Repas des Anciens Elèves, 40 ans déjà !</h2>
<p>&nbsp;</p>
<p>Pour ses<strong> 40 ans</strong>, la promotion Pierre Lalive de l&#8217;Association des Juristes d&#8217;Affaires Internationales de Dijon, à l&#8217;honneur et le plaisir, d&#8217;organiser comme chaque année le repas annuel des anciens étudiants du Master 2 JAI professionnels.</p>
<p>Ce repas sera l&#8217;occasion de se restaurer et de se désaltérer au rythme des conversions entre les différentes promotions ainsi que de l&#8217;encadrement professoral.</p>
<p>Cette année la promotion a vu les choses en Grand ! Il se déroulera le 7 février 2015 au Café du Commerce (51 rue du commerce, 75 015 Paris) à partir de 19h30.</p>
<p>Pour plus d&#8217;information, ou pour s&#8217;incrire, n&#8217;hésitez pas à contacter l&#8217;Association (<span id="cloak53863"><a href="mailto:ajai@hotmail.fr">ajai@hotmail.fr</a></span>).</p>
<p>Bon Appétit !</p>
<p>&nbsp;</p>
<p>Voici quelques <strong>petits souvenirs</strong> de ce dîner:</p>
<h2>[metaslider id=957]</h2>
<h2>Journée des Métiers du Droit des Affaires Internationales</h2>
<p>&nbsp;</p>
<p>Bonjour à toutes et à tous,</p>
<p>Le <strong>vendredi 30 janvier 2015</strong>, le Master 2 JAI professionnel organise toute la journée, à la salle du Conseil, dans le bâtiment Lettre &amp; Droit une journée des métiers. Celle ci traitera des ouvertures professionnelles qu&#8217;offrent le Master 2.</p>
<p>Des professionnels, ainsi que des élèves actuels du Master dispenseront une présence continue pour répondre à vos questions.</p>
<p>AJAI</p>

<p>Principaux évènements 2015 Repas des Anciens Elèves, 40 ans déjà ! &nbsp; Pour ses 40 ans, la promotion Pierre Lalive de l&#8217;Association des Juristes d&#8217;Affaires Internationales de Dijon, à l&#8217;honneur et le plaisir, d&#8217;organiser comme chaque année le repas annuel des anciens étudiants du Master 2 JAI professionnels. Ce repas sera l&#8217;occasion de se restaurer et&hellip;</p>
<p class="more-link-p"><a class="btn btn-primary" href="https://blog.ube.fr/master-ajai/evenements-2015/">Voir plus &rarr;</a></p>
