{"id":818,"date":"2010-01-09T12:28:38","date_gmt":"2010-01-09T11:28:38","guid":{"rendered":"http:\/\/blog.u-bourgogne.fr\/master-ajai\/?page_id=818"},"modified":"2017-11-26T12:31:13","modified_gmt":"2017-11-26T11:31:13","slug":"professionnels","status":"publish","type":"page","link":"https:\/\/blog.ube.fr\/master-ajai\/professionnels\/","title":{"rendered":"Professionnels"},"content":{"rendered":"<h2>Professionnels, votre exp\u00e9rience est la bienvenue !<\/h2>\n<p>Le but de ce Master \u00e9tant une insertion professionnelle rapide, il est essentiel pour les \u00e9tudiants d&#8217;\u00eatre en contact direct avec le monde du travail.<\/p>\n","protected":false},"excerpt":{"rendered":"<p>Professionnels, votre exp\u00e9rience est la bienvenue ! Le but de ce Master \u00e9tant une insertion professionnelle rapide, il est essentiel pour les \u00e9tudiants d&#8217;\u00eatre en contact direct avec le monde du travail.<\/p>\n<p class=\"more-link-p\"><a class=\"btn btn-primary\" href=\"https:\/\/blog.ube.fr\/master-ajai\/professionnels\/\">Voir plus &rarr;<\/a><\/p>\n","protected":false},"author":354,"featured_media":0,"parent":0,"menu_order":0,"comment_status":"closed","ping_status":"closed","template":"","meta":{"footnotes":""},"class_list":["post-818","page","type-page","status-publish","hentry"],"_links":{"self":[{"href":"https:\/\/blog.ube.fr\/master-ajai\/wp-json\/wp\/v2\/pages\/818","targetHints":{"allow":["GET"]}}],"collection":[{"href":"https:\/\/blog.ube.fr\/master-ajai\/wp-json\/wp\/v2\/pages"}],"about":[{"href":"https:\/\/blog.ube.fr\/master-ajai\/wp-json\/wp\/v2\/types\/page"}],"author":[{"embeddable":true,"href":"https:\/\/blog.ube.fr\/master-ajai\/wp-json\/wp\/v2\/users\/354"}],"replies":[{"embeddable":true,"href":"https:\/\/blog.ube.fr\/master-ajai\/wp-json\/wp\/v2\/comments?post=818"}],"version-history":[{"count":2,"href":"https:\/\/blog.ube.fr\/master-ajai\/wp-json\/wp\/v2\/pages\/818\/revisions"}],"predecessor-version":[{"id":828,"href":"https:\/\/blog.ube.fr\/master-ajai\/wp-json\/wp\/v2\/pages\/818\/revisions\/828"}],"wp:attachment":[{"href":"https:\/\/blog.ube.fr\/master-ajai\/wp-json\/wp\/v2\/media?parent=818"}],"curies":[{"name":"wp","href":"https:\/\/api.w.org\/{rel}","templated":true}]}}