{"id":773,"date":"2017-11-26T10:05:10","date_gmt":"2017-11-26T09:05:10","guid":{"rendered":"http:\/\/blog.u-bourgogne.fr\/master-ajai\/?page_id=773"},"modified":"2021-02-23T23:55:26","modified_gmt":"2021-02-23T22:55:26","slug":"bureau-de-lajai","status":"publish","type":"page","link":"https:\/\/blog.ube.fr\/master-ajai\/bureau-de-lajai\/","title":{"rendered":"Bureau de l&#8217;AJAI Promotion 2020\/2021 Charles Leben"},"content":{"rendered":"<p>&nbsp;<\/p>\n<div><\/div>\n<div><\/div>\n<p>&nbsp;<\/p>\n<p>Pr\u00e9sident : B\u00e9nigne Tainturier<\/p>\n<p>Vice-Pr\u00e9sident : Coura Amar<span class=\"gI\">\u00a0<\/span><\/p>\n<p>Secr\u00e9taire : Deniz Cinar<\/p>\n<p>Tr\u00e9soriers : Marie-Carmen Assan\u00e9 et Mihaela Botnari<\/p>\n<p>&nbsp;<\/p>\n<div><\/div>\n<div><\/div>\n<div><\/div>\n","protected":false},"excerpt":{"rendered":"<p>&nbsp; &nbsp; Pr\u00e9sident : B\u00e9nigne Tainturier Vice-Pr\u00e9sident : Coura Amar\u00a0 Secr\u00e9taire : Deniz Cinar Tr\u00e9soriers : Marie-Carmen Assan\u00e9 et Mihaela Botnari &nbsp;<\/p>\n<p class=\"more-link-p\"><a class=\"btn btn-primary\" href=\"https:\/\/blog.ube.fr\/master-ajai\/bureau-de-lajai\/\">Voir plus &rarr;<\/a><\/p>\n","protected":false},"author":355,"featured_media":0,"parent":0,"menu_order":0,"comment_status":"closed","ping_status":"closed","template":"","meta":{"footnotes":""},"class_list":["post-773","page","type-page","status-publish","hentry"],"_links":{"self":[{"href":"https:\/\/blog.ube.fr\/master-ajai\/wp-json\/wp\/v2\/pages\/773","targetHints":{"allow":["GET"]}}],"collection":[{"href":"https:\/\/blog.ube.fr\/master-ajai\/wp-json\/wp\/v2\/pages"}],"about":[{"href":"https:\/\/blog.ube.fr\/master-ajai\/wp-json\/wp\/v2\/types\/page"}],"author":[{"embeddable":true,"href":"https:\/\/blog.ube.fr\/master-ajai\/wp-json\/wp\/v2\/users\/355"}],"replies":[{"embeddable":true,"href":"https:\/\/blog.ube.fr\/master-ajai\/wp-json\/wp\/v2\/comments?post=773"}],"version-history":[{"count":15,"href":"https:\/\/blog.ube.fr\/master-ajai\/wp-json\/wp\/v2\/pages\/773\/revisions"}],"predecessor-version":[{"id":1609,"href":"https:\/\/blog.ube.fr\/master-ajai\/wp-json\/wp\/v2\/pages\/773\/revisions\/1609"}],"wp:attachment":[{"href":"https:\/\/blog.ube.fr\/master-ajai\/wp-json\/wp\/v2\/media?parent=773"}],"curies":[{"name":"wp","href":"https:\/\/api.w.org\/{rel}","templated":true}]}}