{"id":674,"date":"2017-11-24T11:24:07","date_gmt":"2017-11-24T10:24:07","guid":{"rendered":"http:\/\/blog.u-bourgogne.fr\/master-ajai\/?page_id=674"},"modified":"2020-04-24T09:03:25","modified_gmt":"2020-04-24T08:03:25","slug":"equipe-pedagogique","status":"publish","type":"page","link":"https:\/\/blog.ube.fr\/master-ajai\/equipe-pedagogique\/","title":{"rendered":"\u00c9quipe P\u00e9dagogique"},"content":{"rendered":"<h5>Une \u00e9quipe dynamique et comp\u00e9tente<\/h5>\n<p>Les enseignements du Master sont constitu\u00e9s d&#8217;une part de cours enseign\u00e9s par les Professeurs et Ma\u00eetres de conf\u00e9rences de l&#8217;Universit\u00e9, et d&#8217;autre part de s\u00e9minaires prodigu\u00e9s par des Professionnels.<\/p>\n<p>&nbsp;<\/p>\n<p class=\"intertitre\"><em><strong>Les universitaires<\/strong><\/em><\/p>\n<p>&#8211; <strong>A.S. COURDIER<\/strong>, Ma\u00eetre de conf\u00e9rences \u00e0 l&#8217;Universit\u00e9 de Bourgogne<\/p>\n<p>&#8211; <strong>C. FORTIER<\/strong>, Professeure \u00e0 l&#8217;Universit\u00e9 de Bourgogne<\/p>\n<p>&#8211;<strong> E. JUEN<\/strong>, Ma\u00eetre de conf\u00e9rences \u00e0 l&#8217;Universit\u00e9 de Bourgogne<\/p>\n<p>&#8211; <strong>S. MANCIAUX<\/strong>, Ma\u00eetre de conf\u00e9rences \u00e0 l&#8217;Universit\u00e9 de Bourgogne<\/p>\n<p>&#8211;<strong>\u00a0A. MARTIN-SERF<\/strong>, Professeure \u00e9m\u00e9rite\u00a0\u00e0 l&#8217;Universit\u00e9 de Bourgogne<\/p>\n<p>&#8211; <strong>J. MOREL-MAROGER<\/strong>, Professeure \u00e0 l&#8217;Universit\u00e9 de Bourgogne<\/p>\n<p>&#8211; <strong>E. PY<\/strong>, Ma\u00eetre de conf\u00e9rences \u00e0 l&#8217;Universit\u00e9 de Bourgogne<\/p>\n<p>&#8211; <strong>S. SCHINDLER-VIGUIE<\/strong>, Ma\u00eetre de conf\u00e9rences \u00e0 l&#8217;Universit\u00e9 de Bourgogne<\/p>\n<p>&#8211; <strong>H. TOURARD<\/strong>, Ma\u00eetre de conf\u00e9rences \u00e0 l&#8217;Universit\u00e9 de Bourgogne<\/p>\n<p>&nbsp;<\/p>\n<p class=\"intertitre\"><em><strong>Les praticiens<\/strong><\/em><\/p>\n<p>&#8211; <strong>C. BASCOUL<\/strong>, Avocat, Senior manager douane, Fidal<\/p>\n<p>&#8211; <strong>N. BAUCH-LABESSE<\/strong>, Avocat, Cabinet TGLD<\/p>\n<p>&#8211; <strong>H. CHAMBON<\/strong>, Responsable p\u00f4le contentieux, Vinci Construction<\/p>\n<p>&#8211; <strong>P. CLERC<\/strong>, Responsable du d\u00e9partement Compliance, CNES<\/p>\n<p>&#8211; <strong>H. DABBADIE<\/strong>, Directrice administration et finances, Handysoie<\/p>\n<p>&#8211;<strong> I. DE BLIC HAMON<\/strong>, Senior Legal Counsel IP, Nestl\u00e9, Vevey (Suisse)<\/p>\n<p>&#8211; <strong>S. DEVOUGE<\/strong>,<span class=\"Apple-converted-space\">\u00a0 Juriste Senior,\u00a0<\/span>Swiss Re Corporate, Zurich<\/p>\n<p>&#8211; <strong>D. DUPONT<\/strong>, Conseiller juridique Banque Eric Sturdza, Gen\u00e8ve<\/p>\n<p>&#8211;\u00a0<strong>C. GAUBERT<\/strong>, Avocate au Barreau de Paris<\/p>\n<p>&#8211; <strong>V. GROSJEAN<\/strong>, Avocate au Barreau de Dijon<\/p>\n<p>&#8211; <strong>N. IQBAL<\/strong>, Avocate, Cabinet Linklaters LLP<\/p>\n<p>&#8211; <strong>D. JOVYS<\/strong>, Juriste Dassault International, Paris<\/p>\n<p>&#8211; <strong>A. LABAT<\/strong>, Juriste, CETIM<\/p>\n<p>&#8211; <strong>J. PILLAUD<\/strong>, Directrice juridique internationale p\u00f4le projets, Eiffage<\/p>\n<p>&#8211; <strong>T. ROY<\/strong>, Avocat, Cabinet Allen &amp; Overy LLP<\/p>\n<p>&#8211; <strong>J. SLOWIK<\/strong>, Professeur d&#8217;anglais, BSB Dijon<\/p>\n<p>&#8211;<strong> E. TAUZIN<\/strong>, Avocat au Barreau de Dijon<\/p>\n","protected":false},"excerpt":{"rendered":"<p>Une \u00e9quipe dynamique et comp\u00e9tente Les enseignements du Master sont constitu\u00e9s d&#8217;une part de cours enseign\u00e9s par les Professeurs et Ma\u00eetres de conf\u00e9rences de l&#8217;Universit\u00e9, et d&#8217;autre part de s\u00e9minaires prodigu\u00e9s par des Professionnels. &nbsp; Les universitaires &#8211; A.S. COURDIER, Ma\u00eetre de conf\u00e9rences \u00e0 l&#8217;Universit\u00e9 de Bourgogne &#8211; C. FORTIER, Professeure \u00e0 l&#8217;Universit\u00e9 de Bourgogne&hellip;<\/p>\n<p class=\"more-link-p\"><a class=\"btn btn-primary\" href=\"https:\/\/blog.ube.fr\/master-ajai\/equipe-pedagogique\/\">Voir plus &rarr;<\/a><\/p>\n","protected":false},"author":355,"featured_media":0,"parent":0,"menu_order":0,"comment_status":"closed","ping_status":"closed","template":"","meta":{"footnotes":""},"class_list":["post-674","page","type-page","status-publish","hentry"],"_links":{"self":[{"href":"https:\/\/blog.ube.fr\/master-ajai\/wp-json\/wp\/v2\/pages\/674","targetHints":{"allow":["GET"]}}],"collection":[{"href":"https:\/\/blog.ube.fr\/master-ajai\/wp-json\/wp\/v2\/pages"}],"about":[{"href":"https:\/\/blog.ube.fr\/master-ajai\/wp-json\/wp\/v2\/types\/page"}],"author":[{"embeddable":true,"href":"https:\/\/blog.ube.fr\/master-ajai\/wp-json\/wp\/v2\/users\/355"}],"replies":[{"embeddable":true,"href":"https:\/\/blog.ube.fr\/master-ajai\/wp-json\/wp\/v2\/comments?post=674"}],"version-history":[{"count":11,"href":"https:\/\/blog.ube.fr\/master-ajai\/wp-json\/wp\/v2\/pages\/674\/revisions"}],"predecessor-version":[{"id":1578,"href":"https:\/\/blog.ube.fr\/master-ajai\/wp-json\/wp\/v2\/pages\/674\/revisions\/1578"}],"wp:attachment":[{"href":"https:\/\/blog.ube.fr\/master-ajai\/wp-json\/wp\/v2\/media?parent=674"}],"curies":[{"name":"wp","href":"https:\/\/api.w.org\/{rel}","templated":true}]}}

Équipe Pédagogique

<h5>Une équipe dynamique et compétente</h5>
<p>Les enseignements du Master sont constitués d&#8217;une part de cours enseignés par les Professeurs et Maîtres de conférences de l&#8217;Université, et d&#8217;autre part de séminaires prodigués par des Professionnels.</p>
<p>&nbsp;</p>
<p class="intertitre"><em><strong>Les universitaires</strong></em></p>
<p>&#8211; <strong>A.S. COURDIER</strong>, Maître de conférences à l&#8217;Université de Bourgogne</p>
<p>&#8211; <strong>C. FORTIER</strong>, Professeure à l&#8217;Université de Bourgogne</p>
<p>&#8211;<strong> E. JUEN</strong>, Maître de conférences à l&#8217;Université de Bourgogne</p>
<p>&#8211; <strong>S. MANCIAUX</strong>, Maître de conférences à l&#8217;Université de Bourgogne</p>
<p>&#8211;<strong> A. MARTIN-SERF</strong>, Professeure émérite à l&#8217;Université de Bourgogne</p>
<p>&#8211; <strong>J. MOREL-MAROGER</strong>, Professeure à l&#8217;Université de Bourgogne</p>
<p>&#8211; <strong>E. PY</strong>, Maître de conférences à l&#8217;Université de Bourgogne</p>
<p>&#8211; <strong>S. SCHINDLER-VIGUIE</strong>, Maître de conférences à l&#8217;Université de Bourgogne</p>
<p>&#8211; <strong>H. TOURARD</strong>, Maître de conférences à l&#8217;Université de Bourgogne</p>
<p>&nbsp;</p>
<p class="intertitre"><em><strong>Les praticiens</strong></em></p>
<p>&#8211; <strong>C. BASCOUL</strong>, Avocat, Senior manager douane, Fidal</p>
<p>&#8211; <strong>N. BAUCH-LABESSE</strong>, Avocat, Cabinet TGLD</p>
<p>&#8211; <strong>H. CHAMBON</strong>, Responsable pôle contentieux, Vinci Construction</p>
<p>&#8211; <strong>P. CLERC</strong>, Responsable du département Compliance, CNES</p>
<p>&#8211; <strong>H. DABBADIE</strong>, Directrice administration et finances, Handysoie</p>
<p>&#8211;<strong> I. DE BLIC HAMON</strong>, Senior Legal Counsel IP, Nestlé, Vevey (Suisse)</p>
<p>&#8211; <strong>S. DEVOUGE</strong>,<span class="Apple-converted-space">  Juriste Senior, </span>Swiss Re Corporate, Zurich</p>
<p>&#8211; <strong>D. DUPONT</strong>, Conseiller juridique Banque Eric Sturdza, Genève</p>
<p>&#8211; <strong>C. GAUBERT</strong>, Avocate au Barreau de Paris</p>
<p>&#8211; <strong>V. GROSJEAN</strong>, Avocate au Barreau de Dijon</p>
<p>&#8211; <strong>N. IQBAL</strong>, Avocate, Cabinet Linklaters LLP</p>
<p>&#8211; <strong>D. JOVYS</strong>, Juriste Dassault International, Paris</p>
<p>&#8211; <strong>A. LABAT</strong>, Juriste, CETIM</p>
<p>&#8211; <strong>J. PILLAUD</strong>, Directrice juridique internationale pôle projets, Eiffage</p>
<p>&#8211; <strong>T. ROY</strong>, Avocat, Cabinet Allen &amp; Overy LLP</p>
<p>&#8211; <strong>J. SLOWIK</strong>, Professeur d&#8217;anglais, BSB Dijon</p>
<p>&#8211;<strong> E. TAUZIN</strong>, Avocat au Barreau de Dijon</p>

<p>Une équipe dynamique et compétente Les enseignements du Master sont constitués d&#8217;une part de cours enseignés par les Professeurs et Maîtres de conférences de l&#8217;Université, et d&#8217;autre part de séminaires prodigués par des Professionnels. &nbsp; Les universitaires &#8211; A.S. COURDIER, Maître de conférences à l&#8217;Université de Bourgogne &#8211; C. FORTIER, Professeure à l&#8217;Université de Bourgogne&hellip;</p>
<p class="more-link-p"><a class="btn btn-primary" href="https://blog.ube.fr/master-ajai/equipe-pedagogique/">Voir plus &rarr;</a></p>
