{"id":2,"date":"2014-05-13T06:25:14","date_gmt":"2014-05-13T05:25:14","guid":{"rendered":"http:\/\/blog.u-bourgogne.fr\/?page_id=2"},"modified":"2018-12-14T12:18:54","modified_gmt":"2018-12-14T11:18:54","slug":"presentation","status":"publish","type":"page","link":"https:\/\/blog.ube.fr\/master-ajai\/presentation\/","title":{"rendered":"Pr\u00e9sentation"},"content":{"rendered":"<p>&nbsp;<\/p>\n<blockquote><p>Bienvenue sur le site de l\u2019Association des Juristes d\u2019Affaires Internationales,<\/p>\n<p>Chers membres de l\u2019association, chers anciens du Master, chers futurs membres Master,<\/p>\n<p>Je succ\u00e8de cette ann\u00e9e avec grand plaisir \u00e0 Clara Tupinier en tant que Pr\u00e9sident de l\u2019Association des Juristes d\u2019Affaires Internationales de l\u2019Universit\u00e9 de Bourgogne. Je remercie mes camarades, \u00e9tudiants de la promotion 2019 \u00ab Nelly Darmon \u00bb, pour la confiance qu\u2019ils m\u2019ont accord\u00e9 pour cette ann\u00e9e.<\/p>\n<p>Nous avons h\u00e9rit\u00e9 en int\u00e9grant le Master 2 Juriste d\u2019affaires internationales d\u2019un Master li\u00e9 \u00e0 la facult\u00e9 de droit de Dijon depuis plus de 40 ans. De ce fait, nous nous inscrivons dans l\u2019histoire de cette universit\u00e9. Il revient \u00e0 notre promotion d\u2019\u00e9crire une nouvelle page de cette histoire et d\u2019en \u00eatre \u00e0 la hauteur.<\/p>\n<p>L\u2019AJAI a la t\u00e2che de dynamiser ce Master pour qu\u2019il ne consiste pas seulement \u00e0 \u00eatre un dipl\u00f4me, mais qu\u2019il soit \u00e9galement une institution active. Nous avons pour projet de nous inscrire dans cette mouvance positive institu\u00e9e par nos pr\u00e9d\u00e9cesseurs. C\u2019est pour cela qu\u2019il nous a paru important de p\u00e9renniser divers \u00e9v\u00e8nements tels qu\u2019un colloque et une journ\u00e9e des m\u00e9tiers, ou encore, de participer \u00e0 des grands concours de plaidoirie internationaux tel que le Vis MOOT de Vienne ou le MOOT de Madrid.<\/p>\n<p>M\u00eame si notre Master h\u00e9rite d\u2019un pass\u00e9 important, il n\u2019en reste pas moins tourn\u00e9 vers l\u2019avenir. Le commerce international se d\u00e9veloppe toujours et le contexte des affaires internationales est en perp\u00e9tuelle \u00e9volution. Par nature, notre mati\u00e8re nous propose de nouveaux d\u00e9fis, \u00e0 nous de les relever.<\/p>\n<p>&nbsp;<\/p>\n<p>Nous serions heureux de r\u00e9pondre \u00e0 vos questions \u00e9ventuelles, que vous pouvez adresser \u00e0 l\u2019adresse suivante\u00a0:\u00a0<a href=\"mailto:ajai.ubourgogne@gmail.com\"><strong>ajai.ubourgogne@gmail.com<\/strong><\/a><\/p>\n<p>&nbsp;<\/p>\n<p>Au plaisir de vous rencontrer,<\/p>\n<p>Math\u00e9o Leblanc<\/p>\n<p>Pr\u00e9sident de l\u2019AJAI<\/p><\/blockquote>\n<p><!--more--><\/p>\n","protected":false},"excerpt":{"rendered":"<p>&nbsp; Bienvenue sur le site de l\u2019Association des Juristes d\u2019Affaires Internationales, Chers membres de l\u2019association, chers anciens du Master, chers futurs membres Master, Je succ\u00e8de cette ann\u00e9e avec grand plaisir \u00e0 Clara Tupinier en tant que Pr\u00e9sident de l\u2019Association des Juristes d\u2019Affaires Internationales de l\u2019Universit\u00e9 de Bourgogne. Je remercie mes camarades, \u00e9tudiants de la promotion&hellip;<\/p>\n<p class=\"more-link-p\"><a class=\"btn btn-primary\" href=\"https:\/\/blog.ube.fr\/master-ajai\/presentation\/\">Voir plus &rarr;<\/a><\/p>\n","protected":false},"author":1,"featured_media":0,"parent":0,"menu_order":1,"comment_status":"closed","ping_status":"closed","template":"","meta":{"footnotes":""},"class_list":["post-2","page","type-page","status-publish","hentry"],"_links":{"self":[{"href":"https:\/\/blog.ube.fr\/master-ajai\/wp-json\/wp\/v2\/pages\/2","targetHints":{"allow":["GET"]}}],"collection":[{"href":"https:\/\/blog.ube.fr\/master-ajai\/wp-json\/wp\/v2\/pages"}],"about":[{"href":"https:\/\/blog.ube.fr\/master-ajai\/wp-json\/wp\/v2\/types\/page"}],"author":[{"embeddable":true,"href":"https:\/\/blog.ube.fr\/master-ajai\/wp-json\/wp\/v2\/users\/1"}],"replies":[{"embeddable":true,"href":"https:\/\/blog.ube.fr\/master-ajai\/wp-json\/wp\/v2\/comments?post=2"}],"version-history":[{"count":25,"href":"https:\/\/blog.ube.fr\/master-ajai\/wp-json\/wp\/v2\/pages\/2\/revisions"}],"predecessor-version":[{"id":1446,"href":"https:\/\/blog.ube.fr\/master-ajai\/wp-json\/wp\/v2\/pages\/2\/revisions\/1446"}],"wp:attachment":[{"href":"https:\/\/blog.ube.fr\/master-ajai\/wp-json\/wp\/v2\/media?parent=2"}],"curies":[{"name":"wp","href":"https:\/\/api.w.org\/{rel}","templated":true}]}}

Présentation

<p>&nbsp;</p>
<blockquote><p>Bienvenue sur le site de l’Association des Juristes d’Affaires Internationales,</p>
<p>Chers membres de l’association, chers anciens du Master, chers futurs membres Master,</p>
<p>Je succède cette année avec grand plaisir à Clara Tupinier en tant que Président de l’Association des Juristes d’Affaires Internationales de l’Université de Bourgogne. Je remercie mes camarades, étudiants de la promotion 2019 « Nelly Darmon », pour la confiance qu’ils m’ont accordé pour cette année.</p>
<p>Nous avons hérité en intégrant le Master 2 Juriste d’affaires internationales d’un Master lié à la faculté de droit de Dijon depuis plus de 40 ans. De ce fait, nous nous inscrivons dans l’histoire de cette université. Il revient à notre promotion d’écrire une nouvelle page de cette histoire et d’en être à la hauteur.</p>
<p>L’AJAI a la tâche de dynamiser ce Master pour qu’il ne consiste pas seulement à être un diplôme, mais qu’il soit également une institution active. Nous avons pour projet de nous inscrire dans cette mouvance positive instituée par nos prédécesseurs. C’est pour cela qu’il nous a paru important de pérenniser divers évènements tels qu’un colloque et une journée des métiers, ou encore, de participer à des grands concours de plaidoirie internationaux tel que le Vis MOOT de Vienne ou le MOOT de Madrid.</p>
<p>Même si notre Master hérite d’un passé important, il n’en reste pas moins tourné vers l’avenir. Le commerce international se développe toujours et le contexte des affaires internationales est en perpétuelle évolution. Par nature, notre matière nous propose de nouveaux défis, à nous de les relever.</p>
<p>&nbsp;</p>
<p>Nous serions heureux de répondre à vos questions éventuelles, que vous pouvez adresser à l’adresse suivante : <a href="mailto:ajai.ubourgogne@gmail.com"><strong>ajai.ubourgogne@gmail.com</strong></a></p>
<p>&nbsp;</p>
<p>Au plaisir de vous rencontrer,</p>
<p>Mathéo Leblanc</p>
<p>Président de l’AJAI</p></blockquote>
<p><!--more--></p>

<p>&nbsp; Bienvenue sur le site de l’Association des Juristes d’Affaires Internationales, Chers membres de l’association, chers anciens du Master, chers futurs membres Master, Je succède cette année avec grand plaisir à Clara Tupinier en tant que Président de l’Association des Juristes d’Affaires Internationales de l’Université de Bourgogne. Je remercie mes camarades, étudiants de la promotion&hellip;</p>
<p class="more-link-p"><a class="btn btn-primary" href="https://blog.ube.fr/master-ajai/presentation/">Voir plus &rarr;</a></p>
