{"id":186,"date":"2014-10-08T13:23:40","date_gmt":"2014-10-08T12:23:40","guid":{"rendered":"http:\/\/blog.u-bourgogne.fr\/?page_id=186"},"modified":"2020-06-27T10:22:10","modified_gmt":"2020-06-27T09:22:10","slug":"accueil","status":"publish","type":"page","link":"https:\/\/blog.ube.fr\/master-ajai\/","title":{"rendered":""},"content":{"rendered":"<section class=\"kc-elm kc-css-3385004 kc_row\">\n<div class=\"kc-row-container kc-container\">\n<div class=\"kc-wrap-columns\">\n<div class=\"kc-elm kc-css-3033526 kc_col-sm-12 kc_column kc_col-sm-12\">\n<div class=\"kc-col-container\">\n<div class=\"kc-elm kc-css-1155072 kc_text_block\"><\/div>\n<\/div>\n<\/div>\n<\/div>\n<\/div>\n<\/section>\n<div><\/div>\n<section class=\"kc-elm kc-css-3385004 kc_row\">\n<div class=\"kc-row-container kc-container\">\n<div class=\"kc-wrap-columns\">\n<div class=\"kc-elm kc-css-3033526 kc_col-sm-12 kc_column kc_col-sm-12\">\n<div class=\"kc-col-container\">\n<div class=\"kc-elm kc-css-1155072 kc_text_block\">\n<hr \/>\n<hr \/>\n<h1 style=\"text-align: center\">\u00a0 <strong>Le mot du Directeur du Master<\/strong><\/h1>\n<h1 style=\"text-align: center\"><a href=\"http:\/\/blog.ube.fr\/master-ajai\/wp-content\/uploads\/sites\/93\/2018\/03\/Manciaux.png\"><img loading=\"lazy\" decoding=\"async\" class=\"wp-image-1548 alignright\" style=\"font-size: 16px\" src=\"http:\/\/blog.ube.fr\/master-ajai\/wp-content\/uploads\/sites\/93\/2018\/03\/Manciaux-1024x912.png\" alt=\"\" width=\"277\" height=\"247\" srcset=\"https:\/\/blog.ube.fr\/master-ajai\/wp-content\/uploads\/sites\/93\/2018\/03\/Manciaux-1024x912.png 1024w, https:\/\/blog.ube.fr\/master-ajai\/wp-content\/uploads\/sites\/93\/2018\/03\/Manciaux-300x267.png 300w, https:\/\/blog.ube.fr\/master-ajai\/wp-content\/uploads\/sites\/93\/2018\/03\/Manciaux-768x684.png 768w, https:\/\/blog.ube.fr\/master-ajai\/wp-content\/uploads\/sites\/93\/2018\/03\/Manciaux.png 1280w\" sizes=\"auto, (max-width: 277px) 100vw, 277px\" \/><\/a><\/h1>\n<\/div>\n<\/div>\n<\/div>\n<\/div>\n<\/div>\n<\/section>\n<section class=\"kc-elm kc-css-605391 kc_row\">\n<div class=\"kc-row-container kc-container\">\n<div class=\"kc-wrap-columns\">\n<div class=\"kc-elm kc-css-1509565 kc_column kc_col-sm-12\">\n<div class=\"kc-col-container\">\n<div class=\"kc-elm kc-css-958914 kc_text_block\">\n<p style=\"text-align: center\">2019 aura \u00e9t\u00e9 une ann\u00e9e charni\u00e8re pour le M2 Juriste d\u2019affaires international. Fusionn\u00e9 avec son \u00ab\u00a0cousin\u00a0\u00bb le Master 2 recherche Droit des affaires interne et international (DAII) avec lequel il partageait un certain nombre de cours mutualis\u00e9s, le Master 2 JAI s\u2019est aussi ouvert \u00e0 l\u2019alternance avec une fiche fili\u00e8re adapt\u00e9e et r\u00e9nov\u00e9e.<\/p>\n<p style=\"text-align: center\">Ce sont 28 \u00e9tudiants qui composent la promotion 2019-2020\u00a0: Huit suivent le parcours alternance (chez Bouygues, Canal +, Cr\u00e9dit Agricole CIB, Eiffage, Engie (2), Evobus (filiale bus du groupe Daimler) et Orano (ex Areva)), six le parcours recherche avec r\u00e9daction d\u2019un m\u00e9moire et 14 le (classique) parcours stage.<\/p>\n<p style=\"text-align: center\">Demand\u00e9e par de nombreux \u00e9tudiants et tr\u00e8s bien accueillie par les entreprises, l\u2019ouverture du M2 JAI \u00e0 l\u2019alternance s\u2019est r\u00e9v\u00e9l\u00e9 pour l\u2019heure un pari gagnant (et je peux d\u00e9sormais vous dire que je l\u2019aurais d\u00e9j\u00e0 consid\u00e9r\u00e9 comme tel avec trois alternants). Elle permet de raffermir davantage les liens nou\u00e9s depuis des ann\u00e9es entre les entreprises et cabinets d\u2019avocats et le dipl\u00f4me, mais aussi de redonner \u00e0 ce dernier des marges d\u2019autonomie financi\u00e8re bienvenues pour la r\u00e9alisation de projets.<\/p>\n<p style=\"text-align: center\">Ceux-ci sont nombreux\u00a0: <strong>journ\u00e9e des m\u00e9tiers du droit des affaires internationales<\/strong> (le 17 janvier 2020 \u00e0 Dijon), <strong>repas des anciens du Master<\/strong> (le 31 janvier \u00e0 Paris), <strong>pr\u00e9paration d\u2019un colloque<\/strong> (le vendredi 27 mars \u00e0 Dijon), <strong>participation aux entrepreneuriales<\/strong>, <strong>\u00e0 des concours de plaidoiries<\/strong> (VIS Moot de Vienne et Frankfurt Moot cette ann\u00e9e en mars et avril), <strong>clinique du droit<\/strong> (en partenariat avec le CNES cette ann\u00e9e), les p\u00e9riodes pendant lesquelles les alternants sont en entreprise ne sont pas de trop pour que chacun(e) puisse faire avancer les projets qu\u2019il ou elle a choisi.<\/p>\n<\/div>\n<div class=\"kc-elm kc-css-958914 kc_text_block\">\n<p style=\"text-align: center\">Le passage d\u2019une vingtaine d\u2019\u00e9tudiants \u00e0 presque trente m\u2019effrayait aussi un peu. Et bien gr\u00e2ce \u00e0 une promotion 2019-2020 \u00e0 la fois sympathique et dynamique o\u00f9 tous jouent le jeu (ce que me confirment coll\u00e8gues et intervenants ext\u00e9rieurs heureux d\u2019avoir du r\u00e9pondant en face d\u2019eux), cette crainte s\u2019est envol\u00e9e.<\/p>\n<p style=\"text-align: center\">Et si l\u2019on rajoute \u00e0 cela l\u2019implication de nombreux anciens qui viennent \u00e0 Dijon animer des s\u00e9minaires de praticiens pour les \u00e9tudiants, proposent alternances ou stages (parfois loin de Dijon avec par exemple cette offre pour la Birmanie r\u00e9cemment transmis aux \u00e9tudiants), honorent de leur pr\u00e9sence les diff\u00e9rentes manifestations du M2 JAI, vous comprendrez que diriger ce dipl\u00f4me ancien et prestigieux demande certes du travail mais procure aussi et surtout de tr\u00e8s belles satisfactions.<\/p>\n<p style=\"text-align: center\">Du travail int\u00e9ressant et de belles satisfactions professionnelles et personnelles, c\u2019est d\u2019ailleurs ce que je vous souhaite \u00e0 tous en ce d\u00e9but d\u2019ann\u00e9e 2020 qui s\u2019annonce donc sous les meilleurs auspices pour le M2 JAI.<\/p>\n<p>&nbsp;<\/p>\n<p>S\u00e9bastien Manciaux<\/p>\n<p>Ma\u00eetre de conf\u00e9rences HDR<\/p>\n<p>Directeur du M2 JAI<\/p>\n<p>Membre du CREDIMI<\/p>\n<p style=\"text-align: center\">\n<strong>Retrouvez les offres d&#8217;alternance pour l&#8217;ann\u00e9e 2020-2021 par <\/strong><a href=\"https:\/\/blog.ube.fr\/master-ajai\/blog\/ouverture-a-lalternance\/\"><strong>ICI<\/strong><\/a><\/p>\n<section class=\"kc-elm kc-css-3385004 kc_row\">\n<div class=\"kc-row-container kc-container\">\n<div class=\"kc-wrap-columns\">\n<div class=\"kc-elm kc-css-3033526 kc_col-sm-12 kc_column kc_col-sm-12\">\n<div class=\"kc-col-container\">\n<div class=\"kc-elm kc-css-1155072 kc_text_block\">\n<h3 style=\"text-align: center\">\u00a0Suivez-nous<br \/>\nsur nos diff\u00e9rents r\u00e9seaux !<\/h3>\n<p style=\"padding-left: 480px\"><a href=\"https:\/\/www.facebook.com\/Master2JAIDijon\/?epa=SEARCH_BOX\" target=\"_blank\" rel=\"noopener noreferrer\"><img loading=\"lazy\" decoding=\"async\" class=\"alignleft wp-image-1307\" src=\"http:\/\/blog.ube.fr\/master-ajai\/wp-content\/uploads\/sites\/93\/2014\/10\/facebook-300x300.png\" alt=\"\" width=\"57\" height=\"57\" \/><\/a><a href=\"https:\/\/www.linkedin.com\/company\/master-2-juriste-d-affaires-internationales-jai-dijon\/\" target=\"_blank\" rel=\"noopener noreferrer\"><img loading=\"lazy\" decoding=\"async\" class=\"alignleft wp-image-1308\" src=\"http:\/\/blog.ube.fr\/master-ajai\/wp-content\/uploads\/sites\/93\/2014\/10\/images-e1520441793252.png\" alt=\"\" width=\"57\" height=\"56\" srcset=\"https:\/\/blog.ube.fr\/master-ajai\/wp-content\/uploads\/sites\/93\/2014\/10\/images-e1520441793252.png 196w, https:\/\/blog.ube.fr\/master-ajai\/wp-content\/uploads\/sites\/93\/2014\/10\/images-e1520441793252-150x150.png 150w\" sizes=\"auto, (max-width: 57px) 100vw, 57px\" \/><\/a><a href=\"https:\/\/www.instagram.com\/master2jaidijon\/\"><img loading=\"lazy\" decoding=\"async\" class=\"alignleft wp-image-1555\" src=\"http:\/\/blog.ube.fr\/master-ajai\/wp-content\/uploads\/sites\/93\/2020\/02\/sans-titre.jpg\" alt=\"\" width=\"56\" height=\"58\" srcset=\"https:\/\/blog.ube.fr\/master-ajai\/wp-content\/uploads\/sites\/93\/2020\/02\/sans-titre.jpg 345w, https:\/\/blog.ube.fr\/master-ajai\/wp-content\/uploads\/sites\/93\/2020\/02\/sans-titre-288x300.jpg 288w\" sizes=\"auto, (max-width: 56px) 100vw, 56px\" \/><\/a><\/p>\n<div style=\"padding-left: 60px\"><\/div>\n<\/div>\n<\/div>\n<\/div>\n<\/div>\n<\/div>\n<\/section>\n<div><\/div>\n<div><\/div>\n<\/div>\n<\/div>\n<\/div>\n<\/div>\n<\/div>\n<\/section>\n","protected":false},"excerpt":{"rendered":"<p>\u00a0 Le mot du Directeur du Master 2019 aura \u00e9t\u00e9 une ann\u00e9e charni\u00e8re pour le M2 Juriste d\u2019affaires international. Fusionn\u00e9 avec son \u00ab\u00a0cousin\u00a0\u00bb le Master 2 recherche Droit des affaires interne et international (DAII) avec lequel il partageait un certain nombre de cours mutualis\u00e9s, le Master 2 JAI s\u2019est aussi ouvert \u00e0 l\u2019alternance avec une&hellip;<\/p>\n<p class=\"more-link-p\"><a class=\"btn btn-primary\" href=\"https:\/\/blog.ube.fr\/master-ajai\/\">Voir plus &rarr;<\/a><\/p>\n","protected":false},"author":1,"featured_media":0,"parent":698,"menu_order":0,"comment_status":"closed","ping_status":"open","template":"","meta":{"footnotes":""},"class_list":["post-186","page","type-page","status-publish","hentry"],"_links":{"self":[{"href":"https:\/\/blog.ube.fr\/master-ajai\/wp-json\/wp\/v2\/pages\/186","targetHints":{"allow":["GET"]}}],"collection":[{"href":"https:\/\/blog.ube.fr\/master-ajai\/wp-json\/wp\/v2\/pages"}],"about":[{"href":"https:\/\/blog.ube.fr\/master-ajai\/wp-json\/wp\/v2\/types\/page"}],"author":[{"embeddable":true,"href":"https:\/\/blog.ube.fr\/master-ajai\/wp-json\/wp\/v2\/users\/1"}],"replies":[{"embeddable":true,"href":"https:\/\/blog.ube.fr\/master-ajai\/wp-json\/wp\/v2\/comments?post=186"}],"version-history":[{"count":37,"href":"https:\/\/blog.ube.fr\/master-ajai\/wp-json\/wp\/v2\/pages\/186\/revisions"}],"predecessor-version":[{"id":1596,"href":"https:\/\/blog.ube.fr\/master-ajai\/wp-json\/wp\/v2\/pages\/186\/revisions\/1596"}],"up":[{"embeddable":true,"href":"https:\/\/blog.ube.fr\/master-ajai\/wp-json\/wp\/v2\/pages\/698"}],"wp:attachment":[{"href":"https:\/\/blog.ube.fr\/master-ajai\/wp-json\/wp\/v2\/media?parent=186"}],"curies":[{"name":"wp","href":"https:\/\/api.w.org\/{rel}","templated":true}]}}

<section class="kc-elm kc-css-3385004 kc_row">
<div class="kc-row-container kc-container">
<div class="kc-wrap-columns">
<div class="kc-elm kc-css-3033526 kc_col-sm-12 kc_column kc_col-sm-12">
<div class="kc-col-container">
<div class="kc-elm kc-css-1155072 kc_text_block"></div>
</div>
</div>
</div>
</div>
</section>
<div></div>
<section class="kc-elm kc-css-3385004 kc_row">
<div class="kc-row-container kc-container">
<div class="kc-wrap-columns">
<div class="kc-elm kc-css-3033526 kc_col-sm-12 kc_column kc_col-sm-12">
<div class="kc-col-container">
<div class="kc-elm kc-css-1155072 kc_text_block">
<hr />
<hr />
<h1 style="text-align: center">  <strong>Le mot du Directeur du Master</strong></h1>
<h1 style="text-align: center"><a href="http://blog.ube.fr/master-ajai/wp-content/uploads/sites/93/2018/03/Manciaux.png"><img loading="lazy" decoding="async" class="wp-image-1548 alignright" style="font-size: 16px" src="http://blog.ube.fr/master-ajai/wp-content/uploads/sites/93/2018/03/Manciaux-1024x912.png" alt="" width="277" height="247" srcset="https://blog.ube.fr/master-ajai/wp-content/uploads/sites/93/2018/03/Manciaux-1024x912.png 1024w, https://blog.ube.fr/master-ajai/wp-content/uploads/sites/93/2018/03/Manciaux-300x267.png 300w, https://blog.ube.fr/master-ajai/wp-content/uploads/sites/93/2018/03/Manciaux-768x684.png 768w, https://blog.ube.fr/master-ajai/wp-content/uploads/sites/93/2018/03/Manciaux.png 1280w" sizes="auto, (max-width: 277px) 100vw, 277px" /></a></h1>
</div>
</div>
</div>
</div>
</div>
</section>
<section class="kc-elm kc-css-605391 kc_row">
<div class="kc-row-container kc-container">
<div class="kc-wrap-columns">
<div class="kc-elm kc-css-1509565 kc_column kc_col-sm-12">
<div class="kc-col-container">
<div class="kc-elm kc-css-958914 kc_text_block">
<p style="text-align: center">2019 aura été une année charnière pour le M2 Juriste d’affaires international. Fusionné avec son « cousin » le Master 2 recherche Droit des affaires interne et international (DAII) avec lequel il partageait un certain nombre de cours mutualisés, le Master 2 JAI s’est aussi ouvert à l’alternance avec une fiche filière adaptée et rénovée.</p>
<p style="text-align: center">Ce sont 28 étudiants qui composent la promotion 2019-2020 : Huit suivent le parcours alternance (chez Bouygues, Canal +, Crédit Agricole CIB, Eiffage, Engie (2), Evobus (filiale bus du groupe Daimler) et Orano (ex Areva)), six le parcours recherche avec rédaction d’un mémoire et 14 le (classique) parcours stage.</p>
<p style="text-align: center">Demandée par de nombreux étudiants et très bien accueillie par les entreprises, l’ouverture du M2 JAI à l’alternance s’est révélé pour l’heure un pari gagnant (et je peux désormais vous dire que je l’aurais déjà considéré comme tel avec trois alternants). Elle permet de raffermir davantage les liens noués depuis des années entre les entreprises et cabinets d’avocats et le diplôme, mais aussi de redonner à ce dernier des marges d’autonomie financière bienvenues pour la réalisation de projets.</p>
<p style="text-align: center">Ceux-ci sont nombreux : <strong>journée des métiers du droit des affaires internationales</strong> (le 17 janvier 2020 à Dijon), <strong>repas des anciens du Master</strong> (le 31 janvier à Paris), <strong>préparation d’un colloque</strong> (le vendredi 27 mars à Dijon), <strong>participation aux entrepreneuriales</strong>, <strong>à des concours de plaidoiries</strong> (VIS Moot de Vienne et Frankfurt Moot cette année en mars et avril), <strong>clinique du droit</strong> (en partenariat avec le CNES cette année), les périodes pendant lesquelles les alternants sont en entreprise ne sont pas de trop pour que chacun(e) puisse faire avancer les projets qu’il ou elle a choisi.</p>
</div>
<div class="kc-elm kc-css-958914 kc_text_block">
<p style="text-align: center">Le passage d’une vingtaine d’étudiants à presque trente m’effrayait aussi un peu. Et bien grâce à une promotion 2019-2020 à la fois sympathique et dynamique où tous jouent le jeu (ce que me confirment collègues et intervenants extérieurs heureux d’avoir du répondant en face d’eux), cette crainte s’est envolée.</p>
<p style="text-align: center">Et si l’on rajoute à cela l’implication de nombreux anciens qui viennent à Dijon animer des séminaires de praticiens pour les étudiants, proposent alternances ou stages (parfois loin de Dijon avec par exemple cette offre pour la Birmanie récemment transmis aux étudiants), honorent de leur présence les différentes manifestations du M2 JAI, vous comprendrez que diriger ce diplôme ancien et prestigieux demande certes du travail mais procure aussi et surtout de très belles satisfactions.</p>
<p style="text-align: center">Du travail intéressant et de belles satisfactions professionnelles et personnelles, c’est d’ailleurs ce que je vous souhaite à tous en ce début d’année 2020 qui s’annonce donc sous les meilleurs auspices pour le M2 JAI.</p>
<p>&nbsp;</p>
<p>Sébastien Manciaux</p>
<p>Maître de conférences HDR</p>
<p>Directeur du M2 JAI</p>
<p>Membre du CREDIMI</p>
<p style="text-align: center">
<strong>Retrouvez les offres d&#8217;alternance pour l&#8217;année 2020-2021 par </strong><a href="https://blog.ube.fr/master-ajai/blog/ouverture-a-lalternance/"><strong>ICI</strong></a></p>
<section class="kc-elm kc-css-3385004 kc_row">
<div class="kc-row-container kc-container">
<div class="kc-wrap-columns">
<div class="kc-elm kc-css-3033526 kc_col-sm-12 kc_column kc_col-sm-12">
<div class="kc-col-container">
<div class="kc-elm kc-css-1155072 kc_text_block">
<h3 style="text-align: center"> Suivez-nous<br />
sur nos différents réseaux !</h3>
<p style="padding-left: 480px"><a href="https://www.facebook.com/Master2JAIDijon/?epa=SEARCH_BOX" target="_blank" rel="noopener noreferrer"><img loading="lazy" decoding="async" class="alignleft wp-image-1307" src="http://blog.ube.fr/master-ajai/wp-content/uploads/sites/93/2014/10/facebook-300x300.png" alt="" width="57" height="57" /></a><a href="https://www.linkedin.com/company/master-2-juriste-d-affaires-internationales-jai-dijon/" target="_blank" rel="noopener noreferrer"><img loading="lazy" decoding="async" class="alignleft wp-image-1308" src="http://blog.ube.fr/master-ajai/wp-content/uploads/sites/93/2014/10/images-e1520441793252.png" alt="" width="57" height="56" srcset="https://blog.ube.fr/master-ajai/wp-content/uploads/sites/93/2014/10/images-e1520441793252.png 196w, https://blog.ube.fr/master-ajai/wp-content/uploads/sites/93/2014/10/images-e1520441793252-150x150.png 150w" sizes="auto, (max-width: 57px) 100vw, 57px" /></a><a href="https://www.instagram.com/master2jaidijon/"><img loading="lazy" decoding="async" class="alignleft wp-image-1555" src="http://blog.ube.fr/master-ajai/wp-content/uploads/sites/93/2020/02/sans-titre.jpg" alt="" width="56" height="58" srcset="https://blog.ube.fr/master-ajai/wp-content/uploads/sites/93/2020/02/sans-titre.jpg 345w, https://blog.ube.fr/master-ajai/wp-content/uploads/sites/93/2020/02/sans-titre-288x300.jpg 288w" sizes="auto, (max-width: 56px) 100vw, 56px" /></a></p>
<div style="padding-left: 60px"></div>
</div>
</div>
</div>
</div>
</div>
</section>
<div></div>
<div></div>
</div>
</div>
</div>
</div>
</div>
</section>

<p>  Le mot du Directeur du Master 2019 aura été une année charnière pour le M2 Juriste d’affaires international. Fusionné avec son « cousin » le Master 2 recherche Droit des affaires interne et international (DAII) avec lequel il partageait un certain nombre de cours mutualisés, le Master 2 JAI s’est aussi ouvert à l’alternance avec une&hellip;</p>
<p class="more-link-p"><a class="btn btn-primary" href="https://blog.ube.fr/master-ajai/">Voir plus &rarr;</a></p>
