{"id":996,"date":"2020-07-03T09:40:33","date_gmt":"2020-07-03T08:40:33","guid":{"rendered":"https:\/\/blog.u-bourgogne.fr\/m2rscm\/?page_id=996"},"modified":"2025-01-07T20:11:36","modified_gmt":"2025-01-07T19:11:36","slug":"besancon","status":"publish","type":"page","link":"https:\/\/blog.ube.fr\/m2rscm\/besancon\/","title":{"rendered":"Laboratoires partenaires, site de Besan\u00e7on"},"content":{"rendered":"<p><img loading=\"lazy\" decoding=\"async\" class=\" wp-image-2845 aligncenter\" src=\"https:\/\/blog.ube.fr\/m2rscm\/wp-content\/uploads\/sites\/144\/2025\/01\/LOGO-UMLP-300x120.png\" alt=\"\" width=\"223\" height=\"89\" srcset=\"https:\/\/blog.ube.fr\/m2rscm\/wp-content\/uploads\/sites\/144\/2025\/01\/LOGO-UMLP-300x120.png 300w, https:\/\/blog.ube.fr\/m2rscm\/wp-content\/uploads\/sites\/144\/2025\/01\/LOGO-UMLP-1024x409.png 1024w, https:\/\/blog.ube.fr\/m2rscm\/wp-content\/uploads\/sites\/144\/2025\/01\/LOGO-UMLP-768x307.png 768w, https:\/\/blog.ube.fr\/m2rscm\/wp-content\/uploads\/sites\/144\/2025\/01\/LOGO-UMLP-1536x614.png 1536w, https:\/\/blog.ube.fr\/m2rscm\/wp-content\/uploads\/sites\/144\/2025\/01\/LOGO-UMLP-2048x818.png 2048w\" sizes=\"auto, (max-width: 223px) 100vw, 223px\" \/><\/p>\n<p>&nbsp;<\/p>\n<ul>\n<li><img loading=\"lazy\" decoding=\"async\" class=\"alignnone wp-image-1771\" style=\"font-style: normal; font-variant-ligatures: normal; font-variant-caps: normal; font-weight: 400; font-family: 'Times New Roman'; font-size: 16px;\" src=\"https:\/\/blog.ube.fr\/m2rscm\/wp-content\/uploads\/sites\/144\/2021\/04\/logo-Right-300x80.png\" alt=\"\" width=\"113\" height=\"30\" srcset=\"https:\/\/blog.ube.fr\/m2rscm\/wp-content\/uploads\/sites\/144\/2021\/04\/logo-Right-300x80.png 300w, https:\/\/blog.ube.fr\/m2rscm\/wp-content\/uploads\/sites\/144\/2021\/04\/logo-Right-768x204.png 768w, https:\/\/blog.ube.fr\/m2rscm\/wp-content\/uploads\/sites\/144\/2021\/04\/logo-Right.png 814w\" sizes=\"auto, (max-width: 113px) 100vw, 113px\" \/>\u00a0\u00a0<strong><a href=\"https:\/\/www.univ-fcomte.fr\/sciences-de-la-sante-et-du-sport-3s\/interactions-hote-greffon-tumeur-et-ingenierie-cellulaire-et#.XwOH1zEzapA\" target=\"_blank\" rel=\"noopener noreferrer\">RIGHT &#8220;Interaction H\u00f4te-Greffon-Tumeur &amp; Ing\u00e9nierie Cellulaire et G\u00e9nique, <\/a><a href=\"https:\/\/www.univ-fcomte.fr\/sciences-de-la-sante-et-du-sport-3s\/interactions-hote-greffon-tumeur-et-ingenierie-cellulaire-et#.XwOH1zEzapA\" target=\"_blank\" rel=\"noopener noreferrer\">UMR1098 <\/a><a href=\"https:\/\/www.univ-fcomte.fr\/sciences-de-la-sante-et-du-sport-3s\/interactions-hote-greffon-tumeur-et-ingenierie-cellulaire-et#.XwOH1zEzapA\" target=\"_blank\" rel=\"noopener noreferrer\"> Inserm\/ EFS\/UFC<\/a><\/strong><\/li>\n<\/ul>\n<p><em><em><span style=\"text-decoration: underline;\">Mots-cl\u00e9s<\/span> : Immunologie, Th\u00e9rapie g\u00e9nique, Recherche clinique, Autoimmunit\u00e9, Th\u00e9rapie cellulaire, Transplantation, Canc\u00e9rologie, Immunoth\u00e9rapie, Ing\u00e9nierie tissulaire, Inflammation<\/em><\/em><\/p>\n<ul>\n<li style=\"list-style-type: none;\">\n<ul>\n<li style=\"list-style-type: none;\">\n<ul>\n<li style=\"list-style-type: none;\">\n<ul>\n<li style=\"list-style-type: none;\">\n<ul>\n<li style=\"list-style-type: none;\">\n<ul style=\"list-style-type: circle;\">\n<li>Equipe TAI-IT &#8220;Transplantation, Autoimmunit\u00e9 et Inflammation&#8221;\n<ul>\n<li style=\"list-style-type: none;\">\n<ul style=\"list-style-type: square;\">\n<li>Groupe &#8220;<a href=\"https:\/\/umr-right.com\/linstitut\/equipe-tai-it\/interactions-immunitaires-transplantation-transfusion\/\" target=\"_blank\" rel=\"noopener\">Interactions immunitaires en transplantation et transfusion<\/a>&#8220;<\/li>\n<li>Groupe &#8220;<a href=\"https:\/\/umr-right.com\/linstitut\/equipe-tai-it\/resolution-inflammation-innovation-therapeutique\/\" target=\"_blank\" rel=\"noopener\">R\u00e9solution de l&#8217;inflammation et innovation th\u00e9rapeutique<\/a>&#8220;<\/li>\n<\/ul>\n<\/li>\n<\/ul>\n<\/li>\n<li>Equipe TICI &#8220;Therapeutic innovations in cancer immunology&#8221;\n<ul>\n<li style=\"list-style-type: none;\">\n<ul style=\"list-style-type: square;\">\n<li>Groupe &#8220;<a href=\"https:\/\/umr-right.com\/linstitut\/equipe-tici\/aetic\/\" target=\"_blank\" rel=\"noopener\">Involvement of epigenetics and autophagy in anti-cancer immunity<\/a>&#8220;<\/li>\n<li>Groupe &#8220;<a href=\"https:\/\/umr-right.com\/linstitut\/equipe-tici\/tumor-immune-microenvironment\/\" target=\"_blank\" rel=\"noopener\">Tumor immune microenvironment<\/a>&#8220;<\/li>\n<li>Groupe &#8220;<a href=\"https:\/\/umr-right.com\/linstitut\/equipe-tici\/T%20cell-based%20anti-cancer%20immunotherapies\/\" target=\"_blank\" rel=\"noopener\">T cell-based anti-cancer immunotherapies<\/a>&#8220;<\/li>\n<\/ul>\n<\/li>\n<\/ul>\n<\/li>\n<\/ul>\n<\/li>\n<\/ul>\n<\/li>\n<\/ul>\n<\/li>\n<\/ul>\n<\/li>\n<\/ul>\n<\/li>\n<\/ul>\n<hr \/>\n<ul>\n<li><strong><img loading=\"lazy\" decoding=\"async\" class=\"alignnone wp-image-2652\" src=\"https:\/\/blog.ube.fr\/m2rscm\/wp-content\/uploads\/sites\/144\/2024\/01\/Chrono-environnement-300x96.jpg\" alt=\"\" width=\"84\" height=\"27\" srcset=\"https:\/\/blog.ube.fr\/m2rscm\/wp-content\/uploads\/sites\/144\/2024\/01\/Chrono-environnement-300x96.jpg 300w, https:\/\/blog.ube.fr\/m2rscm\/wp-content\/uploads\/sites\/144\/2024\/01\/Chrono-environnement.jpg 669w\" sizes=\"auto, (max-width: 84px) 100vw, 84px\" \/>\u00a0 \u00a0 \u00a0<img loading=\"lazy\" decoding=\"async\" class=\"alignnone wp-image-1188 \" src=\"https:\/\/blog.ube.fr\/m2rscm\/wp-content\/uploads\/sites\/144\/2020\/07\/logo_cnr.jpg\" alt=\"\" width=\"54\" height=\"41\" \/><a href=\"https:\/\/www.cnr-resistance-antibiotiques.fr\/\" target=\"_blank\" rel=\"noopener noreferrer\"> CNR &#8220;R\u00e9sistance aux antibiotiques<span style=\"font-size: 18px; color: #333333;\">\u00a0&#8211; <\/span>CHRU Besan\u00e7on<\/a><\/strong><\/li>\n<\/ul>\n<p><em><span style=\"text-decoration: underline;\">Mots cl\u00e9s <\/span>: Bact\u00e9ries, Pseudomonas aeruginosa, Acinetobacter baumannii, m\u00e9canismes de r\u00e9sistance aux antibiotiques, r\u00e9gulation et signalisation, antibiotiques, peptides antimicrobiens, adaptation bact\u00e9rienne, syst\u00e8me d\u2019efflux, mucoviscidose.<\/em><a href=\"https:\/\/chrono-environnement.univ-fcomte.fr\/\" target=\"_blank\" rel=\"noopener noreferrer\"><br \/>\n<\/a><\/p>\n<hr \/>\n<ul>\n<li><a href=\"https:\/\/www.univ-fcomte.fr\/sciences-de-la-sante-et-du-sport-3s\/carcinogenese-associee-aux-hpv-facteurs-predictifs-et#.XwOIIDEzapA\" target=\"_blank\" rel=\"noopener noreferrer\"> <img loading=\"lazy\" decoding=\"async\" class=\"alignnone wp-image-1773\" src=\"https:\/\/blog.ube.fr\/m2rscm\/wp-content\/uploads\/sites\/144\/2021\/04\/logo-carcinogenese-associee-aux-HPV-300x65.png\" alt=\"\" width=\"194\" height=\"42\" srcset=\"https:\/\/blog.ube.fr\/m2rscm\/wp-content\/uploads\/sites\/144\/2021\/04\/logo-carcinogenese-associee-aux-HPV-300x65.png 300w, https:\/\/blog.ube.fr\/m2rscm\/wp-content\/uploads\/sites\/144\/2021\/04\/logo-carcinogenese-associee-aux-HPV-768x167.png 768w, https:\/\/blog.ube.fr\/m2rscm\/wp-content\/uploads\/sites\/144\/2021\/04\/logo-carcinogenese-associee-aux-HPV.png 842w\" sizes=\"auto, (max-width: 194px) 100vw, 194px\" \/>\u00a0<strong>\u00a0&#8220;Carcinogen\u00e8se associ\u00e9e \u00e0 HPV : Facteurs pr\u00e9dictifs et pronostiques&#8221;<\/strong><\/a>,\u00a0<a style=\"font-style: normal; font-variant-ligatures: normal; font-variant-caps: normal; font-weight: 400; font-family: 'Times New Roman'; font-size: 16px;\" href=\"https:\/\/www.univ-fcomte.fr\/sciences-de-la-sante-et-du-sport-3s\/carcinogenese-associee-aux-hpv-facteurs-predictifs-et#.XwOIIDEzapA\" target=\"_blank\" rel=\"noopener noreferrer\"><strong style=\"font-size: 16px;\">EA 3181 <\/strong><\/a>UFC<\/li>\n<\/ul>\n<p><em><span style=\"text-decoration: underline;\">Mots-cl\u00e9s<\/span> : Biologie mol\u00e9culaire, Biologie cellulaire, Papillomavirus, Canc\u00e9rologie, Recherche clinique, \u00c9pid\u00e9miologie<\/em><\/p>\n<hr \/>\n<ul>\n<li><strong><a href=\"https:\/\/www.univ-fcomte.fr\/sciences-de-la-sante-et-du-sport-3s\/pepite#.XwOIhzEzapA\" target=\"_blank\" rel=\"noopener noreferrer\"><img loading=\"lazy\" decoding=\"async\" class=\"alignnone wp-image-936\" src=\"https:\/\/blog.ube.fr\/m2rscm\/wp-content\/uploads\/sites\/144\/2020\/07\/Logo_Universit\u00e9_de_Franche-Comt\u00e9_2018-300x83.png\" alt=\"\" width=\"87\" height=\"24\" srcset=\"https:\/\/blog.ube.fr\/m2rscm\/wp-content\/uploads\/sites\/144\/2020\/07\/Logo_Universit\u00e9_de_Franche-Comt\u00e9_2018-300x83.png 300w, https:\/\/blog.ube.fr\/m2rscm\/wp-content\/uploads\/sites\/144\/2020\/07\/Logo_Universit\u00e9_de_Franche-Comt\u00e9_2018-1024x282.png 1024w, https:\/\/blog.ube.fr\/m2rscm\/wp-content\/uploads\/sites\/144\/2020\/07\/Logo_Universit\u00e9_de_Franche-Comt\u00e9_2018-768x211.png 768w, https:\/\/blog.ube.fr\/m2rscm\/wp-content\/uploads\/sites\/144\/2020\/07\/Logo_Universit\u00e9_de_Franche-Comt\u00e9_2018.png 1200w\" sizes=\"auto, (max-width: 87px) 100vw, 87px\" \/>\u00a0PEPITE &#8220;Pathologies et \u00e9pith\u00e9liums : pr\u00e9vention, innovation, traitements, \u00e9valuation&#8221;, <\/a><strong style=\"font-style: normal; font-variant-ligatures: normal; font-variant-caps: normal; font-family: 'Times New Roman'; font-size: 16px; color: #333333; background-color: #ffffff;\"><a style=\"font-size: 16px;\" href=\"https:\/\/www.univ-fcomte.fr\/sciences-de-la-sante-et-du-sport-3s\/pepite#.XwOIhzEzapA\" target=\"_blank\" rel=\"noopener noreferrer\">EA 4267\u00a0<\/a><\/strong>UFC<\/strong><\/li>\n<\/ul>\n<p><em><span style=\"text-decoration: underline;\">Mots-cl\u00e9s<\/span> : Sant\u00e9, Sport, Barri\u00e8re \u00e9pith\u00e9liale, Dysfonction \u00e9pith\u00e9liale, Intestin, Endoth\u00e9lium, H\u00e9patocyte, M\u00e9dicaments, Activit\u00e9s physiques et sportives, Maladies cardiovasculaires, Maladies inflammatoires, Innovation th\u00e9rapeutique<\/em><\/p>\n<hr \/>\n<ul>\n<li><a href=\"https:\/\/www.univ-fcomte.fr\/sciences-de-la-sante-et-du-sport-3s\/epilab#.XwOI3DEzapA\" target=\"_blank\" rel=\"noopener noreferrer\"><strong><img loading=\"lazy\" decoding=\"async\" class=\"alignnone wp-image-1774\" src=\"https:\/\/blog.ube.fr\/m2rscm\/wp-content\/uploads\/sites\/144\/2021\/04\/logo-epilab-257x300.png\" alt=\"\" width=\"76\" height=\"89\" srcset=\"https:\/\/blog.ube.fr\/m2rscm\/wp-content\/uploads\/sites\/144\/2021\/04\/logo-epilab-257x300.png 257w, https:\/\/blog.ube.fr\/m2rscm\/wp-content\/uploads\/sites\/144\/2021\/04\/logo-epilab.png 322w\" sizes=\"auto, (max-width: 76px) 100vw, 76px\" \/>\u00a0EPILAB &#8220;Epig\u00e9n\u00e9tique des infections virales et maladies inflammatoires&#8221;, <\/strong><\/a><strong><a href=\"https:\/\/www.univ-fcomte.fr\/sciences-de-la-sante-et-du-sport-3s\/epilab#.XwOI3DEzapA\" target=\"_blank\" rel=\"noopener noreferrer\">EA4266 <\/a>\u00a0UFC<\/strong><\/li>\n<\/ul>\n<p><em><span style=\"text-decoration: underline;\">Mots-cl\u00e9<\/span>s : Virologie, \u00c9pid\u00e9miologie, Biologie mol\u00e9culaire, Inflammation, Macrophage<\/em><\/p>\n<hr \/>\n<p><img loading=\"lazy\" decoding=\"async\" class=\"wp-image-842 size-full aligncenter\" src=\"https:\/\/blog.ube.fr\/m2rscm\/wp-content\/uploads\/sites\/144\/2020\/07\/campus-bouloie\u00a9Jean-Charles-Sexe-4-1.jpg\" alt=\"\" width=\"1000\" height=\"665\" srcset=\"https:\/\/blog.ube.fr\/m2rscm\/wp-content\/uploads\/sites\/144\/2020\/07\/campus-bouloie\u00a9Jean-Charles-Sexe-4-1.jpg 1000w, https:\/\/blog.ube.fr\/m2rscm\/wp-content\/uploads\/sites\/144\/2020\/07\/campus-bouloie\u00a9Jean-Charles-Sexe-4-1-300x200.jpg 300w, https:\/\/blog.ube.fr\/m2rscm\/wp-content\/uploads\/sites\/144\/2020\/07\/campus-bouloie\u00a9Jean-Charles-Sexe-4-1-768x511.jpg 768w\" sizes=\"auto, (max-width: 1000px) 100vw, 1000px\" \/><\/p>\n<p>&nbsp;<\/p>\n<p><a href=\"https:\/\/blog.ube.fr\/m2rscm\/partenaires\/\" target=\"_blank\" rel=\"noopener noreferrer\">Retour<\/a><\/p>\n","protected":false},"excerpt":{"rendered":"<p>&nbsp; \u00a0\u00a0RIGHT &#8220;Interaction H\u00f4te-Greffon-Tumeur &amp; Ing\u00e9nierie Cellulaire et G\u00e9nique, UMR1098 Inserm\/ EFS\/UFC Mots-cl\u00e9s : Immunologie, Th\u00e9rapie g\u00e9nique, Recherche clinique, Autoimmunit\u00e9, Th\u00e9rapie cellulaire, Transplantation, Canc\u00e9rologie, Immunoth\u00e9rapie, Ing\u00e9nierie tissulaire, Inflammation Equipe TAI-IT &#8220;Transplantation, Autoimmunit\u00e9 et Inflammation&#8221; Groupe &#8220;Interactions immunitaires en transplantation et transfusion&#8220; Groupe &#8220;R\u00e9solution de l&#8217;inflammation et innovation th\u00e9rapeutique&#8220; Equipe TICI &#8220;Therapeutic innovations in cancer immunology&#8221;&hellip;<\/p>\n<p class=\"more-link-p\"><a class=\"btn btn-primary\" href=\"https:\/\/blog.ube.fr\/m2rscm\/besancon\/\">Voir plus &rarr;<\/a><\/p>\n","protected":false},"author":2663,"featured_media":0,"parent":0,"menu_order":0,"comment_status":"closed","ping_status":"closed","template":"","meta":{"footnotes":""},"class_list":["post-996","page","type-page","status-publish","hentry"],"_links":{"self":[{"href":"https:\/\/blog.ube.fr\/m2rscm\/wp-json\/wp\/v2\/pages\/996","targetHints":{"allow":["GET"]}}],"collection":[{"href":"https:\/\/blog.ube.fr\/m2rscm\/wp-json\/wp\/v2\/pages"}],"about":[{"href":"https:\/\/blog.ube.fr\/m2rscm\/wp-json\/wp\/v2\/types\/page"}],"author":[{"embeddable":true,"href":"https:\/\/blog.ube.fr\/m2rscm\/wp-json\/wp\/v2\/users\/2663"}],"replies":[{"embeddable":true,"href":"https:\/\/blog.ube.fr\/m2rscm\/wp-json\/wp\/v2\/comments?post=996"}],"version-history":[{"count":38,"href":"https:\/\/blog.ube.fr\/m2rscm\/wp-json\/wp\/v2\/pages\/996\/revisions"}],"predecessor-version":[{"id":2852,"href":"https:\/\/blog.ube.fr\/m2rscm\/wp-json\/wp\/v2\/pages\/996\/revisions\/2852"}],"wp:attachment":[{"href":"https:\/\/blog.ube.fr\/m2rscm\/wp-json\/wp\/v2\/media?parent=996"}],"curies":[{"name":"wp","href":"https:\/\/api.w.org\/{rel}","templated":true}]}}