{"id":552,"date":"2020-06-25T12:39:42","date_gmt":"2020-06-25T11:39:42","guid":{"rendered":"https:\/\/blog.u-bourgogne.fr\/m2rscm\/?page_id=552"},"modified":"2025-01-07T20:10:18","modified_gmt":"2025-01-07T19:10:18","slug":"devenir-des-etudiants","status":"publish","type":"page","link":"https:\/\/blog.ube.fr\/m2rscm\/debouches\/devenir-des-etudiants\/","title":{"rendered":"Devenir des \u00e9tudiants"},"content":{"rendered":"<p><em>\u00e0 6 mois du dipl\u00f4me<\/em><\/p>\n<h6><img loading=\"lazy\" decoding=\"async\" class=\"alignnone wp-image-2661 size-full\" src=\"https:\/\/blog.ube.fr\/m2rscm\/wp-content\/uploads\/sites\/144\/2024\/02\/Image3.png\" alt=\"\" width=\"1175\" height=\"2159\" srcset=\"https:\/\/blog.ube.fr\/m2rscm\/wp-content\/uploads\/sites\/144\/2024\/02\/Image3.png 1175w, https:\/\/blog.ube.fr\/m2rscm\/wp-content\/uploads\/sites\/144\/2024\/02\/Image3-163x300.png 163w, https:\/\/blog.ube.fr\/m2rscm\/wp-content\/uploads\/sites\/144\/2024\/02\/Image3-557x1024.png 557w, https:\/\/blog.ube.fr\/m2rscm\/wp-content\/uploads\/sites\/144\/2024\/02\/Image3-768x1411.png 768w, https:\/\/blog.ube.fr\/m2rscm\/wp-content\/uploads\/sites\/144\/2024\/02\/Image3-836x1536.png 836w, https:\/\/blog.ube.fr\/m2rscm\/wp-content\/uploads\/sites\/144\/2024\/02\/Image3-1115x2048.png 1115w\" sizes=\"auto, (max-width: 1175px) 100vw, 1175px\" \/><\/h6>\n<p>&nbsp;<\/p>\n<h6><\/h6>\n<h6><strong><img loading=\"lazy\" decoding=\"async\" class=\"alignnone  wp-image-2844\" src=\"https:\/\/blog.ube.fr\/m2rscm\/wp-content\/uploads\/sites\/144\/2025\/01\/universite_bourgogne_europe_logo.jpg\" alt=\"\" width=\"91\" height=\"91\" srcset=\"https:\/\/blog.ube.fr\/m2rscm\/wp-content\/uploads\/sites\/144\/2025\/01\/universite_bourgogne_europe_logo.jpg 200w, https:\/\/blog.ube.fr\/m2rscm\/wp-content\/uploads\/sites\/144\/2025\/01\/universite_bourgogne_europe_logo-150x150.jpg 150w\" sizes=\"auto, (max-width: 91px) 100vw, 91px\" \/><\/strong><strong>Observatoire de l&#8217;\u00e9tudiant, Universit\u00e9 de Bourgogne<\/strong><\/h6>\n<p><a href=\"https:\/\/ode.u-bourgogne.fr\/devenir-et-insertion\/publi-insertion-professionnelle\/master-2-de-lub-insertion-a-912-mois.html\" target=\"_blank\" rel=\"noopener\">Devenir et insertion \u00e0 9\/12 mois des dipl\u00f4m\u00e9s d&#8217;un Master 2 de l&#8217;uB<\/a><\/p>\n<p><a href=\"https:\/\/ode.u-bourgogne.fr\/devenir-et-insertion\/publi-insertion-professionnelle\/master-2-ub.html\" target=\"_blank\" rel=\"noopener\">Devenir et insertion \u00e0 30 mois des dipl\u00f4m\u00e9s Master 2 de l&#8217;uB<\/a><\/p>\n<p>&nbsp;<\/p>\n<h6><strong><img loading=\"lazy\" decoding=\"async\" class=\"alignnone  wp-image-2845\" src=\"https:\/\/blog.ube.fr\/m2rscm\/wp-content\/uploads\/sites\/144\/2025\/01\/LOGO-UMLP-300x120.png\" alt=\"\" width=\"143\" height=\"57\" srcset=\"https:\/\/blog.ube.fr\/m2rscm\/wp-content\/uploads\/sites\/144\/2025\/01\/LOGO-UMLP-300x120.png 300w, https:\/\/blog.ube.fr\/m2rscm\/wp-content\/uploads\/sites\/144\/2025\/01\/LOGO-UMLP-1024x409.png 1024w, https:\/\/blog.ube.fr\/m2rscm\/wp-content\/uploads\/sites\/144\/2025\/01\/LOGO-UMLP-768x307.png 768w, https:\/\/blog.ube.fr\/m2rscm\/wp-content\/uploads\/sites\/144\/2025\/01\/LOGO-UMLP-1536x614.png 1536w, https:\/\/blog.ube.fr\/m2rscm\/wp-content\/uploads\/sites\/144\/2025\/01\/LOGO-UMLP-2048x818.png 2048w\" sizes=\"auto, (max-width: 143px) 100vw, 143px\" \/> <a href=\"https:\/\/www.univ-fcomte.fr\/enquetes-et-etudes-sur-les-etudiants-et-les-formations#.YFnr069Kh1g\" target=\"_blank\" rel=\"noopener\">Enqu\u00eates et \u00e9tudes sur les formations, Universit\u00e9 de Franche-Comt\u00e9<\/a><\/strong><\/h6>\n<p><a href=\"https:\/\/blog.ube.fr\/m2rscm\/debouches\/\">Retour<\/a><\/p>\n","protected":false},"excerpt":{"rendered":"<p>\u00e0 6 mois du dipl\u00f4me &nbsp; Observatoire de l&#8217;\u00e9tudiant, Universit\u00e9 de Bourgogne Devenir et insertion \u00e0 9\/12 mois des dipl\u00f4m\u00e9s d&#8217;un Master 2 de l&#8217;uB Devenir et insertion \u00e0 30 mois des dipl\u00f4m\u00e9s Master 2 de l&#8217;uB &nbsp; Enqu\u00eates et \u00e9tudes sur les formations, Universit\u00e9 de Franche-Comt\u00e9 Retour<\/p>\n<p class=\"more-link-p\"><a class=\"btn btn-primary\" href=\"https:\/\/blog.ube.fr\/m2rscm\/debouches\/devenir-des-etudiants\/\">Voir plus &rarr;<\/a><\/p>\n","protected":false},"author":260,"featured_media":0,"parent":550,"menu_order":0,"comment_status":"closed","ping_status":"closed","template":"","meta":{"footnotes":""},"class_list":["post-552","page","type-page","status-publish","hentry"],"_links":{"self":[{"href":"https:\/\/blog.ube.fr\/m2rscm\/wp-json\/wp\/v2\/pages\/552","targetHints":{"allow":["GET"]}}],"collection":[{"href":"https:\/\/blog.ube.fr\/m2rscm\/wp-json\/wp\/v2\/pages"}],"about":[{"href":"https:\/\/blog.ube.fr\/m2rscm\/wp-json\/wp\/v2\/types\/page"}],"author":[{"embeddable":true,"href":"https:\/\/blog.ube.fr\/m2rscm\/wp-json\/wp\/v2\/users\/260"}],"replies":[{"embeddable":true,"href":"https:\/\/blog.ube.fr\/m2rscm\/wp-json\/wp\/v2\/comments?post=552"}],"version-history":[{"count":29,"href":"https:\/\/blog.ube.fr\/m2rscm\/wp-json\/wp\/v2\/pages\/552\/revisions"}],"predecessor-version":[{"id":2851,"href":"https:\/\/blog.ube.fr\/m2rscm\/wp-json\/wp\/v2\/pages\/552\/revisions\/2851"}],"up":[{"embeddable":true,"href":"https:\/\/blog.ube.fr\/m2rscm\/wp-json\/wp\/v2\/pages\/550"}],"wp:attachment":[{"href":"https:\/\/blog.ube.fr\/m2rscm\/wp-json\/wp\/v2\/media?parent=552"}],"curies":[{"name":"wp","href":"https:\/\/api.w.org\/{rel}","templated":true}]}}