{"id":550,"date":"2020-06-25T12:39:35","date_gmt":"2020-06-25T11:39:35","guid":{"rendered":"https:\/\/blog.u-bourgogne.fr\/m2rscm\/?page_id=550"},"modified":"2021-03-11T15:18:57","modified_gmt":"2021-03-11T14:18:57","slug":"debouches","status":"publish","type":"page","link":"https:\/\/blog.ube.fr\/m2rscm\/debouches\/","title":{"rendered":"D\u00e9bouch\u00e9s"},"content":{"rendered":"<p><img loading=\"lazy\" decoding=\"async\" class=\"wp-image-912 size-large aligncenter\" src=\"https:\/\/blog.ube.fr\/m2rscm\/wp-content\/uploads\/sites\/144\/2020\/07\/20190402_162420.2-1024x424.jpg\" alt=\"\" width=\"860\" height=\"356\" srcset=\"https:\/\/blog.ube.fr\/m2rscm\/wp-content\/uploads\/sites\/144\/2020\/07\/20190402_162420.2-1024x424.jpg 1024w, https:\/\/blog.ube.fr\/m2rscm\/wp-content\/uploads\/sites\/144\/2020\/07\/20190402_162420.2-300x124.jpg 300w, https:\/\/blog.ube.fr\/m2rscm\/wp-content\/uploads\/sites\/144\/2020\/07\/20190402_162420.2-768x318.jpg 768w, https:\/\/blog.ube.fr\/m2rscm\/wp-content\/uploads\/sites\/144\/2020\/07\/20190402_162420.2-1536x636.jpg 1536w, https:\/\/blog.ube.fr\/m2rscm\/wp-content\/uploads\/sites\/144\/2020\/07\/20190402_162420.2-2048x847.jpg 2048w\" sizes=\"auto, (max-width: 860px) 100vw, 860px\" \/><\/p>\n<ul>\n<li style=\"list-style-type: none;\">\n<ul>\n<li style=\"list-style-type: none;\">\n<ul>\n<li style=\"list-style-type: none;\">\n<ul>\n<li style=\"list-style-type: none;\">\n<ul>\n<li style=\"list-style-type: none;\">\n<ul>\n<li>\n<h1><a href=\"https:\/\/blog.ube.fr\/m2rscm\/2020\/08\/25\/offre-de-these\/\">Offres de th\u00e8ses &amp; Emplois &amp; Formation<\/a><\/h1>\n<\/li>\n<li>\n<h1><a href=\"https:\/\/blog.ube.fr\/m2rscm\/debouches-2\/\">D\u00e9bouch\u00e9s<\/a><\/h1>\n<\/li>\n<li>\n<h1><a href=\"https:\/\/blog.ube.fr\/m2rscm\/debouches\/devenir-des-etudiants\/\">Devenir des \u00e9tudiants<\/a><\/h1>\n<\/li>\n<li>\n<h1><a href=\"https:\/\/blog.ube.fr\/m2rscm\/que-sont-ils-devenus\/\">Que sont-ils devenus<\/a><\/h1>\n<\/li>\n<\/ul>\n<\/li>\n<\/ul>\n<\/li>\n<\/ul>\n<\/li>\n<\/ul>\n<\/li>\n<\/ul>\n<\/li>\n<\/ul>\n","protected":false},"excerpt":{"rendered":"<p>Offres de th\u00e8ses &amp; Emplois &amp; Formation D\u00e9bouch\u00e9s Devenir des \u00e9tudiants Que sont-ils devenus<\/p>\n<p class=\"more-link-p\"><a class=\"btn btn-primary\" href=\"https:\/\/blog.ube.fr\/m2rscm\/debouches\/\">Voir plus &rarr;<\/a><\/p>\n","protected":false},"author":260,"featured_media":912,"parent":0,"menu_order":0,"comment_status":"closed","ping_status":"closed","template":"","meta":{"footnotes":""},"class_list":["post-550","page","type-page","status-publish","has-post-thumbnail","hentry"],"_links":{"self":[{"href":"https:\/\/blog.ube.fr\/m2rscm\/wp-json\/wp\/v2\/pages\/550","targetHints":{"allow":["GET"]}}],"collection":[{"href":"https:\/\/blog.ube.fr\/m2rscm\/wp-json\/wp\/v2\/pages"}],"about":[{"href":"https:\/\/blog.ube.fr\/m2rscm\/wp-json\/wp\/v2\/types\/page"}],"author":[{"embeddable":true,"href":"https:\/\/blog.ube.fr\/m2rscm\/wp-json\/wp\/v2\/users\/260"}],"replies":[{"embeddable":true,"href":"https:\/\/blog.ube.fr\/m2rscm\/wp-json\/wp\/v2\/comments?post=550"}],"version-history":[{"count":10,"href":"https:\/\/blog.ube.fr\/m2rscm\/wp-json\/wp\/v2\/pages\/550\/revisions"}],"predecessor-version":[{"id":1718,"href":"https:\/\/blog.ube.fr\/m2rscm\/wp-json\/wp\/v2\/pages\/550\/revisions\/1718"}],"wp:featuredmedia":[{"embeddable":true,"href":"https:\/\/blog.ube.fr\/m2rscm\/wp-json\/wp\/v2\/media\/912"}],"wp:attachment":[{"href":"https:\/\/blog.ube.fr\/m2rscm\/wp-json\/wp\/v2\/media?parent=550"}],"curies":[{"name":"wp","href":"https:\/\/api.w.org\/{rel}","templated":true}]}}