{"id":2032,"date":"2022-03-22T10:49:22","date_gmt":"2022-03-22T09:49:22","guid":{"rendered":"https:\/\/blog.u-bourgogne.fr\/m2rscm\/?page_id=2032"},"modified":"2022-04-25T08:13:10","modified_gmt":"2022-04-25T07:13:10","slug":"historique-du-master","status":"publish","type":"page","link":"https:\/\/blog.ube.fr\/m2rscm\/historique-du-master\/","title":{"rendered":"Historique"},"content":{"rendered":"<p>&nbsp;<\/p>\n<p>Notre Master fait parti des premiers dipl\u00f4mes port\u00e9s conjointement par les Universit\u00e9s de Bourgogne et de Franche-Comt\u00e9. Il a \u00e9t\u00e9 cr\u00e9e en 1986 par les <a href=\"https:\/\/ufr-svte.u-bourgogne.fr\/actualites\/actualites-externes\/le-professeur-charles-noirot-sest-eteint-a-dijon-le-jeudi-23-septembre-dernier-a-lage-de-88-ans.html\">Pr Noirot<\/a> \u00e0 Dijon et Adessi \u00e0 Besan\u00e7on. Il s&#8217;agissait \u00e0 ce moment l\u00e0 d&#8217;un DEA (Dipl\u00f4me d&#8217;Etude Approfondi) intitul\u00e9 <strong>BBCM &#8220;Biochimie, Biologie Mol\u00e9culaire et cellulaire&#8221;<\/strong>. Il a donn\u00e9 une impulsion pour le d\u00e9veloppement de la recherche en biologie mol\u00e9culaire et biochimie dans nos universit\u00e9s. Ainsi, plusieurs dizaines de chercheurs et d\u2019enseignants-chercheurs ayant essaim\u00e9 dans bon nombre d\u2019Universit\u00e9s ou de grands organismes de recherche, sont issus de ce DEA.<\/p>\n<p><span style=\"font-size: 16px;\">Pr. Charles Noirot (1922-2010), <\/span><span style=\"font-size: 16px;\">chaire de zoologie de l&#8217;universit\u00e9 de Bourgogne<\/span><\/p>\n<p><img loading=\"lazy\" decoding=\"async\" class=\"size-full wp-image-2039 alignleft\" style=\"font-style: normal; font-variant-ligatures: normal; font-variant-caps: normal; font-weight: 400; font-family: 'Times New Roman'; font-size: 16px;\" src=\"https:\/\/blog.ube.fr\/m2rscm\/wp-content\/uploads\/sites\/144\/2022\/03\/ch-noirot.jpg\" alt=\"\" width=\"150\" height=\"144\" \/><\/p>\n<p>&nbsp;<\/p>\n<p>&nbsp;<\/p>\n<p>&nbsp;<\/p>\n<p>&nbsp;<\/p>\n<p>&nbsp;<\/p>\n","protected":false},"excerpt":{"rendered":"<p>&nbsp; Notre Master fait parti des premiers dipl\u00f4mes port\u00e9s conjointement par les Universit\u00e9s de Bourgogne et de Franche-Comt\u00e9. Il a \u00e9t\u00e9 cr\u00e9e en 1986 par les Pr Noirot \u00e0 Dijon et Adessi \u00e0 Besan\u00e7on. Il s&#8217;agissait \u00e0 ce moment l\u00e0 d&#8217;un DEA (Dipl\u00f4me d&#8217;Etude Approfondi) intitul\u00e9 BBCM &#8220;Biochimie, Biologie Mol\u00e9culaire et cellulaire&#8221;. Il a donn\u00e9&hellip;<\/p>\n<p class=\"more-link-p\"><a class=\"btn btn-primary\" href=\"https:\/\/blog.ube.fr\/m2rscm\/historique-du-master\/\">Voir plus &rarr;<\/a><\/p>\n","protected":false},"author":2663,"featured_media":0,"parent":0,"menu_order":0,"comment_status":"closed","ping_status":"closed","template":"","meta":{"footnotes":""},"class_list":["post-2032","page","type-page","status-publish","hentry"],"_links":{"self":[{"href":"https:\/\/blog.ube.fr\/m2rscm\/wp-json\/wp\/v2\/pages\/2032","targetHints":{"allow":["GET"]}}],"collection":[{"href":"https:\/\/blog.ube.fr\/m2rscm\/wp-json\/wp\/v2\/pages"}],"about":[{"href":"https:\/\/blog.ube.fr\/m2rscm\/wp-json\/wp\/v2\/types\/page"}],"author":[{"embeddable":true,"href":"https:\/\/blog.ube.fr\/m2rscm\/wp-json\/wp\/v2\/users\/2663"}],"replies":[{"embeddable":true,"href":"https:\/\/blog.ube.fr\/m2rscm\/wp-json\/wp\/v2\/comments?post=2032"}],"version-history":[{"count":6,"href":"https:\/\/blog.ube.fr\/m2rscm\/wp-json\/wp\/v2\/pages\/2032\/revisions"}],"predecessor-version":[{"id":2072,"href":"https:\/\/blog.ube.fr\/m2rscm\/wp-json\/wp\/v2\/pages\/2032\/revisions\/2072"}],"wp:attachment":[{"href":"https:\/\/blog.ube.fr\/m2rscm\/wp-json\/wp\/v2\/media?parent=2032"}],"curies":[{"name":"wp","href":"https:\/\/api.w.org\/{rel}","templated":true}]}}