{"id":2016,"date":"2022-03-21T11:34:42","date_gmt":"2022-03-21T10:34:42","guid":{"rendered":"https:\/\/blog.u-bourgogne.fr\/m2rscm\/?page_id=2016"},"modified":"2025-07-16T17:35:38","modified_gmt":"2025-07-16T16:35:38","slug":"laboratoires-exterieurs-ponctuels","status":"publish","type":"page","link":"https:\/\/blog.ube.fr\/m2rscm\/laboratoires-exterieurs-ponctuels\/","title":{"rendered":"Equipes d&#8217;accueil en France"},"content":{"rendered":"<ul>\n<li style=\"list-style-type: none;\">\n<ul>\n<li style=\"list-style-type: none;\">\n<ul>\n<li style=\"list-style-type: none;\">\n<ul>\n<li style=\"list-style-type: none;\"><\/li>\n<\/ul>\n<\/li>\n<\/ul>\n<\/li>\n<\/ul>\n<\/li>\n<\/ul>\n<p>&nbsp;<\/p>\n<ul>\n<li><img loading=\"lazy\" decoding=\"async\" class=\"alignnone wp-image-2027\" src=\"https:\/\/blog.ube.fr\/m2rscm\/wp-content\/uploads\/sites\/144\/2022\/03\/logo-genethon_annuaire-475x335-2-300x99.png\" alt=\"\" width=\"164\" height=\"54\" srcset=\"https:\/\/blog.ube.fr\/m2rscm\/wp-content\/uploads\/sites\/144\/2022\/03\/logo-genethon_annuaire-475x335-2-300x99.png 300w, https:\/\/blog.ube.fr\/m2rscm\/wp-content\/uploads\/sites\/144\/2022\/03\/logo-genethon_annuaire-475x335-2.png 334w\" sizes=\"auto, (max-width: 164px) 100vw, 164px\" \/>Equipe Dystrophies mulculaires progressives, <strong>Evry-Courcouronnes<\/strong><\/li>\n<\/ul>\n<p><em><span style=\"text-decoration: underline;\">Mots cl\u00e9s<\/span> : Myopathie, muscle, th\u00e9rapie g\u00e9nique<\/em><\/p>\n<hr \/>\n<ul>\n<li><img loading=\"lazy\" decoding=\"async\" class=\"alignnone size-medium wp-image-2028\" src=\"https:\/\/blog.ube.fr\/m2rscm\/wp-content\/uploads\/sites\/144\/2022\/03\/Logo-u999-300x35.png\" alt=\"\" width=\"300\" height=\"35\" srcset=\"https:\/\/blog.ube.fr\/m2rscm\/wp-content\/uploads\/sites\/144\/2022\/03\/Logo-u999-300x35.png 300w, https:\/\/blog.ube.fr\/m2rscm\/wp-content\/uploads\/sites\/144\/2022\/03\/Logo-u999-1024x118.png 1024w, https:\/\/blog.ube.fr\/m2rscm\/wp-content\/uploads\/sites\/144\/2022\/03\/Logo-u999-768x89.png 768w, https:\/\/blog.ube.fr\/m2rscm\/wp-content\/uploads\/sites\/144\/2022\/03\/Logo-u999.png 1343w\" sizes=\"auto, (max-width: 300px) 100vw, 300px\" \/><strong>Universit\u00e9 Paris-Saclay<\/strong><\/li>\n<\/ul>\n<p><em><span style=\"text-decoration: underline;\">Mots cl\u00e9s<\/span> : Hypertension pulmonaire, th\u00e9rapies<\/em><\/p>\n<hr \/>\n<ul>\n<li><img loading=\"lazy\" decoding=\"async\" class=\"alignnone wp-image-2132\" src=\"https:\/\/blog.ube.fr\/m2rscm\/wp-content\/uploads\/sites\/144\/2022\/08\/logo-inmg-300x144-1.jpg\" alt=\"\" width=\"86\" height=\"41\" \/> &#8220;Physiopathologie et G\u00e9n\u00e9tique du Neurone et du Muscle, CNRS UMR 5261, INSERM U1315 <strong>Universit\u00e9 Claude Bernard Lyon<\/strong><\/li>\n<\/ul>\n<p><em style=\"font-size: 16px;\"><span style=\"text-decoration: underline;\">Mots cl\u00e9s<\/span> : Neurosignalisation, G\u00e9n\u00e9tique, Signalisation cellulaire<\/em><\/p>\n<hr \/>\n<ul>\n<li><img loading=\"lazy\" decoding=\"async\" class=\"alignnone wp-image-2886\" src=\"https:\/\/blog.ube.fr\/m2rscm\/wp-content\/uploads\/sites\/144\/2025\/07\/Image2-300x89.png\" alt=\"\" width=\"229\" height=\"68\" srcset=\"https:\/\/blog.ube.fr\/m2rscm\/wp-content\/uploads\/sites\/144\/2025\/07\/Image2-300x89.png 300w, https:\/\/blog.ube.fr\/m2rscm\/wp-content\/uploads\/sites\/144\/2025\/07\/Image2.png 335w\" sizes=\"auto, (max-width: 229px) 100vw, 229px\" \/>I<a href=\"https:\/\/www.umontpellier.fr\/recherche\/unites-de-recherche\/pole-biologie-sante\/structures-de-recherche\/mecanismes-moleculaires-dans-les-demences-neurodegeneratives-mmdn\" target=\"_blank\" rel=\"noopener\">nserm U1198 &#8220;M\u00e9canismes Mol\u00e9culaires dans les D\u00e9mences Neurod\u00e9g\u00e9n\u00e9ratives (MMDN)&#8221;, <strong>Montpellier<\/strong><\/a><\/li>\n<\/ul>\n<p>Mots cl\u00e9s : Neurosignalisation, Maladies neurod\u00e9g\u00e9n\u00e9ratives, Alzheimer, Diab\u00e8te<\/p>\n<hr \/>\n<p>&nbsp;<\/p>\n","protected":false},"excerpt":{"rendered":"<p>&nbsp; Equipe Dystrophies mulculaires progressives, Evry-Courcouronnes Mots cl\u00e9s : Myopathie, muscle, th\u00e9rapie g\u00e9nique Universit\u00e9 Paris-Saclay Mots cl\u00e9s : Hypertension pulmonaire, th\u00e9rapies &#8220;Physiopathologie et G\u00e9n\u00e9tique du Neurone et du Muscle, CNRS UMR 5261, INSERM U1315 Universit\u00e9 Claude Bernard Lyon Mots cl\u00e9s : Neurosignalisation, G\u00e9n\u00e9tique, Signalisation cellulaire Inserm U1198 &#8220;M\u00e9canismes Mol\u00e9culaires dans les D\u00e9mences Neurod\u00e9g\u00e9n\u00e9ratives (MMDN)&#8221;, Montpellier&hellip;<\/p>\n<p class=\"more-link-p\"><a class=\"btn btn-primary\" href=\"https:\/\/blog.ube.fr\/m2rscm\/laboratoires-exterieurs-ponctuels\/\">Voir plus &rarr;<\/a><\/p>\n","protected":false},"author":2663,"featured_media":0,"parent":0,"menu_order":0,"comment_status":"closed","ping_status":"closed","template":"","meta":{"footnotes":""},"class_list":["post-2016","page","type-page","status-publish","hentry"],"_links":{"self":[{"href":"https:\/\/blog.ube.fr\/m2rscm\/wp-json\/wp\/v2\/pages\/2016","targetHints":{"allow":["GET"]}}],"collection":[{"href":"https:\/\/blog.ube.fr\/m2rscm\/wp-json\/wp\/v2\/pages"}],"about":[{"href":"https:\/\/blog.ube.fr\/m2rscm\/wp-json\/wp\/v2\/types\/page"}],"author":[{"embeddable":true,"href":"https:\/\/blog.ube.fr\/m2rscm\/wp-json\/wp\/v2\/users\/2663"}],"replies":[{"embeddable":true,"href":"https:\/\/blog.ube.fr\/m2rscm\/wp-json\/wp\/v2\/comments?post=2016"}],"version-history":[{"count":26,"href":"https:\/\/blog.ube.fr\/m2rscm\/wp-json\/wp\/v2\/pages\/2016\/revisions"}],"predecessor-version":[{"id":2900,"href":"https:\/\/blog.ube.fr\/m2rscm\/wp-json\/wp\/v2\/pages\/2016\/revisions\/2900"}],"wp:attachment":[{"href":"https:\/\/blog.ube.fr\/m2rscm\/wp-json\/wp\/v2\/media?parent=2016"}],"curies":[{"name":"wp","href":"https:\/\/api.w.org\/{rel}","templated":true}]}}