{"id":995,"date":"2016-03-04T07:55:17","date_gmt":"2016-03-04T06:55:17","guid":{"rendered":"http:\/\/blog.u-bourgogne.fr\/m2fctg\/?page_id=995"},"modified":"2018-11-11T17:27:19","modified_gmt":"2018-11-11T16:27:19","slug":"presentation-des-finances-locales","status":"publish","type":"page","link":"https:\/\/blog.ube.fr\/m2fctg\/presentation-des-finances-locales\/","title":{"rendered":"Compl\u00e9ment aux finances locales"},"content":{"rendered":"<h2 style=\"text-align: center\"><strong>CNFPT : Centre National de la Fonction Publique Territoriale<\/strong><\/h2>\n<h3>Pr\u00e9sentation<\/h3>\n<p>Le <a href=\"http:\/\/www.cnfpt.fr\/\" target=\"_blank\" rel=\"noopener\">Centre national de la fonction publique territoriale (CNFPT)<\/a> est un \u00e9tablissement public paritaire d\u00e9concentr\u00e9. Il est charg\u00e9 de construire et d\u00e9livrer les formations obligatoires \u00e0 destination des agents des collectivit\u00e9s territoriales : les formations d\u2019int\u00e9gration, les formations de professionnalisation, les formations r\u00e9glement\u00e9es, adapt\u00e9es aux exigences et contraintes de certains m\u00e9tiers.<\/p>\n<p>Le CNFPT con\u00e7oit et dispense \u00e9galement des formations qui, non obligatoires pour l\u2019agent, lui permettent d\u2019\u00eatre acteur de sa promotion : les formations de perfectionnement, les formations dipl\u00f4mantes ou certifiantes, les pr\u00e9parations aux concours et examens professionnels de la fonction publique territoriale.<\/p>\n<p>Par ailleurs, le CNFPT organise plusieurs concours de la fonction publique territoriale : administrateur territorial, conservateur du patrimoine, conservateur des biblioth\u00e8ques, ing\u00e9nieur en chef. Il propose \u00e9galement un accompagnement \u00e0 la validation des acquis de l\u2019exp\u00e9rience (VAE) et organise la reconnaissance de l\u2019\u00e9quivalence des dipl\u00f4mes (RED).<\/p>\n<h3>MOOC &#8220;Les fondamentaux des finances locales&#8221; sur la plateforme FUN<\/h3>\n<p>Lien :\u00a0<a href=\"https:\/\/www.fun-mooc.fr\">https:\/\/www.fun-mooc.fr<\/a><\/p>\n<p><a href=\"http:\/\/blog.ube.fr\/m2fctg\/wp-content\/uploads\/sites\/36\/2018\/01\/Fun_Logo400x600_273271.133.jpg\"><img loading=\"lazy\" decoding=\"async\" class=\"alignleft wp-image-1359\" title=\"pr\u00e9sentation des finances locales - FUN\" src=\"http:\/\/blog.ube.fr\/m2fctg\/wp-content\/uploads\/sites\/36\/2018\/01\/Fun_Logo400x600_273271.133.jpg\" alt=\"pr\u00e9sentation des finances locales - FUN\" width=\"91\" height=\"61\" \/><\/a>Session 1 &#8211; Du 13 novembre 2017 au 24 d\u00e9cembre 2017 &#8211; <a href=\"https:\/\/www.fun-mooc.fr\/courses\/course-v1:CNFPT+87011+session01\/about\" target=\"_blank\" rel=\"noopener\">Termin\u00e9<br \/>\n<\/a>Session 2 &#8211; Du 5 mars 2018 au 29 avril 2018 &#8211; <a href=\"https:\/\/www.fun-mooc.fr\/courses\/course-v1:CNFPT+87011+session02\/about\" target=\"_blank\" rel=\"noopener\">Inscriptions jusqu&#8217;au 23 mars 2018<\/a><\/p>\n<p>&nbsp;<\/p>\n<ul>\n<li>Semaine 1 : Finances locales et dotations financi\u00e8res<\/li>\n<li>Semaine 2 : Finances locales et droit budg\u00e9taire<\/li>\n<li>Semaine 3 : Finances locales et fiscalit\u00e9 locale<\/li>\n<li>Semaine 4 : Finances locales et finances intercommunales<\/li>\n<li>Semaine 5 : Finances locales et comptabilit\u00e9 publique<\/li>\n<\/ul>\n<p>&nbsp;<\/p>\n<h3>Vid\u00e9os formatives &#8220;Pr\u00e9sentation des finances locales&#8221; disponibles sur le site du CNFPT<\/h3>\n<p><a href=\"http:\/\/blog.ube.fr\/m2fctg\/wp-content\/uploads\/sites\/36\/2018\/01\/cnfpt.jpg\"><img loading=\"lazy\" decoding=\"async\" class=\"alignleft wp-image-1358\" title=\"pr\u00e9sentation des finances locales - CNFPT\" src=\"http:\/\/blog.ube.fr\/m2fctg\/wp-content\/uploads\/sites\/36\/2018\/01\/cnfpt.jpg\" alt=\"pr\u00e9sentation des finances locales - CNFPT\" width=\"159\" height=\"127\" \/><\/a>Cette <a href=\"http:\/\/video.cnfpt.fr\/finances-publiques\" target=\"_blank\" rel=\"noopener\">s\u00e9rie de vid\u00e9os formatives<\/a> (21 modules au total) autour des finances publiques est le fruit d&#8217;un partenariat entre l&#8217;Universit\u00e9 de Bourgogne (Dijon) et la d\u00e9l\u00e9gation r\u00e9gionale de Bourgogne du CNFPT.<\/p>\n<p>Attention, sur le site, la vid\u00e9o du module 7 correspond au th\u00e8me du module 8 et inversement.<\/p>\n<ul>\n<li>Module introductif : <a href=\"http:\/\/video.cnfpt.fr\/finances-publiques\/module-introductif-la-notion-de-fiances-publiques\" target=\"_blank\" rel=\"noopener\">La notion de finances publiques<\/a><\/li>\n<li>Module 1 : <a href=\"http:\/\/video.cnfpt.fr\/finances-publiques\/module-1-lenvironnement-europeen-des-finances-publiques\" target=\"_blank\" rel=\"noopener\">L&#8217;environnement europ\u00e9en des finances publiques<\/a><\/li>\n<li>Module 2 : <a href=\"http:\/\/video.cnfpt.fr\/finances-publiques\/module-2-les-relations-financieres-en\" target=\"_blank\" rel=\"noopener\">Les relations financi\u00e8res entre l\u2019\u00c9tat et les collectivit\u00e9s locales<\/a><\/li>\n<li>Module 3 : <a href=\"http:\/\/video.cnfpt.fr\/finances-publiques\/module-03-les-principes-budgetaires\" target=\"_blank\" rel=\"noopener\">Les principes budg\u00e9taires<\/a><\/li>\n<li>Module 4 : <a href=\"http:\/\/video.cnfpt.fr\/finances-publiques\/module-4-la-notion-de-loi-de-finances\" target=\"_blank\" rel=\"noopener\">La notion de Loi de Finances<\/a><\/li>\n<li>Module 5 : <a href=\"http:\/\/video.cnfpt.fr\/finances-publiques\/module-5-la-preparation-de-la-loi-de-finances\" target=\"_blank\" rel=\"noopener\">La pr\u00e9paration de la Loi de Finances<\/a><\/li>\n<li>Module 6 : <a href=\"http:\/\/video.cnfpt.fr\/finances-publiques\/module-6-les-modalites-dadoption-de-la-loi-de-finances\" target=\"_blank\" rel=\"noopener\">Les modalit\u00e9s d&#8217;adoption de la Loi de Finances<\/a><\/li>\n<li>Module 7 : <a href=\"http:\/\/video.cnfpt.fr\/finances-publiques\/module-8-lacte-2-de-la-decentralisation-et-les-finances-publiques\" target=\"_blank\" rel=\"noopener\">La loi organique relative \u00e0 la Loi de Finances<\/a><\/li>\n<li>Module 8 : <a href=\"http:\/\/video.cnfpt.fr\/finances-publiques\/module-7-la-loi-organique-relative-a-la-loi-de-finances\" target=\"_blank\" rel=\"noopener\">L&#8217;acte 2 de la d\u00e9centralisation et les finances publiques<\/a><\/li>\n<li>Module 9 : <a href=\"http:\/\/video.cnfpt.fr\/finances-publiques\/module-9-les-recettes-fiscales-des-col\" target=\"_blank\" rel=\"noopener\">Les recettes fiscales des CT et de leur groupement : l\u2019avenir de la fiscalit\u00e9 locale<\/a><\/li>\n<li>Module 10 : <a href=\"http:\/\/video.cnfpt.fr\/finances-publiques\/module-10-le-principe-dautonomie-financiere-des-ct-historique-et-mise-en-place\" target=\"_blank\" rel=\"noopener\">Le principe d&#8217;autonomie financi\u00e8re des CT (historique et mise en place)<\/a><\/li>\n<li>Module 11 : <a href=\"http:\/\/video.cnfpt.fr\/finances-publiques\/module-11-les-recettes-non-fiscales-de\" target=\"_blank\" rel=\"noopener\">Les recettes non fiscales des CT et des groupements <\/a><\/li>\n<li>Module 12 : <a href=\"http:\/\/video.cnfpt.fr\/finances-publiques\/module-12-la-gestion-comptable-des-ct-et-des-groupements-illustration-par-linstruction-m14\" target=\"_blank\" rel=\"noopener\">La gestion comptable des CT et des groupements : illustration par l&#8217;instruction M14 <\/a><\/li>\n<li>Module 13 : <a href=\"http:\/\/video.cnfpt.fr\/finances-publiques\/module-13-intercommunalite-et-finances-locales\" target=\"_blank\" rel=\"noopener\">Intercommunalit\u00e9 et finances locales<\/a><\/li>\n<li>Module 14 : <a href=\"http:\/\/video.cnfpt.fr\/finances-publiques\/module-14-le-controle-europeen-sur-les-budgets-des-etats-membres-de-la-zone-euro\" target=\"_blank\" rel=\"noopener\">Le contr\u00f4le europ\u00e9en sur les budgets des \u00e9tats membres de la zone euro<\/a><\/li>\n<li>Module 15 : <a href=\"http:\/\/video.cnfpt.fr\/finances-publiques\/module-15-la-programmation-dans-les-finances-publiques\" target=\"_blank\" rel=\"noopener\">La programmation dans les finances publiques<\/a><\/li>\n<li>Module 16 : <a href=\"http:\/\/video.cnfpt.fr\/finances-publiques\/module-16-loi-de-finances-pour-2012\" target=\"_blank\" rel=\"noopener\">Loi de finances pour 2012<\/a><\/li>\n<li>Module 17 : <a href=\"http:\/\/video.cnfpt.fr\/finances-publiques\/module-17-la-contribution-economique\" target=\"_blank\" rel=\"noopener\">La contribution \u00e9conomique <\/a><\/li>\n<li>Module 18 : <a href=\"http:\/\/video.cnfpt.fr\/finances-publiques\/module-18-la-perequation-financiere\" target=\"_blank\" rel=\"noopener\">La p\u00e9r\u00e9quation financi\u00e8re<\/a><\/li>\n<li>Module 19 : <a href=\"http:\/\/video.cnfpt.fr\/finances-publiques\/module-19-les-aspects-financiers-de-la-loi-du-16-decembre-2010\" target=\"_blank\" rel=\"noopener\">Les aspects financiers de la loi du 16 d\u00e9cembre 2010<\/a><\/li>\n<li>Module conclusion : <a href=\"http:\/\/video.cnfpt.fr\/finances-publiques\/module-conclusion-etat-des-lieux-des-finances-publiques\" target=\"_blank\" rel=\"noopener\">\u00c9tat des lieux des finances publiques<\/a><\/li>\n<\/ul>\n<h3>Wikiterritorial<\/h3>\n<p>Lien :\u00a0<a href=\"http:\/\/www.wikiterritorial.cnfpt.fr\">http:\/\/www.wikiterritorial.cnfpt.fr<\/a><\/p>\n<p>A l&#8217;heure de l&#8217;\u00e9conomie du savoir et de la connaissance, la mise \u00e0 disposition de ressources pertinentes et actualis\u00e9es est un enjeu majeur pour la qualit\u00e9 de la gestion locale. C&#8217;est le sens du \u00ab Wikiterritorial \u00bb. Il s\u2019agit d\u2019<strong>un espace d\u2019\u00e9changes et de partage d\u2019informations et de ressources p\u00e9dagogiques en ligne<\/strong> dans la logique \u00ab informer, c\u2019est d\u00e9j\u00e0 former \u00bb. Il a pour objectif de constituer <strong>un lieu d\u2019acc\u00e8s g\u00e9n\u00e9ral aux connaissances dans le domaine des collectivit\u00e9s territoriales.<\/strong><\/p>\n<p>Par ailleurs, le WikiTerritorial vous permet de retrouver, sous format PDF t\u00e9l\u00e9chargeable, les <strong>&#8220;ouvrages de pr\u00e9paration aux concours&#8221;<\/strong> du CNFPT.<\/p>\n<p style=\"text-align: center\"><em>R\u00e9dig\u00e9 par ERMAN Zeynep<\/em><\/p>\n<p>&nbsp;<\/p>\n","protected":false},"excerpt":{"rendered":"<p>CNFPT : Centre National de la Fonction Publique Territoriale Pr\u00e9sentation Le Centre national de la fonction publique territoriale (CNFPT) est un \u00e9tablissement public paritaire d\u00e9concentr\u00e9. Il est charg\u00e9 de construire et d\u00e9livrer les formations obligatoires \u00e0 destination des agents des collectivit\u00e9s territoriales : les formations d\u2019int\u00e9gration, les formations de professionnalisation, les formations r\u00e9glement\u00e9es, adapt\u00e9es aux<\/p>\n<p><a class=\"button\" href=\"https:\/\/blog.ube.fr\/m2fctg\/presentation-des-finances-locales\/\" title=\"More\">  Voir plus \u2192<\/a><\/p>\n","protected":false},"author":103,"featured_media":0,"parent":0,"menu_order":0,"comment_status":"closed","ping_status":"closed","template":"","meta":{"footnotes":""},"class_list":["post-995","page","type-page","status-publish","hentry"],"_links":{"self":[{"href":"https:\/\/blog.ube.fr\/m2fctg\/wp-json\/wp\/v2\/pages\/995","targetHints":{"allow":["GET"]}}],"collection":[{"href":"https:\/\/blog.ube.fr\/m2fctg\/wp-json\/wp\/v2\/pages"}],"about":[{"href":"https:\/\/blog.ube.fr\/m2fctg\/wp-json\/wp\/v2\/types\/page"}],"author":[{"embeddable":true,"href":"https:\/\/blog.ube.fr\/m2fctg\/wp-json\/wp\/v2\/users\/103"}],"replies":[{"embeddable":true,"href":"https:\/\/blog.ube.fr\/m2fctg\/wp-json\/wp\/v2\/comments?post=995"}],"version-history":[{"count":12,"href":"https:\/\/blog.ube.fr\/m2fctg\/wp-json\/wp\/v2\/pages\/995\/revisions"}],"predecessor-version":[{"id":1535,"href":"https:\/\/blog.ube.fr\/m2fctg\/wp-json\/wp\/v2\/pages\/995\/revisions\/1535"}],"wp:attachment":[{"href":"https:\/\/blog.ube.fr\/m2fctg\/wp-json\/wp\/v2\/media?parent=995"}],"curies":[{"name":"wp","href":"https:\/\/api.w.org\/{rel}","templated":true}]}}