{"id":92,"date":"2015-10-19T16:38:52","date_gmt":"2015-10-19T15:38:52","guid":{"rendered":"http:\/\/blog.u-bourgogne.fr\/m2fctg\/?page_id=92"},"modified":"2018-01-20T20:59:31","modified_gmt":"2018-01-20T19:59:31","slug":"colloques","status":"publish","type":"page","link":"https:\/\/blog.ube.fr\/m2fctg\/colloques\/","title":{"rendered":"Colloques"},"content":{"rendered":"<div class=\"entry-content\">\n<p><em><strong>Vendredi 9 d\u00e9cembre 2016 :<\/strong><\/em><\/p>\n<p><em><strong>Le M2 FCTG \u00e0 Cit\u00e9 21.<\/strong><\/em><\/p>\n<p><a href=\"http:\/\/blog.ube.fr\/m2fctg\/wp-content\/uploads\/sites\/36\/2017\/01\/15450947_10210609515701506_341927160_n.jpg\"><img loading=\"lazy\" decoding=\"async\" class=\"size-full wp-image-1067 aligncenter\" src=\"http:\/\/blog.ube.fr\/m2fctg\/wp-content\/uploads\/sites\/36\/2017\/01\/15450947_10210609515701506_341927160_n.jpg\" alt=\"15450947_10210609515701506_341927160_n\" width=\"960\" height=\"720\" srcset=\"https:\/\/blog.ube.fr\/m2fctg\/wp-content\/uploads\/sites\/36\/2017\/01\/15450947_10210609515701506_341927160_n.jpg 960w, https:\/\/blog.ube.fr\/m2fctg\/wp-content\/uploads\/sites\/36\/2017\/01\/15450947_10210609515701506_341927160_n-768x576.jpg 768w, https:\/\/blog.ube.fr\/m2fctg\/wp-content\/uploads\/sites\/36\/2017\/01\/15450947_10210609515701506_341927160_n-300x225.jpg 300w\" sizes=\"auto, (max-width: 960px) 100vw, 960px\" \/><\/a><\/p>\n<p><em><strong>Vendredi 11 d\u00e9cembre 2015 :<\/strong><\/em><\/p>\n<\/div>\n<p><em><strong>Le M2 FCTG \u00e0 Cit\u00e9 21.<\/strong><\/em><\/p>\n<p>&nbsp;<\/p>\n<p><img loading=\"lazy\" decoding=\"async\" id=\"irc_mi\" class=\"aligncenter\" src=\"http:\/\/www.echodescommunes.fr\/upload\/image\/Visuel%20C21%202015.jpg\" alt=\"\" width=\"284\" height=\"396\" \/><\/p>\n<p>&nbsp;<\/p>\n<p><img loading=\"lazy\" decoding=\"async\" class=\"aligncenter\" title=\"\" src=\"http:\/\/blog.ube.fr\/m2fctg\/wp-content\/uploads\/sites\/36\/2015\/12\/cit\u00e9-21.jpg\" alt=\"\" width=\"983\" height=\"737\" \/><\/p>\n<p>&nbsp;<\/p>\n<p><strong>Jeudi 15 octobre 2015<\/strong><\/p>\n<p><strong>Colloque europ\u00e9en \u00e0 l&#8217;Universit\u00e9 de Bourgogne\u00a0 :\u00a0<a href=\"http:\/\/blog.ube.fr\/m2fctg\/wp-content\/uploads\/sites\/36\/2015\/10\/invitation-colloque-jeunessse.pdf\" target=\"_blank\" rel=\"noopener\">\u00ab L&#8217;action de L&#8217;Union Europ\u00e9enne en faveur de la jeunesse \u00bb<\/a><br \/>\n<\/strong><\/p>\n<h1><img decoding=\"async\" src=\"http:\/\/s-www.bienpublic.com\/images\/0e4983dc-2aba-439e-81b1-a097e8ebb464\/BES_03\/illustration-l-action-de-l-union-europeenne-en-faveur-de-la-jeunesse_1-1443704047.jpg\" alt=\"Illustration &quot;L'action de L'Union Europ\u00e9enne en faveur de la jeunesse&quot;\" \/><\/h1>\n<p>&nbsp;<\/p>\n<div class=\"entry-content\">\n<p><strong><em>Vendredi 13 d\u00e9cembre 2013 : <\/em><\/strong><\/p>\n<p><strong><em>Le M2 FCTG au rendez-vous annuel des \u00e9lus \u00e0 Cit\u00e9 21.<\/em><\/strong><\/p>\n<p><a href=\"http:\/\/m2fctg.free.fr\/wp-content\/uploads\/2012\/03\/Capture5.jpg\"><img loading=\"lazy\" decoding=\"async\" title=\"Capture5\" src=\"http:\/\/m2fctg.free.fr\/wp-content\/uploads\/2012\/03\/Capture5.jpg\" alt=\"\" width=\"769\" height=\"502\" \/><\/a><\/p>\n<p>&nbsp;<\/p>\n<p><strong><em>\u00a0Les <\/em><em>12 et 13 Octobre 2013 <\/em><\/strong><\/p>\n<p><strong>Congr\u00e8s National de l\u2019Association des Maires ruraux de France (AMRF)<\/strong><\/p>\n<p>Invitation faite au M2 FCTG de particper au congr\u00e8s National de l\u2019AMRF \u00e0 Port-sur-Saone. Merci \u00e0 son Pr\u00e9sident, Vanik BERBERIAN, pour son aimable invitation et \u00e0 C\u00e9dric SZEBO, Pr\u00e9sident de l\u2019AMRF (Lyon)\u00a0pour la qualit\u00e9 de la table ronde consacr\u00e9e \u00e0 la solidarit\u00e9 financi\u00e8re<strong>.<\/strong><\/p>\n<p>Cerdric SZEBO et Patrice RAYMOND, \u00e0 l\u2019occasion de l\u2019atelier \u00ab\u00a0Finances locales\u00a0\u00bb<\/p>\n<p><a href=\"http:\/\/m2fctg.free.fr\/wp-content\/uploads\/2012\/03\/Captur1e.jpg\"><img loading=\"lazy\" decoding=\"async\" title=\"Captur1e\" src=\"http:\/\/m2fctg.free.fr\/wp-content\/uploads\/2012\/03\/Captur1e.jpg\" alt=\"\" width=\"733\" height=\"464\" \/><\/a><\/p>\n<p>&nbsp;<\/p>\n<p>Vanik BERBERIAN, Pr\u00e9sident de l\u2019AMRF,\u00a0et Patrice RAYMOND<\/p>\n<p><a href=\"http:\/\/m2fctg.free.fr\/wp-content\/uploads\/2012\/03\/Capture3.jpg\"><img loading=\"lazy\" decoding=\"async\" class=\"size-full wp-image-1654 alignleft\" title=\"Capture\" src=\"http:\/\/m2fctg.free.fr\/wp-content\/uploads\/2012\/03\/Capture3.jpg\" alt=\"\" width=\"704\" height=\"347\" \/><\/a><\/p>\n<p><strong><em>\u00a0<\/em><\/strong><\/p>\n<\/div>\n<p><strong><em>Mai 2013: Assembl\u00e9e g\u00e9n\u00e9rale des jeunes agriculteurs de le R\u00e9gion Bourgogne \u2013 Invitation du M2 FCTG pour une pr\u00e9sentation du cadre financier actuel des R\u00e9gions et du nouvel environnement institutionnel et financier de l\u2019Etat et des Collectivit\u00e9s territoriales.<\/em><\/strong><\/p>\n<div class=\"entry-content\">\n<p><strong><em>6 et 7 d\u00e9cembre 2012\u00a0<\/em><\/strong><br \/>\n<a title=\"Cit\u00e921_2012\" href=\"http:\/\/blog.ube.fr\/m2fctg\/wp-content\/uploads\/sites\/36\/2015\/12\/Cit\u00e921_2012.jpg\" target=\"_blank\" rel=\"noopener\">Cit\u00e9 21 \u2013 12\u00e8me \u00e9dition du salon des collectivit\u00e9s territoriales de C\u00f4te d\u2019Or<\/a> Grand rendez-vous\u00a0annuel d\u00e9partemental r\u00e9unissant tous les grands acteurs de la commande publique avec l\u2019ensemble de leurs partenaires.<\/p>\n<p>&nbsp;<\/p>\n<p><strong><em>Jeudi 25 octobre 2012<\/em><\/strong><br \/>\nColloque Europ\u00e9en &#8211;\u00a0<a title=\"Le_cadre_financier_de_lUE\" href=\"http:\/\/blog.ube.fr\/m2fctg\/wp-content\/uploads\/sites\/36\/2015\/12\/8968_2012-10-25_depliant_colloque_cadre_financier_de_lUE.pdf\" target=\"_blank\" rel=\"noopener\">Le cadre financier de l\u2019Union Europ\u00e9enne 2014 \u2013 2020<\/a><\/p>\n<p>&nbsp;<\/p>\n<p><strong><em>27 septembre 2011<br \/>\n<\/em><\/strong>Conf\u00e9rences sur la r\u00e9forme des territoires et le r\u00f4le des \u00ab\u00a0financiers\u00a0\u00bb dans les collectivit\u00e9s locales \u2013 Ville de Talant<\/p>\n<p><a href=\"http:\/\/m2fctg.free.fr\/wp-content\/uploads\/2012\/03\/IMG_3580.jpg\"><img loading=\"lazy\" decoding=\"async\" class=\"size-full wp-image-1454 alignnone\" title=\"IMG_3580\" src=\"http:\/\/m2fctg.free.fr\/wp-content\/uploads\/2012\/03\/IMG_3580.jpg\" alt=\"\" width=\"300\" height=\"200\" \/><\/a><a href=\"http:\/\/m2fctg.free.fr\/wp-content\/uploads\/2012\/03\/IMG_3552.jpg\"><img loading=\"lazy\" decoding=\"async\" class=\"size-full wp-image-1455 alignnone\" title=\"IMG_3552\" src=\"http:\/\/m2fctg.free.fr\/wp-content\/uploads\/2012\/03\/IMG_3552.jpg\" alt=\"\" width=\"300\" height=\"200\" \/><br \/>\n<\/a><em>Patrice RAYMOND\u00a0\u00e0 l\u2019invitation de Gilbert MENUT, Maire de Talant<\/em><\/p>\n<\/div>\n<div><strong><em><br \/>\n<\/em><\/strong><\/div>\n<div><\/div>\n<div style=\"padding-left: 390px\"><em>Site r\u00e9alis\u00e9 par Thomas Cornille<\/em><\/div>\n","protected":false},"excerpt":{"rendered":"<p>Vendredi 9 d\u00e9cembre 2016 : Le M2 FCTG \u00e0 Cit\u00e9 21. Vendredi 11 d\u00e9cembre 2015 : Le M2 FCTG \u00e0 Cit\u00e9 21. &nbsp; &nbsp; &nbsp; Jeudi 15 octobre 2015 Colloque europ\u00e9en \u00e0 l&#8217;Universit\u00e9 de Bourgogne\u00a0 :\u00a0\u00ab L&#8217;action de L&#8217;Union Europ\u00e9enne en faveur de la jeunesse \u00bb &nbsp; Vendredi 13 d\u00e9cembre 2013 : Le M2 FCTG<\/p>\n<p><a class=\"button\" href=\"https:\/\/blog.ube.fr\/m2fctg\/colloques\/\" title=\"More\">  Voir plus \u2192<\/a><\/p>\n","protected":false},"author":103,"featured_media":0,"parent":0,"menu_order":0,"comment_status":"closed","ping_status":"closed","template":"","meta":{"footnotes":""},"class_list":["post-92","page","type-page","status-publish","hentry"],"_links":{"self":[{"href":"https:\/\/blog.ube.fr\/m2fctg\/wp-json\/wp\/v2\/pages\/92","targetHints":{"allow":["GET"]}}],"collection":[{"href":"https:\/\/blog.ube.fr\/m2fctg\/wp-json\/wp\/v2\/pages"}],"about":[{"href":"https:\/\/blog.ube.fr\/m2fctg\/wp-json\/wp\/v2\/types\/page"}],"author":[{"embeddable":true,"href":"https:\/\/blog.ube.fr\/m2fctg\/wp-json\/wp\/v2\/users\/103"}],"replies":[{"embeddable":true,"href":"https:\/\/blog.ube.fr\/m2fctg\/wp-json\/wp\/v2\/comments?post=92"}],"version-history":[{"count":18,"href":"https:\/\/blog.ube.fr\/m2fctg\/wp-json\/wp\/v2\/pages\/92\/revisions"}],"predecessor-version":[{"id":1282,"href":"https:\/\/blog.ube.fr\/m2fctg\/wp-json\/wp\/v2\/pages\/92\/revisions\/1282"}],"wp:attachment":[{"href":"https:\/\/blog.ube.fr\/m2fctg\/wp-json\/wp\/v2\/media?parent=92"}],"curies":[{"name":"wp","href":"https:\/\/api.w.org\/{rel}","templated":true}]}}

<div class="entry-content">
<p><em><strong>Vendredi 9 décembre 2016 :</strong></em></p>
<p><em><strong>Le M2 FCTG à Cité 21.</strong></em></p>
<p><a href="http://blog.ube.fr/m2fctg/wp-content/uploads/sites/36/2017/01/15450947_10210609515701506_341927160_n.jpg"><img loading="lazy" decoding="async" class="size-full wp-image-1067 aligncenter" src="http://blog.ube.fr/m2fctg/wp-content/uploads/sites/36/2017/01/15450947_10210609515701506_341927160_n.jpg" alt="15450947_10210609515701506_341927160_n" width="960" height="720" srcset="https://blog.ube.fr/m2fctg/wp-content/uploads/sites/36/2017/01/15450947_10210609515701506_341927160_n.jpg 960w, https://blog.ube.fr/m2fctg/wp-content/uploads/sites/36/2017/01/15450947_10210609515701506_341927160_n-768x576.jpg 768w, https://blog.ube.fr/m2fctg/wp-content/uploads/sites/36/2017/01/15450947_10210609515701506_341927160_n-300x225.jpg 300w" sizes="auto, (max-width: 960px) 100vw, 960px" /></a></p>
<p><em><strong>Vendredi 11 décembre 2015 :</strong></em></p>
</div>
<p><em><strong>Le M2 FCTG à Cité 21.</strong></em></p>
<p>&nbsp;</p>
<p><img loading="lazy" decoding="async" id="irc_mi" class="aligncenter" src="http://www.echodescommunes.fr/upload/image/Visuel%20C21%202015.jpg" alt="" width="284" height="396" /></p>
<p>&nbsp;</p>
<p><img loading="lazy" decoding="async" class="aligncenter" title="" src="http://blog.ube.fr/m2fctg/wp-content/uploads/sites/36/2015/12/cité-21.jpg" alt="" width="983" height="737" /></p>
<p>&nbsp;</p>
<p><strong>Jeudi 15 octobre 2015</strong></p>
<p><strong>Colloque européen à l&#8217;Université de Bourgogne  : <a href="http://blog.ube.fr/m2fctg/wp-content/uploads/sites/36/2015/10/invitation-colloque-jeunessse.pdf" target="_blank" rel="noopener">« L&#8217;action de L&#8217;Union Européenne en faveur de la jeunesse »</a><br />
</strong></p>
<h1><img decoding="async" src="http://s-www.bienpublic.com/images/0e4983dc-2aba-439e-81b1-a097e8ebb464/BES_03/illustration-l-action-de-l-union-europeenne-en-faveur-de-la-jeunesse_1-1443704047.jpg" alt="Illustration &quot;L'action de L'Union Européenne en faveur de la jeunesse&quot;" /></h1>
<p>&nbsp;</p>
<div class="entry-content">
<p><strong><em>Vendredi 13 décembre 2013 : </em></strong></p>
<p><strong><em>Le M2 FCTG au rendez-vous annuel des élus à Cité 21.</em></strong></p>
<p><a href="http://m2fctg.free.fr/wp-content/uploads/2012/03/Capture5.jpg"><img loading="lazy" decoding="async" title="Capture5" src="http://m2fctg.free.fr/wp-content/uploads/2012/03/Capture5.jpg" alt="" width="769" height="502" /></a></p>
<p>&nbsp;</p>
<p><strong><em> Les </em><em>12 et 13 Octobre 2013 </em></strong></p>
<p><strong>Congrès National de l’Association des Maires ruraux de France (AMRF)</strong></p>
<p>Invitation faite au M2 FCTG de particper au congrès National de l’AMRF à Port-sur-Saone. Merci à son Président, Vanik BERBERIAN, pour son aimable invitation et à Cédric SZEBO, Président de l’AMRF (Lyon) pour la qualité de la table ronde consacrée à la solidarité financière<strong>.</strong></p>
<p>Cerdric SZEBO et Patrice RAYMOND, à l’occasion de l’atelier « Finances locales »</p>
<p><a href="http://m2fctg.free.fr/wp-content/uploads/2012/03/Captur1e.jpg"><img loading="lazy" decoding="async" title="Captur1e" src="http://m2fctg.free.fr/wp-content/uploads/2012/03/Captur1e.jpg" alt="" width="733" height="464" /></a></p>
<p>&nbsp;</p>
<p>Vanik BERBERIAN, Président de l’AMRF, et Patrice RAYMOND</p>
<p><a href="http://m2fctg.free.fr/wp-content/uploads/2012/03/Capture3.jpg"><img loading="lazy" decoding="async" class="size-full wp-image-1654 alignleft" title="Capture" src="http://m2fctg.free.fr/wp-content/uploads/2012/03/Capture3.jpg" alt="" width="704" height="347" /></a></p>
<p><strong><em> </em></strong></p>
</div>
<p><strong><em>Mai 2013: Assemblée générale des jeunes agriculteurs de le Région Bourgogne – Invitation du M2 FCTG pour une présentation du cadre financier actuel des Régions et du nouvel environnement institutionnel et financier de l’Etat et des Collectivités territoriales.</em></strong></p>
<div class="entry-content">
<p><strong><em>6 et 7 décembre 2012 </em></strong><br />
<a title="Cité21_2012" href="http://blog.ube.fr/m2fctg/wp-content/uploads/sites/36/2015/12/Cité21_2012.jpg" target="_blank" rel="noopener">Cité 21 – 12ème édition du salon des collectivités territoriales de Côte d’Or</a> Grand rendez-vous annuel départemental réunissant tous les grands acteurs de la commande publique avec l’ensemble de leurs partenaires.</p>
<p>&nbsp;</p>
<p><strong><em>Jeudi 25 octobre 2012</em></strong><br />
Colloque Européen &#8211; <a title="Le_cadre_financier_de_lUE" href="http://blog.ube.fr/m2fctg/wp-content/uploads/sites/36/2015/12/8968_2012-10-25_depliant_colloque_cadre_financier_de_lUE.pdf" target="_blank" rel="noopener">Le cadre financier de l’Union Européenne 2014 – 2020</a></p>
<p>&nbsp;</p>
<p><strong><em>27 septembre 2011<br />
</em></strong>Conférences sur la réforme des territoires et le rôle des « financiers » dans les collectivités locales – Ville de Talant</p>
<p><a href="http://m2fctg.free.fr/wp-content/uploads/2012/03/IMG_3580.jpg"><img loading="lazy" decoding="async" class="size-full wp-image-1454 alignnone" title="IMG_3580" src="http://m2fctg.free.fr/wp-content/uploads/2012/03/IMG_3580.jpg" alt="" width="300" height="200" /></a><a href="http://m2fctg.free.fr/wp-content/uploads/2012/03/IMG_3552.jpg"><img loading="lazy" decoding="async" class="size-full wp-image-1455 alignnone" title="IMG_3552" src="http://m2fctg.free.fr/wp-content/uploads/2012/03/IMG_3552.jpg" alt="" width="300" height="200" /><br />
</a><em>Patrice RAYMOND à l’invitation de Gilbert MENUT, Maire de Talant</em></p>
</div>
<div><strong><em><br />
</em></strong></div>
<div></div>
<div style="padding-left: 390px"><em>Site réalisé par Thomas Cornille</em></div>

<p>Vendredi 9 décembre 2016 : Le M2 FCTG à Cité 21. Vendredi 11 décembre 2015 : Le M2 FCTG à Cité 21. &nbsp; &nbsp; &nbsp; Jeudi 15 octobre 2015 Colloque européen à l&#8217;Université de Bourgogne  : « L&#8217;action de L&#8217;Union Européenne en faveur de la jeunesse » &nbsp; Vendredi 13 décembre 2013 : Le M2 FCTG</p>
<p><a class="button" href="https://blog.ube.fr/m2fctg/colloques/" title="More">  Voir plus →</a></p>
