{"id":48,"date":"2015-10-19T16:06:12","date_gmt":"2015-10-19T15:06:12","guid":{"rendered":"http:\/\/blog.u-bourgogne.fr\/m2fctg\/?page_id=48"},"modified":"2022-03-01T10:03:10","modified_gmt":"2022-03-01T09:03:10","slug":"revue-de-presse","status":"publish","type":"page","link":"https:\/\/blog.ube.fr\/m2fctg\/revue-de-presse\/","title":{"rendered":"Revue de Presse"},"content":{"rendered":"<h4><strong>La classification du Master 2 dans la Presse nationale et locale<br \/>\n<\/strong><\/h4>\n<p><a href=\"http:\/\/blog.ube.fr\/m2fctg\/wp-content\/uploads\/sites\/36\/2018\/01\/Couvertures-2017-2018-OBS.jpg\"><img loading=\"lazy\" decoding=\"async\" class=\"alignright size-full wp-image-1255\" src=\"http:\/\/blog.ube.fr\/m2fctg\/wp-content\/uploads\/sites\/36\/2018\/01\/Couvertures-2017-2018-OBS.jpg\" alt=\"\" width=\"3485\" height=\"1000\" srcset=\"https:\/\/blog.ube.fr\/m2fctg\/wp-content\/uploads\/sites\/36\/2018\/01\/Couvertures-2017-2018-OBS.jpg 3485w, https:\/\/blog.ube.fr\/m2fctg\/wp-content\/uploads\/sites\/36\/2018\/01\/Couvertures-2017-2018-OBS-768x220.jpg 768w\" sizes=\"auto, (max-width: 3485px) 100vw, 3485px\" \/><\/a><\/p>\n<p><a href=\"http:\/\/blog.ube.fr\/m2fctg\/wp-content\/uploads\/sites\/36\/2015\/10\/MOT-du-D.-et-Presse-natinale-page-002-e1453665904366.jpg\" rel=\"attachment wp-att-382\"><img loading=\"lazy\" decoding=\"async\" class=\"alignnone wp-image-382 size-full\" src=\"http:\/\/blog.ube.fr\/m2fctg\/wp-content\/uploads\/sites\/36\/2015\/10\/MOT-du-D.-et-Presse-natinale-page-002-e1453665997745.jpg\" alt=\"MOT du D. et Presse natinale-page-002\" width=\"2048\" height=\"1880\" srcset=\"https:\/\/blog.ube.fr\/m2fctg\/wp-content\/uploads\/sites\/36\/2015\/10\/MOT-du-D.-et-Presse-natinale-page-002-e1453665997745.jpg 2048w, https:\/\/blog.ube.fr\/m2fctg\/wp-content\/uploads\/sites\/36\/2015\/10\/MOT-du-D.-et-Presse-natinale-page-002-e1453665997745-768x705.jpg 768w, https:\/\/blog.ube.fr\/m2fctg\/wp-content\/uploads\/sites\/36\/2015\/10\/MOT-du-D.-et-Presse-natinale-page-002-e1453665997745-300x275.jpg 300w\" sizes=\"auto, (max-width: 2048px) 100vw, 2048px\" \/><\/a><\/p>\n<p><a href=\"http:\/\/blog.ube.fr\/m2fctg\/wp-content\/uploads\/sites\/36\/2019\/01\/Capture-d\u2019\u00e9cran-2019-01-26-\u00e0-08.43.06.png\"><img loading=\"lazy\" decoding=\"async\" class=\"aligncenter wp-image-1850 \" src=\"http:\/\/blog.ube.fr\/m2fctg\/wp-content\/uploads\/sites\/36\/2019\/01\/Capture-d\u2019\u00e9cran-2019-01-26-\u00e0-08.43.06.png\" alt=\"\" width=\"447\" height=\"274\" srcset=\"https:\/\/blog.ube.fr\/m2fctg\/wp-content\/uploads\/sites\/36\/2019\/01\/Capture-d\u2019\u00e9cran-2019-01-26-\u00e0-08.43.06.png 2848w, https:\/\/blog.ube.fr\/m2fctg\/wp-content\/uploads\/sites\/36\/2019\/01\/Capture-d\u2019\u00e9cran-2019-01-26-\u00e0-08.43.06-768x471.png 768w\" sizes=\"auto, (max-width: 447px) 100vw, 447px\" \/><\/a><\/p>\n<p>&nbsp;<\/p>\n<p><strong>France 3 Bourgogne<\/strong><\/p>\n<div class=\"entry-content\">\n<ul>\n<li><a href=\"https:\/\/france3-regions.francetvinfo.fr\/bourgogne-franche-comte\/cote-d-or\/dijon\/bourgogne-quand-etudiants-finances-publiques-viennent-aide-aux-elus-ruraux-1630136.html?fbclid=IwAR3Ramyvuh6-0xVvRpHOqJ-dnVpxKUPahvpIRmK1Hlh9WRodfxUDgHGjvuw\">&#8220;Bourgogne : quand les \u00e9tudiants viennent en aide finances publiques viennent en aide aux \u00e9lus ruraux&#8221; &#8211; France 3 Bourgogne &#8211; 26\/02\/2019<\/a><\/li>\n<\/ul>\n<div class=\"entry-content\">\n<p><strong>Le Journal du Palais<\/strong><\/p>\n<\/div>\n<div class=\"entry-content\">\n<ul>\n<li><a href=\"https:\/\/blog.ube.fr\/m2fctg\/wp-content\/uploads\/sites\/36\/2020\/01\/Article-FCTG.pdf\">\u00ab Les collectivit\u00e9s face aux r\u00e9formes fiscales \u00bb Du 25 au 31\/03\/2019<\/a><\/li>\n<\/ul>\n<\/div>\n<p><strong>Nouvel Observateur \/ Challenges<\/strong><\/p>\n<\/div>\n<div class=\"entry-content\">\n<ul>\n<li>\u00ab Le guide des dipl\u00f4mes 2018\u00a0 \u00bb \u2013 Le Nouvel Observateur Etudiants &#8211; 13\/12\/2017<\/li>\n<li><a href=\"http:\/\/blog.ube.fr\/m2fctg\/wp-content\/uploads\/sites\/36\/2018\/02\/OBS-2727.pdf\" target=\"_blank\" rel=\"noopener noreferrer\">\u00ab Les meilleurs dipl\u00f4mes pour trouver un travail \u00bb \u2013 Le Nouvel Observateur &#8211; 09\/02\/2017<\/a><\/li>\n<li>\u00ab La vraie cote des dipl\u00f4mes 2017\u00a0 \u00bb \u2013 Le Nouvel Observateur &#8211; 29\/12\/2016<\/li>\n<li><a href=\"https:\/\/www.nouvelobs.com\/education\/diplomes\/20160127.OBS3482\/fonction-publique-les-metiers-evoluent-les-missions-se-tranforment.html\" target=\"_blank\" rel=\"noopener noreferrer\">\u00ab\u00a0Les dipl\u00f4mes qui donnent du travail \u00bb \u2013 Le Nouvel Observateur &#8211; 28\/01\/2016<\/a><\/li>\n<li><a href=\"http:\/\/blog.ube.fr\/m2fctg\/wp-content\/uploads\/sites\/36\/2016\/01\/Nouvel-Obs-V-Prunier-2014.pdf\" target=\"_blank\" rel=\"noopener noreferrer\">\u00ab\u00a0Les dipl\u00f4mes qui donnent du travail \u2026 les fili\u00e8res gagnantes\u00a0\u00bb \u2013 Le Nouvel Observateur &#8211; 02\/2014<\/a><\/li>\n<li><a href=\"http:\/\/blog.ube.fr\/m2fctg\/wp-content\/uploads\/sites\/36\/2016\/01\/OBS-FCTG.pdf\">\u00ab\u00a0La cote 2014 des dipl\u00f4mes\u00a0<\/a><a href=\"https:\/\/www.nouvelobs.com\/education\/diplomes\/20160127.OBS3482\/fonction-publique-les-metiers-evoluent-les-missions-se-tranforment.html\">\u00bb<\/a><a href=\"http:\/\/blog.ube.fr\/m2fctg\/wp-content\/uploads\/sites\/36\/2016\/01\/OBS-FCTG.pdf\" target=\"_blank\" rel=\"noopener noreferrer\"> \u2013 Le Nouvel Observateur Etudiants &#8211; 01\/2014<\/a><\/li>\n<li><a title=\"Challenges_M2FCTG\" href=\"http:\/\/blog.ube.fr\/m2fctg\/wp-content\/uploads\/sites\/36\/2016\/01\/Challenges_M2FCTG.pdf\" target=\"_blank\" rel=\"noopener noreferrer\">\u00ab\u00a0La cote 2013 des dipl\u00f4mes\u00a0\u00bb \u2013 Challenges N\u00b0326 &#8211; 20\/12\/2012 et 09\/01\/2013<\/a><\/li>\n<li><a href=\"http:\/\/blog.ube.fr\/m2fctg\/wp-content\/uploads\/sites\/36\/2018\/02\/NO-2013.pdf\" target=\"_blank\" rel=\"noopener noreferrer\">\u00ab\u00a0Les p\u00e9pites 2013 de la Fac\u00a0\u00bb &#8211;\u00a0Le Nouvel Observateur Etudiants\u00a0 &#8211; 01\/2013<\/a><\/li>\n<\/ul>\n<p><strong>Le Bien Public \u2013 Quotidien de Dijon &amp; de la C\u00f4te d\u2019Or<br \/>\n<\/strong><\/p>\n<ul>\n<li><a href=\"https:\/\/www.bienpublic.com\/politique\/2021\/09\/26\/julie-bossu-est-la-nouvelle-directrice-generale-des-services\">&#8220;Bretigny. Julie Bossu est la nouvelle directrice g\u00e9n\u00e9rale des services&#8221; &#8211; Le Bien Public &#8211; 26\/09\/2021<\/a><\/li>\n<li><a href=\"http:\/\/blog.ube.fr\/m2fctg\/wp-content\/uploads\/sites\/36\/2019\/03\/52997104_2369878809910632_4107356420066770944_n.jpg\">&#8220;Les \u00e9tudiants viennent en aide aux maires de communes rurales&#8221; &#8211; Le Bien Public &#8211; 27\/02\/2019<\/a><\/li>\n<li><a href=\"http:\/\/www.bienpublic.com\/cote-d-or\/2017\/06\/22\/un-nouveau-diplome-a-l-universite-de-bourgogne\" target=\"_blank\" rel=\"noopener noreferrer\">\u00ab Un nouveau dipl\u00f4me \u00e0 l&#8217;universit\u00e9 de Bourgogne \u00bb &#8211; Le Bien Public &#8211; 22\/06\/2017<\/a><\/li>\n<li><a href=\"http:\/\/www.bienpublic.com\/edition-cote-de-beaune\/2017\/05\/03\/audrey-perdu-chassagne-de-passage-a-la-com-com\" target=\"_blank\" rel=\"noopener noreferrer\">\u00ab Pouilly-en-Auxois : Audrey Perdu-Chassagne, de passage \u00e0 la com\u2019com \u00bb &#8211; Le Bien Public &#8211; 03\/05\/2017<\/a><\/li>\n<li><a href=\"http:\/\/www.bienpublic.com\/education\/2016\/11\/09\/didier-migaud-(cour-des-comptes)-recompense-des-etudiants-de-l-ub\" target=\"_blank\" rel=\"noopener noreferrer\">\u00ab Didier Migaud (Cour des comptes) r\u00e9compense des \u00e9tudiants de l\u2019uB \u00bb &#8211; Le Bien Public &#8211; 09\/11\/2016<\/a><\/li>\n<li><a href=\"http:\/\/www.bienpublic.com\/education\/2015\/10\/06\/rencontre-des-quatre-master-2-de-l-institut-a-la-premiere-rencontre-inter-promotion\" target=\"_blank\" rel=\"noopener noreferrer\">\u00ab Dijon : Rencontre des quatre Master 2 de l&#8217;Institut \u00e0 la premi\u00e8re rencontre inter-promotion \u00bb &#8211; Le Bien Public &#8211; 06\/10\/2015<\/a><\/li>\n<li><a title=\"M2FCTG_Remise_des_diplomes\" href=\"http:\/\/www.bienpublic.com\/grand-dijon\/2013\/10\/19\/le-monde-financier-s-ouvre-a-eux\" target=\"_blank\" rel=\"noopener noreferrer\">\u00ab\u00a0Dijon : Le monde financier s\u2019ouvre \u00e0 eux\u00a0\u00bb \u2013 Le Bien Public &#8211; 19\/10\/2013<\/a><\/li>\n<li><a title=\"M2FCTG_Banque_de_France\" href=\"http:\/\/www.bienpublic.com\/education\/2013\/10\/16\/l-universite-de-bourgogne-accueillie-a-la-banque-de-france\" target=\"_blank\" rel=\"noopener noreferrer\">\u00ab\u00a0L\u2019Universit\u00e9 de Bourgogne accueillie \u00e0 la Banque de France\u00a0\u00bb \u2013 Le Bien Public &#8211;\u00a0 16\/10\/2013<\/a><\/li>\n<li><a title=\"JFL_2013\" href=\"http:\/\/www.bienpublic.com\/cote-d-or\/2013\/06\/17\/patrice-raymond-tout-sur-la-solidarite-financiere\" target=\"_blank\" rel=\"noopener noreferrer\">Patrice Raymond : \u00ab\u00a0Tout sur la solidarit\u00e9 financi\u00e8re\u00a0\u00bb \u2013 Le Bien Public &#8211; 17\/06\/2013<\/a><\/li>\n<li><a title=\"Bien_Public_Stage_GarnierCeline\" href=\"http:\/\/www.bienpublic.com\/region-dijonnaise\/2013\/04\/24\/arceau-le-cursus-de-celine-garnier-passe-par-le-mirebellois\" target=\"_blank\" rel=\"noopener noreferrer\">\u00ab\u00a0Le cursus de C\u00e9line Garnier passe par le Mirebellois\u00a0\u00bb \u2013 Le Bien Public &#8211; 24\/04\/2013<\/a><\/li>\n<li><a title=\"Bien_Public_Dijon Un master de l'ub remarqu\u00e9 par la revue Challenges\" href=\"http:\/\/m2fctg.free.fr\/wp-content\/uploads\/2013\/02\/Le_Bien_Public_Dijon_Un-master-de-l%E2%80%99uB-remarqu%C3%A9-par-la-revue-Challenges.pdf\" target=\"_blank\" rel=\"noopener noreferrer\">\u00ab\u00a0Dijon : un master de l\u2019uB remarqu\u00e9 par la revue Challenges\u00a0\u00bb \u2013 Le Bien Public &#8211; 25\/02\/2013<\/a><\/li>\n<li><a title=\"Cit\u00e9_21_2012_Article_Bien_Public\" href=\"http:\/\/m2fctg.free.fr\/wp-content\/uploads\/2012\/11\/artice-BP-Cit%C3%A921-1.pdf\" target=\"_blank\" rel=\"noopener noreferrer\">Cit\u00e9 21 \u2013 Conf\u00e9rence anim\u00e9e par Patrice Raymond \u00ab\u00a0La place pour les D\u00e9partements dans le futur Acte III de la d\u00e9centralisation\u00a0\u00bb \u2013 Le Bien Public &#8211; 07\/12\/2012<\/a><\/li>\n<li><a title=\"Article BienPublic\" href=\"http:\/\/m2fctg.free.fr\/wp-content\/uploads\/2012\/11\/M2FCTG_BienPublic.pdf\" target=\"_blank\" rel=\"noopener noreferrer\">\u00ab\u00a0Enseignement Dijon : Pour des \u00e9lites pragmatiques\u00a0\u00bb \u2013 Le Bien Public 19\/12\/2011<\/a><\/li>\n<li><a title=\"BIEN_PUBLIC_MARS_2007\" href=\"http:\/\/m2fctg.free.fr\/wp-content\/uploads\/2012\/11\/BIEN_PUBLIC_MARS_2007.pdf\" target=\"_blank\" rel=\"noopener noreferrer\">\u00ab\u00a0Deux partenaires pour un master\u00a0\u00bb \u2013 Le Bien Public \u2013 03\/2007<\/a><\/li>\n<li><a title=\"BIEN_PUBLIC_JUIN_2004\" href=\"http:\/\/m2fctg.free.fr\/wp-content\/uploads\/2012\/11\/BIEN_PUBLIC_JUIN_2004.pdf\" target=\"_blank\" rel=\"noopener noreferrer\">\u00ab\u00a0Facult\u00e9 de droit: Un nouveau dipl\u00f4me\u00a0\u00bb \u2013 Le Bien Public \u2013 06\/2004<\/a><\/li>\n<li><a title=\"BIEN_PUBLIC_FISCALE\" href=\"http:\/\/m2fctg.free.fr\/wp-content\/uploads\/2012\/11\/BIEN_PUBLIC_FISCALE.pdf\" target=\"_blank\" rel=\"noopener noreferrer\">\u00ab\u00a0Une journ\u00e9e pour r\u00e9fl\u00e9chir sur la fiscalit\u00e9\u00a0\u00bb \u2013 Le Bien Public \u2013 06\/2002<\/a><\/li>\n<\/ul>\n<p><strong>EcoPlus 21 &#8211;\u00a0Hebdomadaire d\u2019actualit\u00e9s professionnelles juridiques, sociales, \u00e9conomiques et fiscales de C\u00f4te d\u2019or<\/strong><\/p>\n<ul>\n<li><a href=\"http:\/\/blog.ube.fr\/m2fctg\/wp-content\/uploads\/sites\/36\/2016\/01\/document_fusionne_2.pdf\" target=\"_blank\" rel=\"noopener noreferrer\">\u00abPatrice Raymond : Intelligence \u00e9conomique , la sph\u00e8re publique en pleine mutation \u00bb &#8211; EcoPlus 21 n\u00b0267 du 27 mai au 2 juin 2010<\/a><\/li>\n<li><a title=\"Article BienPublic\" href=\"http:\/\/blog.ube.fr\/m2fctg\/wp-content\/uploads\/sites\/36\/2016\/01\/ECO_PLUS_21_OCTOBRE_2009.pdf\" target=\"_blank\" rel=\"noopener noreferrer\">\u00ab\u00a0Patrice Raymond\u00a0\u00bb \u2013 EcoPlus 21 \u2013 15\/09\/2009<\/a><\/li>\n<\/ul>\n<p><strong>Echo des Communes\u00a0<\/strong><\/p>\n<\/div>\n<ul>\n<li><a href=\"http:\/\/blog.ube.fr\/m2fctg\/wp-content\/uploads\/sites\/36\/2019\/01\/Sans-titre.pdf\">Master 2 : Quand les \u00e9tudiants viennent en aide aux maires ruraux<\/a><\/li>\n<\/ul>\n<div class=\"entry-content\">\n<p><strong>La Gazette\u00a0<\/strong><\/p>\n<ul>\n<li><a href=\"http:\/\/blog.ube.fr\/m2fctg\/wp-content\/uploads\/sites\/36\/2018\/11\/Capture-d\u2019\u00e9cran-2018-10-21-\u00e0-14.36.01-1.png\">\u00ab La diff\u00e9renciation, cl\u00e9 de la solidarit\u00e9 dans les territoires ? \u00bb \u2013 Gazette \u2013 10\/2018<\/a><\/li>\n<li><a href=\"http:\/\/blog.ube.fr\/m2fctg\/wp-content\/uploads\/sites\/36\/2017\/03\/Guide-PDF.pdf\" target=\"_blank\" rel=\"noopener noreferrer\">\u00ab Fusion d\u2019interco : le guide pratique de l\u2019AFIGESE \u00bb \u2013 Gazette \u2013 01\/2017<\/a><\/li>\n<li><a href=\"http:\/\/blog.ube.fr\/m2fctg\/wp-content\/uploads\/sites\/36\/2017\/03\/Article-gazette-sur-la-TVA.pdf\" target=\"_blank\" rel=\"noopener noreferrer\">\u00abTVA, une niche d&#8217;optimisation \u00bb \u2013 Gazette \u2013 09\/2015<\/a><\/li>\n<li><a href=\"http:\/\/blog.ube.fr\/m2fctg\/wp-content\/uploads\/sites\/36\/2017\/03\/Lagazette.fr-\u00bb-Versement-transport-_-les-AOT-vont-p\u00e2tir-du-nouveau-r\u00e9gime-d\u2019exon\u00e9ration-\u00bb-Print.pdf\" target=\"_blank\" rel=\"noopener noreferrer\">\u00ab Les AOT vont p\u00e2tir du nouveau r\u00e9gime d\u2019exon\u00e9ration \u00bb \u2013 Gazette \u2013 10\/2014<\/a><\/li>\n<li><a href=\"http:\/\/blog.ube.fr\/m2fctg\/wp-content\/uploads\/sites\/36\/2016\/01\/GAZETTE_MARS_2007.pdf\" target=\"_blank\" rel=\"noopener noreferrer\">\u00ab\u00a0Un master professionnel pour cadres financiers\u00a0\u00bb \u2013 Gazette \u2013 03\/2007<\/a><\/li>\n<\/ul>\n<\/div>\n<p><strong>Maire en C\u00f4te d&#8217;Or<\/strong><\/p>\n<ul>\n<li><a href=\"http:\/\/blog.ube.fr\/m2fctg\/wp-content\/uploads\/sites\/36\/2016\/01\/document_fusionne.pdf\" target=\"_blank\" rel=\"noopener noreferrer\">\u00ab Des \u00e9tats g\u00e9n\u00e9raux pour pr\u00e9parer l&#8217;avenir des territoires et am\u00e9liorer la d\u00e9centralisation \u00bb &#8211; Novembre 2012<\/a><\/li>\n<\/ul>\n<p><strong>Creusot Infos<\/strong><\/p>\n<ul>\n<li><a href=\"https:\/\/www.creusot-infos.com\/news\/vie-locale\/le-creusot\/le-creusot-deux-anciens-etudiants-de-licence-aes-preparent-une-journee-d-aide-aux-elus-de-la-ruralite.html\">&#8220;LE CREUSOT : Deux anciens \u00e9tudiants de licence AES pr\u00e9parent une journ\u00e9e d&#8217;aide aux \u00e9lus de la ruralit\u00e9&#8221; &#8211; Creusot Infos &#8211; 14\/02\/2022<\/a><\/li>\n<\/ul>\n<p>&nbsp;<\/p>\n<h6 style=\"padding-left: 450px;\"><em>Site r\u00e9alis\u00e9 par Thomas Cornille<\/em><\/h6>\n<p>&nbsp;<\/p>\n<p>&nbsp;<\/p>\n","protected":false},"excerpt":{"rendered":"<p>La classification du Master 2 dans la Presse nationale et locale &nbsp; France 3 Bourgogne &#8220;Bourgogne : quand les \u00e9tudiants viennent en aide finances publiques viennent en aide aux \u00e9lus ruraux&#8221; &#8211; France 3 Bourgogne &#8211; 26\/02\/2019 Le Journal du Palais \u00ab Les collectivit\u00e9s face aux r\u00e9formes fiscales \u00bb Du 25 au 31\/03\/2019 Nouvel Observateur<\/p>\n<p><a class=\"button\" href=\"https:\/\/blog.ube.fr\/m2fctg\/revue-de-presse\/\" title=\"More\">  Voir plus \u2192<\/a><\/p>\n","protected":false},"author":103,"featured_media":0,"parent":0,"menu_order":0,"comment_status":"closed","ping_status":"closed","template":"","meta":{"footnotes":""},"class_list":["post-48","page","type-page","status-publish","hentry"],"_links":{"self":[{"href":"https:\/\/blog.ube.fr\/m2fctg\/wp-json\/wp\/v2\/pages\/48","targetHints":{"allow":["GET"]}}],"collection":[{"href":"https:\/\/blog.ube.fr\/m2fctg\/wp-json\/wp\/v2\/pages"}],"about":[{"href":"https:\/\/blog.ube.fr\/m2fctg\/wp-json\/wp\/v2\/types\/page"}],"author":[{"embeddable":true,"href":"https:\/\/blog.ube.fr\/m2fctg\/wp-json\/wp\/v2\/users\/103"}],"replies":[{"embeddable":true,"href":"https:\/\/blog.ube.fr\/m2fctg\/wp-json\/wp\/v2\/comments?post=48"}],"version-history":[{"count":36,"href":"https:\/\/blog.ube.fr\/m2fctg\/wp-json\/wp\/v2\/pages\/48\/revisions"}],"predecessor-version":[{"id":2400,"href":"https:\/\/blog.ube.fr\/m2fctg\/wp-json\/wp\/v2\/pages\/48\/revisions\/2400"}],"wp:attachment":[{"href":"https:\/\/blog.ube.fr\/m2fctg\/wp-json\/wp\/v2\/media?parent=48"}],"curies":[{"name":"wp","href":"https:\/\/api.w.org\/{rel}","templated":true}]}}