{"id":32,"date":"2015-10-19T16:00:38","date_gmt":"2015-10-19T15:00:38","guid":{"rendered":"http:\/\/blog.u-bourgogne.fr\/m2fctg\/?page_id=32"},"modified":"2025-05-02T09:19:53","modified_gmt":"2025-05-02T08:19:53","slug":"accueil","status":"publish","type":"page","link":"https:\/\/blog.ube.fr\/m2fctg\/","title":{"rendered":"Accueil"},"content":{"rendered":"<h3><\/h3>\n<h3><img loading=\"lazy\" decoding=\"async\" class=\"wp-image-1718 alignright\" src=\"http:\/\/blog.ube.fr\/m2fctg\/wp-content\/uploads\/sites\/36\/2018\/11\/44306332_1866990396710516_7714653869489258496_n.jpg\" alt=\"\" width=\"146\" height=\"128\" \/><a style=\"font-size: 16px; font-weight: 400;\" href=\"https:\/\/blog.ube.fr\/m2fctg\/presentation-2\/\"><img loading=\"lazy\" decoding=\"async\" class=\"wp-image-2257 alignleft\" src=\"https:\/\/blog.ube.fr\/m2fctg\/wp-content\/uploads\/sites\/36\/2020\/02\/LOGO-BEC-.png\" alt=\"\" width=\"162\" height=\"135\" \/><\/a><\/h3>\n<p>&nbsp;<\/p>\n<p><a href=\"http:\/\/blog.ube.fr\/m2fctg\/wp-content\/uploads\/sites\/36\/2018\/11\/424822_295479270564540_1484677824_n.jpg\"><img loading=\"lazy\" decoding=\"async\" class=\"wp-image-1717 aligncenter\" src=\"http:\/\/blog.ube.fr\/m2fctg\/wp-content\/uploads\/sites\/36\/2018\/11\/424822_295479270564540_1484677824_n.jpg\" alt=\"\" width=\"240\" height=\"240\" srcset=\"https:\/\/blog.ube.fr\/m2fctg\/wp-content\/uploads\/sites\/36\/2018\/11\/424822_295479270564540_1484677824_n.jpg 552w, https:\/\/blog.ube.fr\/m2fctg\/wp-content\/uploads\/sites\/36\/2018\/11\/424822_295479270564540_1484677824_n-150x150.jpg 150w\" sizes=\"auto, (max-width: 240px) 100vw, 240px\" \/><\/a><\/p>\n<p>&nbsp;<\/p>\n<p style=\"text-align: center;\"><a href=\"https:\/\/blog.ube.fr\/m2fctg\/wp-content\/uploads\/sites\/36\/2025\/02\/PROMO-1.jpeg\"><img loading=\"lazy\" decoding=\"async\" class=\"aligncenter wp-image-3121 size-full\" src=\"https:\/\/blog.ube.fr\/m2fctg\/wp-content\/uploads\/sites\/36\/2025\/02\/PROMO-1.jpeg\" alt=\"\" width=\"1600\" height=\"1063\" srcset=\"https:\/\/blog.ube.fr\/m2fctg\/wp-content\/uploads\/sites\/36\/2025\/02\/PROMO-1.jpeg 1600w, https:\/\/blog.ube.fr\/m2fctg\/wp-content\/uploads\/sites\/36\/2025\/02\/PROMO-1-768x510.jpeg 768w, https:\/\/blog.ube.fr\/m2fctg\/wp-content\/uploads\/sites\/36\/2025\/02\/PROMO-1-1536x1020.jpeg 1536w\" sizes=\"auto, (max-width: 1600px) 100vw, 1600px\" \/><\/a>La promotion 2024 \u2013 2025, \u00e0 l\u2019Universit\u00e9 de Bourgogne \u00e0 Dijon, avec le directeur du Master Patrice Raymond<\/p>\n<p>&nbsp;<\/p>\n<h3 style=\"text-align: center;\"><strong>Le mot du directeur du Master 2 Professionnel en alternance<br \/>\n<\/strong><strong><em>\u00ab\u00a0Finances des Collectivit\u00e9s Territoriales et des Groupements\u00a0\u00bb<\/em><\/strong><\/h3>\n<h3 style=\"text-align: center;\"><\/h3>\n<p>Je suis tr\u00e8s heureux de vous accueillir sur le site de notre master 2 professionnel \u00ab\u00a0<em>finances des collectivit\u00e9s territoriales et des groupements\u00a0<\/em>\u00bb qui f\u00eate \u00e0 l\u2019occasion de la rentr\u00e9e universitaire 2024\/2025 ses 20 ans !<\/p>\n<p>Professionnel(le) des finances publiques ou du droit des collectivit\u00e9s, futur(e) membre du M2 FCTG, \u00e9lu local, membre d\u2019une association, anciens dipl\u00f4m\u00e9s ou administr\u00e9, j\u2019esp\u00e8re que vous trouverez sur le site de notre dipl\u00f4me toutes informations attendues.<\/p>\n<p>En 20 ans, ce sont plus de 400 \u00e9tudiantes et \u00e9tudiants qui se sont engag\u00e9(e)s directement ou indirectement aupr\u00e8s des collectivit\u00e9s locales, de l\u2019Etat, du secteur public Hospitalier, du secteur bancaire et du monde de l\u2019expertise.<\/p>\n<p>Dans le secteur priv\u00e9 ou public, en France ou \u00e0 l\u2019\u00e9tranger, dans les plus petites collectivit\u00e9s comme dans les plus grandes m\u00e9tropoles, vous mesurerez sur ce site l\u2019importance de notre r\u00e9seau d\u2019anciens et de partenaires institutionnels tr\u00e8s pr\u00e9cieux.<\/p>\n<p>Ainsi que vous le constaterez sur ce site, le passage en alternance du M2 FCTG a encore renforc\u00e9 le nombre de ces contacts. Le taux d\u2019int\u00e9gration de 100% des \u00e9tudiants en formation continue ou en formation professionnelle est r\u00e9guli\u00e8rement salu\u00e9 par la presse nationale et locale. \u00a0Ce rayonnement nous permet \u00e9galement tous les ans de recevoir une habilitation sp\u00e9ciale de l\u2019Universit\u00e9 de Cambridge \u00e0 pr\u00e9parer nos \u00e9tudiants \u00e0 des certifications de grande valeur.<\/p>\n<p>De lois de finances en lois de programmation, le besoin d\u2019expertise financi\u00e8re et fiscale dans les secteurs priv\u00e9s et publics ne fait que s\u2019accroitre.<\/p>\n<p>Mettre \u00e0 disposition les expertises nombreuses acquises dans des domaines tr\u00e8s vari\u00e9s tout en pr\u00e9parant le concours d\u2019attach\u00e9 territorial, mettre en \u0153uvre les analyses financi\u00e8res qui permettent de s\u2019interroger sur la bonne sant\u00e9 des collectivit\u00e9s, proc\u00e9der \u00e0 la n\u00e9gociation des emprunts, \u00e0 un contr\u00f4le budg\u00e9taire et \u00e0 la mise en place d\u2019une v\u00e9ritable strat\u00e9gie financi\u00e8re du bloc communal, telles sont, entre bien d\u2019autres, \u00a0les comp\u00e9tences que notre M2 vous permettra d\u2019acqu\u00e9rir, dans un esprit de travail, de convivialit\u00e9, d\u2019\u00e9changes et de bonne humeur qui caract\u00e9rise notre dipl\u00f4me.<\/p>\n<p>Au gr\u00e9 de votre visite, vous constaterez d\u2019autres sources d\u2019expertises et de contacts avec les professionnels des finances locales administratif et \u00e9lus sont propos\u00e9es tout au long de l\u2019ann\u00e9e. \u2026<\/p>\n<p>Bonne visite\u00a0sur notre site et \u00e0 tr\u00e8s bient\u00f4t sans doute en tant qu\u2019\u00e9tudiant ou \u00e9tudiante du M2 FCTG\u00a0!<\/p>\n<p><img loading=\"lazy\" decoding=\"async\" class=\"aligncenter\" src=\"https:\/\/blog.ube.fr\/m2fctg\/wp-content\/uploads\/sites\/36\/2023\/12\/Site-M2-FCTG.jpg\" width=\"130\" height=\"200\" \/><\/p>\n<p style=\"text-align: center;\">Patrice RAYMOND<\/p>\n<p style=\"text-align: center;\">Ma\u00eetre de conf\u00e9rences &#8211; HDR &#8211; en droit public<\/p>\n<p style=\"text-align: center;\">Directeur du master 2 \u00ab <em>finances des collectivit\u00e9s territoriales et des groupeme<\/em>nts \u00bb<\/p>\n<p style=\"text-align: center;\">Directeur du DU \u00ab\u00a0<em>Audit expertise et Strat\u00e9gie financi\u00e8re<\/em>\u00a0\u00bb<\/p>\n<p style=\"text-align: center;\">Directeur p\u00e9dagogique du master 1 AES option \u00ab\u00a0Administration G\u00e9n\u00e9rale des Territoires\u00a0\u00bb<\/p>\n<p style=\"text-align: center;\">Ancien adjoint au Maire<\/p>\n<p style=\"text-align: center;\"><a href=\"mailto:patrice.raymond@u-bourgogne.fr\">patrice.raymond@u-bourgogne.fr<\/a><\/p>\n<p>&nbsp;<\/p>\n<p style=\"text-align: center;\"><strong>Le mot du Pr\u00e9sident de<em> l&#8217;Association FICOTEG\u00a0<\/em><\/strong><\/p>\n<p style=\"text-align: left;\">C\u2019est avec plaisir et fiert\u00e9 que j\u2019ai \u00e9t\u00e9 \u00e9lu pr\u00e9sident de l\u2019association FICOTEG qui promeut le M2 FCTG auquel elle est attach\u00e9e. C\u2019est une \u00e9quipe pleine de ressources qui compose notre promotion 2024-2025. Cette derni\u00e8re ann\u00e9e de formation en alternance doit permettre de faire s\u2019exprimer \u00e0 leur plein potentiel ces ressources, au profit des collectivit\u00e9s territoriales, de leurs administr\u00e9s et de l\u2019int\u00e9r\u00eat g\u00e9n\u00e9ral.<\/p>\n<p style=\"text-align: left;\">Ind\u00e9niablement formatrice, la r\u00e9alisation d\u2019un contrat professionnel en alternance ajoute de l\u2019exigence \u00e0 la gestion de l\u2019association. Nous devons assurer aux futurs \u00e9tudiants qui nous succ\u00e9deront de trouver rapidement une alternance, et d\u2019assurer une passation douce entre les bureaux. Ainsi, le bureau s\u2019engage \u00e0 mettre en \u0153uvre des actions en direction des \u00e9tudiants du M1 AES AGT, d\u00e9sireux de rejoindre le M2 FCTG, concernant notamment la recherche d\u2019une alternance.<\/p>\n<p>Enfin, l\u2019actualit\u00e9 du PLF 2025 d\u00e9montre l\u2019atout incontournable que repr\u00e9sentent les laur\u00e9ats du M2 FCTG, face \u00e0 un environnement financier local toujours plus contraint. Nos collectivit\u00e9s et les services qu\u2019elles assurent ont besoin de responsables financiers de qualit\u00e9, \u00e0 haut niveau de comp\u00e9tence, pour rendre le quotidien des administr\u00e9s le plus serein qu\u2019il puisse \u00eatre.<\/p>\n<p>J\u2019adresse tous mes v\u0153ux de r\u00e9ussite aux membres de la promotion, et nous souhaite de faire de cette ann\u00e9e une ann\u00e9e m\u00e9morable pour chacun d\u2019entre nous.<\/p>\n<p>&nbsp;<\/p>\n<p><a href=\"https:\/\/blog.ube.fr\/m2fctg\/wp-content\/uploads\/sites\/36\/2024\/12\/image.png\"><img loading=\"lazy\" decoding=\"async\" class=\" wp-image-3111 aligncenter\" src=\"https:\/\/blog.ube.fr\/m2fctg\/wp-content\/uploads\/sites\/36\/2024\/12\/image-290x220.png\" alt=\"\" width=\"214\" height=\"162\" srcset=\"https:\/\/blog.ube.fr\/m2fctg\/wp-content\/uploads\/sites\/36\/2024\/12\/image-290x220.png 290w, https:\/\/blog.ube.fr\/m2fctg\/wp-content\/uploads\/sites\/36\/2024\/12\/image-768x583.png 768w, https:\/\/blog.ube.fr\/m2fctg\/wp-content\/uploads\/sites\/36\/2024\/12\/image.png 1127w\" sizes=\"auto, (max-width: 214px) 100vw, 214px\" \/><\/a><\/p>\n<p style=\"text-align: center;\">Thomas VIDONNE TISSOT<\/p>\n<p style=\"text-align: center;\">Pr\u00e9sident de l\u2019association FICOTEG (2024 \u2013 2025)<\/p>\n<p style=\"text-align: center;\"><em>\u00a0 \u00a0 \u00a0 \u00a0 \u00a0 \u00a0 \u00a0 \u00a0 \u00a0 \u00a0 \u00a0 \u00a0 \u00a0 \u00a0<\/em><\/p>\n","protected":false},"excerpt":{"rendered":"<p>&nbsp; &nbsp; La promotion 2024 \u2013 2025, \u00e0 l\u2019Universit\u00e9 de Bourgogne \u00e0 Dijon, avec le directeur du Master Patrice Raymond &nbsp; Le mot du directeur du Master 2 Professionnel en alternance \u00ab\u00a0Finances des Collectivit\u00e9s Territoriales et des Groupements\u00a0\u00bb Je suis tr\u00e8s heureux de vous accueillir sur le site de notre master 2 professionnel \u00ab\u00a0finances des<\/p>\n<p><a class=\"button\" href=\"https:\/\/blog.ube.fr\/m2fctg\/\" title=\"More\">  Voir plus \u2192<\/a><\/p>\n","protected":false},"author":103,"featured_media":0,"parent":0,"menu_order":0,"comment_status":"closed","ping_status":"closed","template":"","meta":{"footnotes":""},"class_list":["post-32","page","type-page","status-publish","hentry"],"_links":{"self":[{"href":"https:\/\/blog.ube.fr\/m2fctg\/wp-json\/wp\/v2\/pages\/32","targetHints":{"allow":["GET"]}}],"collection":[{"href":"https:\/\/blog.ube.fr\/m2fctg\/wp-json\/wp\/v2\/pages"}],"about":[{"href":"https:\/\/blog.ube.fr\/m2fctg\/wp-json\/wp\/v2\/types\/page"}],"author":[{"embeddable":true,"href":"https:\/\/blog.ube.fr\/m2fctg\/wp-json\/wp\/v2\/users\/103"}],"replies":[{"embeddable":true,"href":"https:\/\/blog.ube.fr\/m2fctg\/wp-json\/wp\/v2\/comments?post=32"}],"version-history":[{"count":70,"href":"https:\/\/blog.ube.fr\/m2fctg\/wp-json\/wp\/v2\/pages\/32\/revisions"}],"predecessor-version":[{"id":3112,"href":"https:\/\/blog.ube.fr\/m2fctg\/wp-json\/wp\/v2\/pages\/32\/revisions\/3112"}],"wp:attachment":[{"href":"https:\/\/blog.ube.fr\/m2fctg\/wp-json\/wp\/v2\/media?parent=32"}],"curies":[{"name":"wp","href":"https:\/\/api.w.org\/{rel}","templated":true}]}}

<h3></h3>
<h3><img loading="lazy" decoding="async" class="wp-image-1718 alignright" src="http://blog.ube.fr/m2fctg/wp-content/uploads/sites/36/2018/11/44306332_1866990396710516_7714653869489258496_n.jpg" alt="" width="146" height="128" /><a style="font-size: 16px; font-weight: 400;" href="https://blog.ube.fr/m2fctg/presentation-2/"><img loading="lazy" decoding="async" class="wp-image-2257 alignleft" src="https://blog.ube.fr/m2fctg/wp-content/uploads/sites/36/2020/02/LOGO-BEC-.png" alt="" width="162" height="135" /></a></h3>
<p>&nbsp;</p>
<p><a href="http://blog.ube.fr/m2fctg/wp-content/uploads/sites/36/2018/11/424822_295479270564540_1484677824_n.jpg"><img loading="lazy" decoding="async" class="wp-image-1717 aligncenter" src="http://blog.ube.fr/m2fctg/wp-content/uploads/sites/36/2018/11/424822_295479270564540_1484677824_n.jpg" alt="" width="240" height="240" srcset="https://blog.ube.fr/m2fctg/wp-content/uploads/sites/36/2018/11/424822_295479270564540_1484677824_n.jpg 552w, https://blog.ube.fr/m2fctg/wp-content/uploads/sites/36/2018/11/424822_295479270564540_1484677824_n-150x150.jpg 150w" sizes="auto, (max-width: 240px) 100vw, 240px" /></a></p>
<p>&nbsp;</p>
<p style="text-align: center;"><a href="https://blog.ube.fr/m2fctg/wp-content/uploads/sites/36/2025/02/PROMO-1.jpeg"><img loading="lazy" decoding="async" class="aligncenter wp-image-3121 size-full" src="https://blog.ube.fr/m2fctg/wp-content/uploads/sites/36/2025/02/PROMO-1.jpeg" alt="" width="1600" height="1063" srcset="https://blog.ube.fr/m2fctg/wp-content/uploads/sites/36/2025/02/PROMO-1.jpeg 1600w, https://blog.ube.fr/m2fctg/wp-content/uploads/sites/36/2025/02/PROMO-1-768x510.jpeg 768w, https://blog.ube.fr/m2fctg/wp-content/uploads/sites/36/2025/02/PROMO-1-1536x1020.jpeg 1536w" sizes="auto, (max-width: 1600px) 100vw, 1600px" /></a>La promotion 2024 – 2025, à l’Université de Bourgogne à Dijon, avec le directeur du Master Patrice Raymond</p>
<p>&nbsp;</p>
<h3 style="text-align: center;"><strong>Le mot du directeur du Master 2 Professionnel en alternance<br />
</strong><strong><em>« Finances des Collectivités Territoriales et des Groupements »</em></strong></h3>
<h3 style="text-align: center;"></h3>
<p>Je suis très heureux de vous accueillir sur le site de notre master 2 professionnel « <em>finances des collectivités territoriales et des groupements </em>» qui fête à l’occasion de la rentrée universitaire 2024/2025 ses 20 ans !</p>
<p>Professionnel(le) des finances publiques ou du droit des collectivités, futur(e) membre du M2 FCTG, élu local, membre d’une association, anciens diplômés ou administré, j’espère que vous trouverez sur le site de notre diplôme toutes informations attendues.</p>
<p>En 20 ans, ce sont plus de 400 étudiantes et étudiants qui se sont engagé(e)s directement ou indirectement auprès des collectivités locales, de l’Etat, du secteur public Hospitalier, du secteur bancaire et du monde de l’expertise.</p>
<p>Dans le secteur privé ou public, en France ou à l’étranger, dans les plus petites collectivités comme dans les plus grandes métropoles, vous mesurerez sur ce site l’importance de notre réseau d’anciens et de partenaires institutionnels très précieux.</p>
<p>Ainsi que vous le constaterez sur ce site, le passage en alternance du M2 FCTG a encore renforcé le nombre de ces contacts. Le taux d’intégration de 100% des étudiants en formation continue ou en formation professionnelle est régulièrement salué par la presse nationale et locale.  Ce rayonnement nous permet également tous les ans de recevoir une habilitation spéciale de l’Université de Cambridge à préparer nos étudiants à des certifications de grande valeur.</p>
<p>De lois de finances en lois de programmation, le besoin d’expertise financière et fiscale dans les secteurs privés et publics ne fait que s’accroitre.</p>
<p>Mettre à disposition les expertises nombreuses acquises dans des domaines très variés tout en préparant le concours d’attaché territorial, mettre en œuvre les analyses financières qui permettent de s’interroger sur la bonne santé des collectivités, procéder à la négociation des emprunts, à un contrôle budgétaire et à la mise en place d’une véritable stratégie financière du bloc communal, telles sont, entre bien d’autres,  les compétences que notre M2 vous permettra d’acquérir, dans un esprit de travail, de convivialité, d’échanges et de bonne humeur qui caractérise notre diplôme.</p>
<p>Au gré de votre visite, vous constaterez d’autres sources d’expertises et de contacts avec les professionnels des finances locales administratif et élus sont proposées tout au long de l’année. …</p>
<p>Bonne visite sur notre site et à très bientôt sans doute en tant qu’étudiant ou étudiante du M2 FCTG !</p>
<p><img loading="lazy" decoding="async" class="aligncenter" src="https://blog.ube.fr/m2fctg/wp-content/uploads/sites/36/2023/12/Site-M2-FCTG.jpg" width="130" height="200" /></p>
<p style="text-align: center;">Patrice RAYMOND</p>
<p style="text-align: center;">Maître de conférences &#8211; HDR &#8211; en droit public</p>
<p style="text-align: center;">Directeur du master 2 « <em>finances des collectivités territoriales et des groupeme</em>nts »</p>
<p style="text-align: center;">Directeur du DU « <em>Audit expertise et Stratégie financière</em> »</p>
<p style="text-align: center;">Directeur pédagogique du master 1 AES option « Administration Générale des Territoires »</p>
<p style="text-align: center;">Ancien adjoint au Maire</p>
<p style="text-align: center;"><a href="mailto:patrice.raymond@u-bourgogne.fr">patrice.raymond@u-bourgogne.fr</a></p>
<p>&nbsp;</p>
<p style="text-align: center;"><strong>Le mot du Président de<em> l&#8217;Association FICOTEG </em></strong></p>
<p style="text-align: left;">C’est avec plaisir et fierté que j’ai été élu président de l’association FICOTEG qui promeut le M2 FCTG auquel elle est attachée. C’est une équipe pleine de ressources qui compose notre promotion 2024-2025. Cette dernière année de formation en alternance doit permettre de faire s’exprimer à leur plein potentiel ces ressources, au profit des collectivités territoriales, de leurs administrés et de l’intérêt général.</p>
<p style="text-align: left;">Indéniablement formatrice, la réalisation d’un contrat professionnel en alternance ajoute de l’exigence à la gestion de l’association. Nous devons assurer aux futurs étudiants qui nous succéderont de trouver rapidement une alternance, et d’assurer une passation douce entre les bureaux. Ainsi, le bureau s’engage à mettre en œuvre des actions en direction des étudiants du M1 AES AGT, désireux de rejoindre le M2 FCTG, concernant notamment la recherche d’une alternance.</p>
<p>Enfin, l’actualité du PLF 2025 démontre l’atout incontournable que représentent les lauréats du M2 FCTG, face à un environnement financier local toujours plus contraint. Nos collectivités et les services qu’elles assurent ont besoin de responsables financiers de qualité, à haut niveau de compétence, pour rendre le quotidien des administrés le plus serein qu’il puisse être.</p>
<p>J’adresse tous mes vœux de réussite aux membres de la promotion, et nous souhaite de faire de cette année une année mémorable pour chacun d’entre nous.</p>
<p>&nbsp;</p>
<p><a href="https://blog.ube.fr/m2fctg/wp-content/uploads/sites/36/2024/12/image.png"><img loading="lazy" decoding="async" class=" wp-image-3111 aligncenter" src="https://blog.ube.fr/m2fctg/wp-content/uploads/sites/36/2024/12/image-290x220.png" alt="" width="214" height="162" srcset="https://blog.ube.fr/m2fctg/wp-content/uploads/sites/36/2024/12/image-290x220.png 290w, https://blog.ube.fr/m2fctg/wp-content/uploads/sites/36/2024/12/image-768x583.png 768w, https://blog.ube.fr/m2fctg/wp-content/uploads/sites/36/2024/12/image.png 1127w" sizes="auto, (max-width: 214px) 100vw, 214px" /></a></p>
<p style="text-align: center;">Thomas VIDONNE TISSOT</p>
<p style="text-align: center;">Président de l’association FICOTEG (2024 – 2025)</p>
<p style="text-align: center;"><em>                           </em></p>

<p>&nbsp; &nbsp; La promotion 2024 – 2025, à l’Université de Bourgogne à Dijon, avec le directeur du Master Patrice Raymond &nbsp; Le mot du directeur du Master 2 Professionnel en alternance « Finances des Collectivités Territoriales et des Groupements » Je suis très heureux de vous accueillir sur le site de notre master 2 professionnel « finances des</p>
<p><a class="button" href="https://blog.ube.fr/m2fctg/" title="More">  Voir plus →</a></p>
