{"id":2750,"date":"2022-12-16T10:41:20","date_gmt":"2022-12-16T09:41:20","guid":{"rendered":"https:\/\/blog.u-bourgogne.fr\/m2fctg\/?page_id=2750"},"modified":"2022-12-16T10:47:06","modified_gmt":"2022-12-16T09:47:06","slug":"ag-des-maires-ruraux-2022","status":"publish","type":"page","link":"https:\/\/blog.ube.fr\/m2fctg\/ag-des-maires-ruraux-2022\/","title":{"rendered":"AG des Maires ruraux 2022"},"content":{"rendered":"<p style=\"text-align: center;\"><b>&#8220;Les communes rurales, remparts contre la perte de rep\u00e8res et sources de confiance et de soutien aupr\u00e8s des citoyens se trouvent confront\u00e9es \u00e0 la nouvelle loi de programmation des finances publiques 2023-2027 et la loi de finances pour 2023 qui poursuivent \u00e0 grands pas la restructuration totale du territoire national engag\u00e9e depuis 2010. A l\u2019occasion de son assembl\u00e9e g\u00e9n\u00e9rale, l\u2019Association des Maires Ruraux de C\u00f4te d\u2019Or invitait Patrice Raymond<\/b><strong> \u00e0 partager son analyse \u00e0 l&#8217;horizon d&#8217;une \u00e8re de plus en plus complexe pour les petites communes&#8230; \u00e0 la campagne !&#8221;<\/strong><\/p>\n<p style=\"text-align: center;\">Le directeur du M2 des Finances des Collectivit\u00e9s Territoriales et des Groupements a fait par de son savoir et de son analyse \u00e0 l&#8217;occasion de l&#8217;AG des Maires Ruraux de C\u00f4te d&#8217;Or. Intervention qui est \u00e0 retrouv\u00e9e sur le site echodescommunes.fr<\/p>\n<p style=\"text-align: center;\"><a href=\"https:\/\/www.echodescommunes.fr\/actualite_4545_si-l-on-entend-bien-de-loin-on-ne-peut-ecouter-que-de-pres-les-communes-rurales-a-l-epreuve-de-l-isolement-legislatif.html\">https:\/\/www.echodescommunes.fr\/actualite_4545_si-l-on-entend-bien-de-loin-on-ne-peut-ecouter-que-de-pres-les-communes-rurales-a-l-epreuve-de-l-isolement-legislatif.html<\/a><\/p>\n<p>&nbsp;<\/p>\n","protected":false},"excerpt":{"rendered":"<p>&#8220;Les communes rurales, remparts contre la perte de rep\u00e8res et sources de confiance et de soutien aupr\u00e8s des citoyens se trouvent confront\u00e9es \u00e0 la nouvelle loi de programmation des finances publiques 2023-2027 et la loi de finances pour 2023 qui poursuivent \u00e0 grands pas la restructuration totale du territoire national engag\u00e9e depuis 2010. A l\u2019occasion<\/p>\n<p><a class=\"button\" href=\"https:\/\/blog.ube.fr\/m2fctg\/ag-des-maires-ruraux-2022\/\" title=\"More\">  Voir plus \u2192<\/a><\/p>\n","protected":false},"author":4399,"featured_media":0,"parent":0,"menu_order":0,"comment_status":"closed","ping_status":"closed","template":"","meta":{"footnotes":""},"class_list":["post-2750","page","type-page","status-publish","hentry"],"_links":{"self":[{"href":"https:\/\/blog.ube.fr\/m2fctg\/wp-json\/wp\/v2\/pages\/2750","targetHints":{"allow":["GET"]}}],"collection":[{"href":"https:\/\/blog.ube.fr\/m2fctg\/wp-json\/wp\/v2\/pages"}],"about":[{"href":"https:\/\/blog.ube.fr\/m2fctg\/wp-json\/wp\/v2\/types\/page"}],"author":[{"embeddable":true,"href":"https:\/\/blog.ube.fr\/m2fctg\/wp-json\/wp\/v2\/users\/4399"}],"replies":[{"embeddable":true,"href":"https:\/\/blog.ube.fr\/m2fctg\/wp-json\/wp\/v2\/comments?post=2750"}],"version-history":[{"count":5,"href":"https:\/\/blog.ube.fr\/m2fctg\/wp-json\/wp\/v2\/pages\/2750\/revisions"}],"predecessor-version":[{"id":2758,"href":"https:\/\/blog.ube.fr\/m2fctg\/wp-json\/wp\/v2\/pages\/2750\/revisions\/2758"}],"wp:attachment":[{"href":"https:\/\/blog.ube.fr\/m2fctg\/wp-json\/wp\/v2\/media?parent=2750"}],"curies":[{"name":"wp","href":"https:\/\/api.w.org\/{rel}","templated":true}]}}

<p style="text-align: center;"><b>&#8220;Les communes rurales, remparts contre la perte de repères et sources de confiance et de soutien auprès des citoyens se trouvent confrontées à la nouvelle loi de programmation des finances publiques 2023-2027 et la loi de finances pour 2023 qui poursuivent à grands pas la restructuration totale du territoire national engagée depuis 2010. A l’occasion de son assemblée générale, l’Association des Maires Ruraux de Côte d’Or invitait Patrice Raymond</b><strong> à partager son analyse à l&#8217;horizon d&#8217;une ère de plus en plus complexe pour les petites communes&#8230; à la campagne !&#8221;</strong></p>
<p style="text-align: center;">Le directeur du M2 des Finances des Collectivités Territoriales et des Groupements a fait par de son savoir et de son analyse à l&#8217;occasion de l&#8217;AG des Maires Ruraux de Côte d&#8217;Or. Intervention qui est à retrouvée sur le site echodescommunes.fr</p>
<p style="text-align: center;"><a href="https://www.echodescommunes.fr/actualite_4545_si-l-on-entend-bien-de-loin-on-ne-peut-ecouter-que-de-pres-les-communes-rurales-a-l-epreuve-de-l-isolement-legislatif.html">https://www.echodescommunes.fr/actualite_4545_si-l-on-entend-bien-de-loin-on-ne-peut-ecouter-que-de-pres-les-communes-rurales-a-l-epreuve-de-l-isolement-legislatif.html</a></p>
<p>&nbsp;</p>

<p>&#8220;Les communes rurales, remparts contre la perte de repères et sources de confiance et de soutien auprès des citoyens se trouvent confrontées à la nouvelle loi de programmation des finances publiques 2023-2027 et la loi de finances pour 2023 qui poursuivent à grands pas la restructuration totale du territoire national engagée depuis 2010. A l’occasion</p>
<p><a class="button" href="https://blog.ube.fr/m2fctg/ag-des-maires-ruraux-2022/" title="More">  Voir plus →</a></p>
