{"id":2530,"date":"2022-10-18T14:58:03","date_gmt":"2022-10-18T13:58:03","guid":{"rendered":"https:\/\/blog.u-bourgogne.fr\/m2fctg\/?page_id=2530"},"modified":"2023-12-19T12:02:04","modified_gmt":"2023-12-19T11:02:04","slug":"promotion-2022-2023","status":"publish","type":"page","link":"https:\/\/blog.ube.fr\/m2fctg\/promotion-2022-2023\/","title":{"rendered":"Promotion 2023 &#8211; 2024"},"content":{"rendered":"<p>&nbsp;<\/p>\n<p><a href=\"https:\/\/blog.ube.fr\/m2fctg\/wp-content\/uploads\/sites\/36\/2023\/12\/PHOTO-2023-10-17-14-51-34-1.jpg\"><img loading=\"lazy\" decoding=\"async\" class=\"wp-image-2962 aligncenter\" src=\"https:\/\/blog.ube.fr\/m2fctg\/wp-content\/uploads\/sites\/36\/2023\/12\/PHOTO-2023-10-17-14-51-34-1.jpg\" alt=\"\" width=\"791\" height=\"527\" srcset=\"https:\/\/blog.ube.fr\/m2fctg\/wp-content\/uploads\/sites\/36\/2023\/12\/PHOTO-2023-10-17-14-51-34-1.jpg 1600w, https:\/\/blog.ube.fr\/m2fctg\/wp-content\/uploads\/sites\/36\/2023\/12\/PHOTO-2023-10-17-14-51-34-1-768x512.jpg 768w, https:\/\/blog.ube.fr\/m2fctg\/wp-content\/uploads\/sites\/36\/2023\/12\/PHOTO-2023-10-17-14-51-34-1-1536x1024.jpg 1536w\" sizes=\"auto, (max-width: 791px) 100vw, 791px\" \/><\/a><\/p>\n<p style=\"text-align: center;\">La promotion de 2023-2024, \u00e0 l&#8217;universit\u00e9 de Bourgogne \u00e0 Dijon, avec le directeur du Master Patrice Raymond.<\/p>\n<p>&nbsp;<\/p>\n<p style=\"text-align: center;\"><b>Arnoult Emma-Louise\u00a0<\/b><\/p>\n<p style=\"text-align: center;\"><span style=\"text-decoration: underline;\"><strong>Alternance:<\/strong><\/span> Commune de Quetigny<\/p>\n<p>&nbsp;<\/p>\n<p style=\"text-align: center;\"><strong>BRISSONNET Ana\u00efs <\/strong><\/p>\n<p style=\"text-align: center;\"><span style=\"text-decoration: underline;\"><strong>Alternance:<\/strong><\/span> Commune de Chaumont<\/p>\n<p>&nbsp;<\/p>\n<p style=\"text-align: center;\"><strong>CACCIA Alexander<\/strong><\/p>\n<p style=\"text-align: center;\"><span style=\"text-decoration: underline;\"><strong>Alternance:<\/strong><\/span> Commune de Marsannay-La-C\u00f4te<\/p>\n<p>&nbsp;<\/p>\n<p style=\"text-align: center;\"><strong>DEVIS Th\u00e9o<\/strong><\/p>\n<p style=\"text-align: center;\"><span style=\"text-decoration: underline;\"><strong>Alternance:<\/strong><\/span> Agora<\/p>\n<p>&nbsp;<\/p>\n<p style=\"text-align: center;\"><strong>DOSSOU Fiacre<\/strong><\/p>\n<p>&nbsp;<\/p>\n<p style=\"text-align: center;\"><b>IZABEL B\u00e9r\u00e9nice<\/b><\/p>\n<p style=\"text-align: center;\"><span style=\"text-decoration: underline;\"><strong>Alternance:<\/strong><\/span> Chalenges publics<\/p>\n<p>&nbsp;<\/p>\n<p style=\"text-align: center;\"><strong>ROLLET Marine<\/strong><\/p>\n<p style=\"text-align: center;\"><strong><span style=\"text-decoration: underline;\">Alternance: <\/span><\/strong>Pr\u00e9fecture de Cote d&#8217;or<\/p>\n<p>&nbsp;<\/p>\n<p style=\"text-align: center;\"><strong>SALIMO Chanfi<\/strong><\/p>\n<p>&nbsp;<\/p>\n<p style=\"text-align: center;\"><strong>SALMANE Fatima-Zahra<\/strong><\/p>\n<p style=\"text-align: center;\"><span style=\"text-decoration: underline;\"><strong>Alternance:<\/strong><\/span> Commune de Chenove<\/p>\n<p>&nbsp;<\/p>\n<p style=\"text-align: center;\"><strong>SENET Guillaume<\/strong><\/p>\n<p style=\"text-align: center;\"><span style=\"text-decoration: underline;\"><strong>Alternance:<\/strong><\/span> DIJON m\u00e9tropole<\/p>\n<p>&nbsp;<\/p>\n<p style=\"text-align: center;\"><b>ZIRA Enzo<\/b><\/p>\n<p style=\"text-align: center;\"><span style=\"text-decoration: underline;\"><strong>Alternance:<\/strong><\/span> CC Entre Arroux Loire et Somme<\/p>\n<p>&nbsp;<\/p>\n<p>&nbsp;<\/p>\n<p>&nbsp;<\/p>\n<p>&nbsp;<\/p>\n<p>&nbsp;<\/p>\n<p>&nbsp;<\/p>\n<p>&nbsp;<\/p>\n","protected":false},"excerpt":{"rendered":"<p>&nbsp; La promotion de 2023-2024, \u00e0 l&#8217;universit\u00e9 de Bourgogne \u00e0 Dijon, avec le directeur du Master Patrice Raymond. &nbsp; Arnoult Emma-Louise\u00a0 Alternance: Commune de Quetigny &nbsp; BRISSONNET Ana\u00efs Alternance: Commune de Chaumont &nbsp; CACCIA Alexander Alternance: Commune de Marsannay-La-C\u00f4te &nbsp; DEVIS Th\u00e9o Alternance: Agora &nbsp; DOSSOU Fiacre &nbsp; IZABEL B\u00e9r\u00e9nice Alternance: Chalenges publics &nbsp; ROLLET<\/p>\n<p><a class=\"button\" href=\"https:\/\/blog.ube.fr\/m2fctg\/promotion-2022-2023\/\" title=\"More\">  Voir plus \u2192<\/a><\/p>\n","protected":false},"author":4399,"featured_media":0,"parent":0,"menu_order":0,"comment_status":"closed","ping_status":"closed","template":"","meta":{"footnotes":""},"class_list":["post-2530","page","type-page","status-publish","hentry"],"_links":{"self":[{"href":"https:\/\/blog.ube.fr\/m2fctg\/wp-json\/wp\/v2\/pages\/2530","targetHints":{"allow":["GET"]}}],"collection":[{"href":"https:\/\/blog.ube.fr\/m2fctg\/wp-json\/wp\/v2\/pages"}],"about":[{"href":"https:\/\/blog.ube.fr\/m2fctg\/wp-json\/wp\/v2\/types\/page"}],"author":[{"embeddable":true,"href":"https:\/\/blog.ube.fr\/m2fctg\/wp-json\/wp\/v2\/users\/4399"}],"replies":[{"embeddable":true,"href":"https:\/\/blog.ube.fr\/m2fctg\/wp-json\/wp\/v2\/comments?post=2530"}],"version-history":[{"count":19,"href":"https:\/\/blog.ube.fr\/m2fctg\/wp-json\/wp\/v2\/pages\/2530\/revisions"}],"predecessor-version":[{"id":2985,"href":"https:\/\/blog.ube.fr\/m2fctg\/wp-json\/wp\/v2\/pages\/2530\/revisions\/2985"}],"wp:attachment":[{"href":"https:\/\/blog.ube.fr\/m2fctg\/wp-json\/wp\/v2\/media?parent=2530"}],"curies":[{"name":"wp","href":"https:\/\/api.w.org\/{rel}","templated":true}]}}

<p>&nbsp;</p>
<p><a href="https://blog.ube.fr/m2fctg/wp-content/uploads/sites/36/2023/12/PHOTO-2023-10-17-14-51-34-1.jpg"><img loading="lazy" decoding="async" class="wp-image-2962 aligncenter" src="https://blog.ube.fr/m2fctg/wp-content/uploads/sites/36/2023/12/PHOTO-2023-10-17-14-51-34-1.jpg" alt="" width="791" height="527" srcset="https://blog.ube.fr/m2fctg/wp-content/uploads/sites/36/2023/12/PHOTO-2023-10-17-14-51-34-1.jpg 1600w, https://blog.ube.fr/m2fctg/wp-content/uploads/sites/36/2023/12/PHOTO-2023-10-17-14-51-34-1-768x512.jpg 768w, https://blog.ube.fr/m2fctg/wp-content/uploads/sites/36/2023/12/PHOTO-2023-10-17-14-51-34-1-1536x1024.jpg 1536w" sizes="auto, (max-width: 791px) 100vw, 791px" /></a></p>
<p style="text-align: center;">La promotion de 2023-2024, à l&#8217;université de Bourgogne à Dijon, avec le directeur du Master Patrice Raymond.</p>
<p>&nbsp;</p>
<p style="text-align: center;"><b>Arnoult Emma-Louise </b></p>
<p style="text-align: center;"><span style="text-decoration: underline;"><strong>Alternance:</strong></span> Commune de Quetigny</p>
<p>&nbsp;</p>
<p style="text-align: center;"><strong>BRISSONNET Anaïs </strong></p>
<p style="text-align: center;"><span style="text-decoration: underline;"><strong>Alternance:</strong></span> Commune de Chaumont</p>
<p>&nbsp;</p>
<p style="text-align: center;"><strong>CACCIA Alexander</strong></p>
<p style="text-align: center;"><span style="text-decoration: underline;"><strong>Alternance:</strong></span> Commune de Marsannay-La-Côte</p>
<p>&nbsp;</p>
<p style="text-align: center;"><strong>DEVIS Théo</strong></p>
<p style="text-align: center;"><span style="text-decoration: underline;"><strong>Alternance:</strong></span> Agora</p>
<p>&nbsp;</p>
<p style="text-align: center;"><strong>DOSSOU Fiacre</strong></p>
<p>&nbsp;</p>
<p style="text-align: center;"><b>IZABEL Bérénice</b></p>
<p style="text-align: center;"><span style="text-decoration: underline;"><strong>Alternance:</strong></span> Chalenges publics</p>
<p>&nbsp;</p>
<p style="text-align: center;"><strong>ROLLET Marine</strong></p>
<p style="text-align: center;"><strong><span style="text-decoration: underline;">Alternance: </span></strong>Préfecture de Cote d&#8217;or</p>
<p>&nbsp;</p>
<p style="text-align: center;"><strong>SALIMO Chanfi</strong></p>
<p>&nbsp;</p>
<p style="text-align: center;"><strong>SALMANE Fatima-Zahra</strong></p>
<p style="text-align: center;"><span style="text-decoration: underline;"><strong>Alternance:</strong></span> Commune de Chenove</p>
<p>&nbsp;</p>
<p style="text-align: center;"><strong>SENET Guillaume</strong></p>
<p style="text-align: center;"><span style="text-decoration: underline;"><strong>Alternance:</strong></span> DIJON métropole</p>
<p>&nbsp;</p>
<p style="text-align: center;"><b>ZIRA Enzo</b></p>
<p style="text-align: center;"><span style="text-decoration: underline;"><strong>Alternance:</strong></span> CC Entre Arroux Loire et Somme</p>
<p>&nbsp;</p>
<p>&nbsp;</p>
<p>&nbsp;</p>
<p>&nbsp;</p>
<p>&nbsp;</p>
<p>&nbsp;</p>
<p>&nbsp;</p>

<p>&nbsp; La promotion de 2023-2024, à l&#8217;université de Bourgogne à Dijon, avec le directeur du Master Patrice Raymond. &nbsp; Arnoult Emma-Louise  Alternance: Commune de Quetigny &nbsp; BRISSONNET Anaïs Alternance: Commune de Chaumont &nbsp; CACCIA Alexander Alternance: Commune de Marsannay-La-Côte &nbsp; DEVIS Théo Alternance: Agora &nbsp; DOSSOU Fiacre &nbsp; IZABEL Bérénice Alternance: Chalenges publics &nbsp; ROLLET</p>
<p><a class="button" href="https://blog.ube.fr/m2fctg/promotion-2022-2023/" title="More">  Voir plus →</a></p>
