{"id":2044,"date":"2019-11-14T19:18:16","date_gmt":"2019-11-14T18:18:16","guid":{"rendered":"https:\/\/blog.u-bourgogne.fr\/m2fctg\/?page_id=2044"},"modified":"2025-09-02T10:22:32","modified_gmt":"2025-09-02T09:22:32","slug":"archives-promotion-2012-2013","status":"publish","type":"page","link":"https:\/\/blog.ube.fr\/m2fctg\/promos-2\/archives-promotion-2012-2013\/","title":{"rendered":"2012-2013"},"content":{"rendered":"<h2>\u00c9v\u00e8nements de la promo 2012-2013<\/h2>\n<p>&nbsp;<\/p>\n<p><em><strong>Rencontre avec les \u00ab\u00a0Anciens\u00a0\u00bb\u2026 Bons conseils et Beaux t\u00e9moignages pour les\u00a0<\/strong><strong>recrutements\u2026 une belle et encourageante solidarit\u00e9 entre les promotions \u2013 29 Mars 2013<\/strong><\/em><\/p>\n<div class=\"entry-content\">\n<p><strong>\u00a0<\/strong><\/p>\n<p>&nbsp;<\/p>\n<p><em>Pr\u00e9sentation du site internet aux anciens du M2FCTG\u00a0par\u00a0Patrice RAYMOND avec<br \/>\n<\/em><em>Morgane LE GALLO,\u00a0Pr\u00e9sidente de l\u2019Association des \u00e9tudiants<br \/>\n<\/em><em>Maxime EICHELBERGER, Vice-Pr\u00e9sident de l\u2019Association des \u00e9tudiants<br \/>\n<\/em><em>Fanny LOREAUD, Webmaster (Promotion 2012\/2013)<br \/>\nLieutenant de vaisseau Yves CHEVAL (Promotion 2008\/2009)<\/em><\/p>\n<p><strong>_ _ _<\/strong><\/p>\n<p><em><strong>Pr\u00e9sentation du M2 FCTG lors du forum des masters de l\u2019UFR Droit &amp; Science Politique \u2013 22 Janvier 2013<br \/>\n<\/strong><\/em><\/p>\n<p><strong>_ _ _<\/strong><\/p>\n<p><em><strong>Journ\u00e9e SKI \u2013 19 Janvier 2013<\/strong><\/em><\/p>\n<p><strong>_ _ _<\/strong><\/p>\n<p><em><strong>Echanges des voeux 2013 autour de la galette des rois en pr\u00e9sence de Mme Laurence RAVILLON, Doyen de l\u2019UFR Droit et Science Politique ainsi que de plusieurs membres de l\u2019\u00e9quipe p\u00e9dagogique<\/strong><\/em><br \/>\n_ _ _<\/p>\n<p><em><strong>D\u00eener de fin d&#8217;ann\u00e9e Etudiants\/Intervenants \u2013\u00a0 2012<\/strong><\/em><\/p>\n<p><strong><a href=\"http:\/\/blog.ube.fr\/m2fctg\/wp-content\/uploads\/sites\/36\/2015\/10\/DSC02639.jpg\" rel=\"attachment wp-att-392\"><img loading=\"lazy\" decoding=\"async\" class=\"alignnone wp-image-392 size-full\" src=\"http:\/\/blog.ube.fr\/m2fctg\/wp-content\/uploads\/sites\/36\/2015\/10\/DSC02639.jpg\" alt=\"DSC02639\" width=\"2592\" height=\"1944\" srcset=\"https:\/\/blog.ube.fr\/m2fctg\/wp-content\/uploads\/sites\/36\/2015\/10\/DSC02639.jpg 2592w, https:\/\/blog.ube.fr\/m2fctg\/wp-content\/uploads\/sites\/36\/2015\/10\/DSC02639-768x576.jpg 768w, https:\/\/blog.ube.fr\/m2fctg\/wp-content\/uploads\/sites\/36\/2015\/10\/DSC02639-300x225.jpg 300w\" sizes=\"auto, (max-width: 2592px) 100vw, 2592px\" \/><\/a><br \/>\n<\/strong><\/p>\n<p>_ _ _<\/p>\n<p><em><strong>Soir\u00e9e Etudiants\/Intervenants \u2013 27 novembre 2012<\/strong><\/em><\/p>\n<p>C\u2019est dans une ambiance conviviale que s\u2019est d\u00e9roul\u00e9e la premi\u00e8re soir\u00e9e Etudiants\/Intervenants organis\u00e9e par l\u2019association FICOTEG.<br \/>\n<strong><a href=\"https:\/\/picasaweb.google.com\/117794930924554932287\/SoireeEtudiantsIntervenantsDu27Novembre2012?authkey=Gv1sRgCJXQ9Z7OhvrV8wE#slideshow\/5816285281842618898\" target=\"_blank\" rel=\"noopener noreferrer\">Reportage photos !<\/a>\u00a0<\/strong><\/p>\n<h3>_ _ _<\/h3>\n<p style=\"text-align: center;\"><strong><em>Le site internet du Master 2 \u00ab\u00a0Finances des Collectivit\u00e9s Territoriales et des Groupements\u00a0\u00bb a \u00e9t\u00e9 inaugur\u00e9 en avril 2012 \u00e0 Dijon<\/em><br \/>\n<a href=\"https:\/\/picasaweb.google.com\/117794930924554932287\/InaugurationDuSiteInternet?authkey=Gv1sRgCOir3_f5_aaPRQ#slideshow\/5815178497411881010\" target=\"_blank\" rel=\"noopener noreferrer\">Album de l\u2019\u00e9v\u00e9nement<\/a><\/strong><\/p>\n<p><a href=\"http:\/\/blog.ube.fr\/m2fctg\/wp-content\/uploads\/sites\/36\/2015\/10\/DSC02677.jpg\" rel=\"attachment wp-att-426\"><img loading=\"lazy\" decoding=\"async\" class=\"alignnone wp-image-426 size-full\" src=\"http:\/\/blog.ube.fr\/m2fctg\/wp-content\/uploads\/sites\/36\/2015\/10\/DSC02677.jpg\" alt=\"DSC02677\" width=\"1024\" height=\"768\" srcset=\"https:\/\/blog.ube.fr\/m2fctg\/wp-content\/uploads\/sites\/36\/2015\/10\/DSC02677.jpg 1024w, https:\/\/blog.ube.fr\/m2fctg\/wp-content\/uploads\/sites\/36\/2015\/10\/DSC02677-768x576.jpg 768w, https:\/\/blog.ube.fr\/m2fctg\/wp-content\/uploads\/sites\/36\/2015\/10\/DSC02677-300x225.jpg 300w\" sizes=\"auto, (max-width: 1024px) 100vw, 1024px\" \/><\/a><\/p>\n<\/div>\n","protected":false},"excerpt":{"rendered":"<p>\u00c9v\u00e8nements de la promo 2012-2013 &nbsp; Rencontre avec les \u00ab\u00a0Anciens\u00a0\u00bb\u2026 Bons conseils et Beaux t\u00e9moignages pour les\u00a0recrutements\u2026 une belle et encourageante solidarit\u00e9 entre les promotions \u2013 29 Mars 2013 \u00a0 &nbsp; Pr\u00e9sentation du site internet aux anciens du M2FCTG\u00a0par\u00a0Patrice RAYMOND avec Morgane LE GALLO,\u00a0Pr\u00e9sidente de l\u2019Association des \u00e9tudiants Maxime EICHELBERGER, Vice-Pr\u00e9sident de l\u2019Association des \u00e9tudiants<\/p>\n<p><a class=\"button\" href=\"https:\/\/blog.ube.fr\/m2fctg\/promos-2\/archives-promotion-2012-2013\/\" title=\"More\">  Voir plus \u2192<\/a><\/p>\n","protected":false},"author":1069,"featured_media":0,"parent":3190,"menu_order":0,"comment_status":"closed","ping_status":"closed","template":"","meta":{"footnotes":""},"class_list":["post-2044","page","type-page","status-publish","hentry"],"_links":{"self":[{"href":"https:\/\/blog.ube.fr\/m2fctg\/wp-json\/wp\/v2\/pages\/2044","targetHints":{"allow":["GET"]}}],"collection":[{"href":"https:\/\/blog.ube.fr\/m2fctg\/wp-json\/wp\/v2\/pages"}],"about":[{"href":"https:\/\/blog.ube.fr\/m2fctg\/wp-json\/wp\/v2\/types\/page"}],"author":[{"embeddable":true,"href":"https:\/\/blog.ube.fr\/m2fctg\/wp-json\/wp\/v2\/users\/1069"}],"replies":[{"embeddable":true,"href":"https:\/\/blog.ube.fr\/m2fctg\/wp-json\/wp\/v2\/comments?post=2044"}],"version-history":[{"count":4,"href":"https:\/\/blog.ube.fr\/m2fctg\/wp-json\/wp\/v2\/pages\/2044\/revisions"}],"predecessor-version":[{"id":3209,"href":"https:\/\/blog.ube.fr\/m2fctg\/wp-json\/wp\/v2\/pages\/2044\/revisions\/3209"}],"up":[{"embeddable":true,"href":"https:\/\/blog.ube.fr\/m2fctg\/wp-json\/wp\/v2\/pages\/3190"}],"wp:attachment":[{"href":"https:\/\/blog.ube.fr\/m2fctg\/wp-json\/wp\/v2\/media?parent=2044"}],"curies":[{"name":"wp","href":"https:\/\/api.w.org\/{rel}","templated":true}]}}

<h2>Évènements de la promo 2012-2013</h2>
<p>&nbsp;</p>
<p><em><strong>Rencontre avec les « Anciens »… Bons conseils et Beaux témoignages pour les </strong><strong>recrutements… une belle et encourageante solidarité entre les promotions – 29 Mars 2013</strong></em></p>
<div class="entry-content">
<p><strong> </strong></p>
<p>&nbsp;</p>
<p><em>Présentation du site internet aux anciens du M2FCTG par Patrice RAYMOND avec<br />
</em><em>Morgane LE GALLO, Présidente de l’Association des étudiants<br />
</em><em>Maxime EICHELBERGER, Vice-Président de l’Association des étudiants<br />
</em><em>Fanny LOREAUD, Webmaster (Promotion 2012/2013)<br />
Lieutenant de vaisseau Yves CHEVAL (Promotion 2008/2009)</em></p>
<p><strong>_ _ _</strong></p>
<p><em><strong>Présentation du M2 FCTG lors du forum des masters de l’UFR Droit &amp; Science Politique – 22 Janvier 2013<br />
</strong></em></p>
<p><strong>_ _ _</strong></p>
<p><em><strong>Journée SKI – 19 Janvier 2013</strong></em></p>
<p><strong>_ _ _</strong></p>
<p><em><strong>Echanges des voeux 2013 autour de la galette des rois en présence de Mme Laurence RAVILLON, Doyen de l’UFR Droit et Science Politique ainsi que de plusieurs membres de l’équipe pédagogique</strong></em><br />
_ _ _</p>
<p><em><strong>Dîner de fin d&#8217;année Etudiants/Intervenants –  2012</strong></em></p>
<p><strong><a href="http://blog.ube.fr/m2fctg/wp-content/uploads/sites/36/2015/10/DSC02639.jpg" rel="attachment wp-att-392"><img loading="lazy" decoding="async" class="alignnone wp-image-392 size-full" src="http://blog.ube.fr/m2fctg/wp-content/uploads/sites/36/2015/10/DSC02639.jpg" alt="DSC02639" width="2592" height="1944" srcset="https://blog.ube.fr/m2fctg/wp-content/uploads/sites/36/2015/10/DSC02639.jpg 2592w, https://blog.ube.fr/m2fctg/wp-content/uploads/sites/36/2015/10/DSC02639-768x576.jpg 768w, https://blog.ube.fr/m2fctg/wp-content/uploads/sites/36/2015/10/DSC02639-300x225.jpg 300w" sizes="auto, (max-width: 2592px) 100vw, 2592px" /></a><br />
</strong></p>
<p>_ _ _</p>
<p><em><strong>Soirée Etudiants/Intervenants – 27 novembre 2012</strong></em></p>
<p>C’est dans une ambiance conviviale que s’est déroulée la première soirée Etudiants/Intervenants organisée par l’association FICOTEG.<br />
<strong><a href="https://picasaweb.google.com/117794930924554932287/SoireeEtudiantsIntervenantsDu27Novembre2012?authkey=Gv1sRgCJXQ9Z7OhvrV8wE#slideshow/5816285281842618898" target="_blank" rel="noopener noreferrer">Reportage photos !</a> </strong></p>
<h3>_ _ _</h3>
<p style="text-align: center;"><strong><em>Le site internet du Master 2 « Finances des Collectivités Territoriales et des Groupements » a été inauguré en avril 2012 à Dijon</em><br />
<a href="https://picasaweb.google.com/117794930924554932287/InaugurationDuSiteInternet?authkey=Gv1sRgCOir3_f5_aaPRQ#slideshow/5815178497411881010" target="_blank" rel="noopener noreferrer">Album de l’événement</a></strong></p>
<p><a href="http://blog.ube.fr/m2fctg/wp-content/uploads/sites/36/2015/10/DSC02677.jpg" rel="attachment wp-att-426"><img loading="lazy" decoding="async" class="alignnone wp-image-426 size-full" src="http://blog.ube.fr/m2fctg/wp-content/uploads/sites/36/2015/10/DSC02677.jpg" alt="DSC02677" width="1024" height="768" srcset="https://blog.ube.fr/m2fctg/wp-content/uploads/sites/36/2015/10/DSC02677.jpg 1024w, https://blog.ube.fr/m2fctg/wp-content/uploads/sites/36/2015/10/DSC02677-768x576.jpg 768w, https://blog.ube.fr/m2fctg/wp-content/uploads/sites/36/2015/10/DSC02677-300x225.jpg 300w" sizes="auto, (max-width: 1024px) 100vw, 1024px" /></a></p>
</div>

<p>Évènements de la promo 2012-2013 &nbsp; Rencontre avec les « Anciens »… Bons conseils et Beaux témoignages pour les recrutements… une belle et encourageante solidarité entre les promotions – 29 Mars 2013   &nbsp; Présentation du site internet aux anciens du M2FCTG par Patrice RAYMOND avec Morgane LE GALLO, Présidente de l’Association des étudiants Maxime EICHELBERGER, Vice-Président de l’Association des étudiants</p>
<p><a class="button" href="https://blog.ube.fr/m2fctg/promos-2/archives-promotion-2012-2013/" title="More">  Voir plus →</a></p>
