{"id":2030,"date":"2019-11-14T19:16:41","date_gmt":"2019-11-14T18:16:41","guid":{"rendered":"https:\/\/blog.u-bourgogne.fr\/m2fctg\/?page_id=2030"},"modified":"2019-11-14T19:24:37","modified_gmt":"2019-11-14T18:24:37","slug":"archives-promotion-2016-2017","status":"publish","type":"page","link":"https:\/\/blog.ube.fr\/m2fctg\/archives-promotion-2016-2017\/","title":{"rendered":"Promotion 2016-2017"},"content":{"rendered":"<h2>\u00c9v\u00e8nements de la promo 2016-2017<\/h2>\n<p>&nbsp;<\/p>\n<p><em><strong>Soir\u00e9e D\u00e9gustation de la Promotion 2016-2017<\/strong><\/em><a href=\"http:\/\/blog.ube.fr\/m2fctg\/wp-content\/uploads\/sites\/36\/2018\/11\/Capture-d\u2019\u00e9cran-2018-11-17-\u00e0-10.38.42.png\"><img loading=\"lazy\" decoding=\"async\" class=\"wp-image-1711 size-full aligncenter\" src=\"http:\/\/blog.ube.fr\/m2fctg\/wp-content\/uploads\/sites\/36\/2018\/11\/Capture-d\u2019\u00e9cran-2018-11-17-\u00e0-10.38.42.png\" alt=\"\" width=\"1968\" height=\"1110\" srcset=\"https:\/\/blog.ube.fr\/m2fctg\/wp-content\/uploads\/sites\/36\/2018\/11\/Capture-d\u2019\u00e9cran-2018-11-17-\u00e0-10.38.42.png 1968w, https:\/\/blog.ube.fr\/m2fctg\/wp-content\/uploads\/sites\/36\/2018\/11\/Capture-d\u2019\u00e9cran-2018-11-17-\u00e0-10.38.42-768x433.png 768w\" sizes=\"auto, (max-width: 1968px) 100vw, 1968px\" \/><\/a><\/p>\n","protected":false},"excerpt":{"rendered":"<p>\u00c9v\u00e8nements de la promo 2016-2017 &nbsp; Soir\u00e9e D\u00e9gustation de la Promotion 2016-2017<\/p>\n","protected":false},"author":1069,"featured_media":0,"parent":0,"menu_order":0,"comment_status":"closed","ping_status":"closed","template":"","meta":{"footnotes":""},"class_list":["post-2030","page","type-page","status-publish","hentry"],"_links":{"self":[{"href":"https:\/\/blog.ube.fr\/m2fctg\/wp-json\/wp\/v2\/pages\/2030","targetHints":{"allow":["GET"]}}],"collection":[{"href":"https:\/\/blog.ube.fr\/m2fctg\/wp-json\/wp\/v2\/pages"}],"about":[{"href":"https:\/\/blog.ube.fr\/m2fctg\/wp-json\/wp\/v2\/types\/page"}],"author":[{"embeddable":true,"href":"https:\/\/blog.ube.fr\/m2fctg\/wp-json\/wp\/v2\/users\/1069"}],"replies":[{"embeddable":true,"href":"https:\/\/blog.ube.fr\/m2fctg\/wp-json\/wp\/v2\/comments?post=2030"}],"version-history":[{"count":2,"href":"https:\/\/blog.ube.fr\/m2fctg\/wp-json\/wp\/v2\/pages\/2030\/revisions"}],"predecessor-version":[{"id":2076,"href":"https:\/\/blog.ube.fr\/m2fctg\/wp-json\/wp\/v2\/pages\/2030\/revisions\/2076"}],"wp:attachment":[{"href":"https:\/\/blog.ube.fr\/m2fctg\/wp-json\/wp\/v2\/media?parent=2030"}],"curies":[{"name":"wp","href":"https:\/\/api.w.org\/{rel}","templated":true}]}}