{"id":2028,"date":"2019-11-14T19:16:09","date_gmt":"2019-11-14T18:16:09","guid":{"rendered":"https:\/\/blog.u-bourgogne.fr\/m2fctg\/?page_id=2028"},"modified":"2019-11-14T19:24:53","modified_gmt":"2019-11-14T18:24:53","slug":"archives-promotion-2017-2018","status":"publish","type":"page","link":"https:\/\/blog.ube.fr\/m2fctg\/archives-promotion-2017-2018\/","title":{"rendered":"Promotion 2017-2018"},"content":{"rendered":"<h2>\u00c9v\u00e8nements de la promo 2017-2018<\/h2>\n<p>&nbsp;<\/p>\n<p><em><strong>Repas de fin d&#8217;ann\u00e9e apr\u00e8s la remise des dipl\u00f4mes de la promotion 2017-2018, accompagn\u00e9e de la promotion 2016-2017 et la promotion du D.U 2017-2018.<\/strong><\/em><\/p>\n<p><a href=\"http:\/\/blog.ube.fr\/m2fctg\/wp-content\/uploads\/sites\/36\/2018\/12\/Capture-d\u2019\u00e9cran-2018-12-10-\u00e0-11.12.47.png\"><img loading=\"lazy\" decoding=\"async\" class=\"aligncenter wp-image-1778 size-full\" src=\"http:\/\/blog.ube.fr\/m2fctg\/wp-content\/uploads\/sites\/36\/2018\/12\/Capture-d\u2019\u00e9cran-2018-12-10-\u00e0-11.12.47.png\" alt=\"\" width=\"2336\" height=\"1012\" srcset=\"https:\/\/blog.ube.fr\/m2fctg\/wp-content\/uploads\/sites\/36\/2018\/12\/Capture-d\u2019\u00e9cran-2018-12-10-\u00e0-11.12.47.png 2336w, https:\/\/blog.ube.fr\/m2fctg\/wp-content\/uploads\/sites\/36\/2018\/12\/Capture-d\u2019\u00e9cran-2018-12-10-\u00e0-11.12.47-768x333.png 768w\" sizes=\"auto, (max-width: 2336px) 100vw, 2336px\" \/><\/a><\/p>\n<p>&nbsp;<\/p>\n<div class=\"entry-content\">\n<p><em><strong>Soir\u00e9e entre la Promotion 2017-2018 et les anciens<\/strong><\/em><\/p>\n<\/div>\n<p><a href=\"http:\/\/blog.ube.fr\/m2fctg\/wp-content\/uploads\/sites\/36\/2018\/11\/Capture-d\u2019\u00e9cran-2018-11-17-\u00e0-10.43.29.png\"><img loading=\"lazy\" decoding=\"async\" class=\"wp-image-1713 size-full aligncenter\" src=\"http:\/\/blog.ube.fr\/m2fctg\/wp-content\/uploads\/sites\/36\/2018\/11\/Capture-d\u2019\u00e9cran-2018-11-17-\u00e0-10.43.29.png\" alt=\"\" width=\"2334\" height=\"1150\" srcset=\"https:\/\/blog.ube.fr\/m2fctg\/wp-content\/uploads\/sites\/36\/2018\/11\/Capture-d\u2019\u00e9cran-2018-11-17-\u00e0-10.43.29.png 2334w, https:\/\/blog.ube.fr\/m2fctg\/wp-content\/uploads\/sites\/36\/2018\/11\/Capture-d\u2019\u00e9cran-2018-11-17-\u00e0-10.43.29-768x378.png 768w\" sizes=\"auto, (max-width: 2334px) 100vw, 2334px\" \/><\/a><\/p>\n<div class=\"entry-content\">\n<p>&nbsp;<\/p>\n<p><em><b>Soir\u00e9e Galette des Rois de la Promotion 2017-2018<\/b><\/em><\/p>\n<\/div>\n<p><a href=\"http:\/\/blog.ube.fr\/m2fctg\/wp-content\/uploads\/sites\/36\/2018\/01\/Soir\u00e9e-galettes-2018.jpg\"><img loading=\"lazy\" decoding=\"async\" class=\"wp-image-1293 aligncenter\" src=\"http:\/\/blog.ube.fr\/m2fctg\/wp-content\/uploads\/sites\/36\/2018\/01\/Soir\u00e9e-galettes-2018.jpg\" alt=\"\" width=\"650\" height=\"433\" srcset=\"https:\/\/blog.ube.fr\/m2fctg\/wp-content\/uploads\/sites\/36\/2018\/01\/Soir\u00e9e-galettes-2018.jpg 960w, https:\/\/blog.ube.fr\/m2fctg\/wp-content\/uploads\/sites\/36\/2018\/01\/Soir\u00e9e-galettes-2018-768x512.jpg 768w\" sizes=\"auto, (max-width: 650px) 100vw, 650px\" \/><\/a><\/p>\n<div class=\"entry-content\"><\/div>\n<div><a href=\"http:\/\/blog.ube.fr\/m2fctg\/wp-content\/uploads\/sites\/36\/2018\/11\/Capture-d\u2019\u00e9cran-2018-11-17-\u00e0-10.37.12.png\"><img loading=\"lazy\" decoding=\"async\" class=\"wp-image-1710 aligncenter\" src=\"http:\/\/blog.ube.fr\/m2fctg\/wp-content\/uploads\/sites\/36\/2018\/11\/Capture-d\u2019\u00e9cran-2018-11-17-\u00e0-10.37.12.png\" alt=\"\" width=\"635\" height=\"495\" srcset=\"https:\/\/blog.ube.fr\/m2fctg\/wp-content\/uploads\/sites\/36\/2018\/11\/Capture-d\u2019\u00e9cran-2018-11-17-\u00e0-10.37.12.png 1556w, https:\/\/blog.ube.fr\/m2fctg\/wp-content\/uploads\/sites\/36\/2018\/11\/Capture-d\u2019\u00e9cran-2018-11-17-\u00e0-10.37.12-768x598.png 768w\" sizes=\"auto, (max-width: 635px) 100vw, 635px\" \/><\/a><\/div>\n<p>&nbsp;<\/p>\n<p><em><strong>Repas organis\u00e9 par M. GOMIS (Promotion 2017-2018)<\/strong><\/em><\/p>\n<p><a href=\"http:\/\/blog.ube.fr\/m2fctg\/wp-content\/uploads\/sites\/36\/2018\/11\/Capture-d\u2019\u00e9cran-2018-11-17-\u00e0-10.40.48.png\"><img loading=\"lazy\" decoding=\"async\" class=\"wp-image-1712 aligncenter\" src=\"http:\/\/blog.ube.fr\/m2fctg\/wp-content\/uploads\/sites\/36\/2018\/11\/Capture-d\u2019\u00e9cran-2018-11-17-\u00e0-10.40.48.png\" alt=\"\" width=\"703\" height=\"446\" srcset=\"https:\/\/blog.ube.fr\/m2fctg\/wp-content\/uploads\/sites\/36\/2018\/11\/Capture-d\u2019\u00e9cran-2018-11-17-\u00e0-10.40.48.png 2088w, https:\/\/blog.ube.fr\/m2fctg\/wp-content\/uploads\/sites\/36\/2018\/11\/Capture-d\u2019\u00e9cran-2018-11-17-\u00e0-10.40.48-768x488.png 768w\" sizes=\"auto, (max-width: 703px) 100vw, 703px\" \/><\/a><\/p>\n","protected":false},"excerpt":{"rendered":"<p>\u00c9v\u00e8nements de la promo 2017-2018 &nbsp; Repas de fin d&#8217;ann\u00e9e apr\u00e8s la remise des dipl\u00f4mes de la promotion 2017-2018, accompagn\u00e9e de la promotion 2016-2017 et la promotion du D.U 2017-2018. &nbsp; Soir\u00e9e entre la Promotion 2017-2018 et les anciens &nbsp; Soir\u00e9e Galette des Rois de la Promotion 2017-2018 &nbsp; Repas organis\u00e9 par M. GOMIS (Promotion<\/p>\n<p><a class=\"button\" href=\"https:\/\/blog.ube.fr\/m2fctg\/archives-promotion-2017-2018\/\" title=\"More\">  Voir plus \u2192<\/a><\/p>\n","protected":false},"author":1069,"featured_media":0,"parent":0,"menu_order":0,"comment_status":"closed","ping_status":"closed","template":"","meta":{"footnotes":""},"class_list":["post-2028","page","type-page","status-publish","hentry"],"_links":{"self":[{"href":"https:\/\/blog.ube.fr\/m2fctg\/wp-json\/wp\/v2\/pages\/2028","targetHints":{"allow":["GET"]}}],"collection":[{"href":"https:\/\/blog.ube.fr\/m2fctg\/wp-json\/wp\/v2\/pages"}],"about":[{"href":"https:\/\/blog.ube.fr\/m2fctg\/wp-json\/wp\/v2\/types\/page"}],"author":[{"embeddable":true,"href":"https:\/\/blog.ube.fr\/m2fctg\/wp-json\/wp\/v2\/users\/1069"}],"replies":[{"embeddable":true,"href":"https:\/\/blog.ube.fr\/m2fctg\/wp-json\/wp\/v2\/comments?post=2028"}],"version-history":[{"count":2,"href":"https:\/\/blog.ube.fr\/m2fctg\/wp-json\/wp\/v2\/pages\/2028\/revisions"}],"predecessor-version":[{"id":2077,"href":"https:\/\/blog.ube.fr\/m2fctg\/wp-json\/wp\/v2\/pages\/2028\/revisions\/2077"}],"wp:attachment":[{"href":"https:\/\/blog.ube.fr\/m2fctg\/wp-json\/wp\/v2\/media?parent=2028"}],"curies":[{"name":"wp","href":"https:\/\/api.w.org\/{rel}","templated":true}]}}

<h2>Évènements de la promo 2017-2018</h2>
<p>&nbsp;</p>
<p><em><strong>Repas de fin d&#8217;année après la remise des diplômes de la promotion 2017-2018, accompagnée de la promotion 2016-2017 et la promotion du D.U 2017-2018.</strong></em></p>
<p><a href="http://blog.ube.fr/m2fctg/wp-content/uploads/sites/36/2018/12/Capture-d’écran-2018-12-10-à-11.12.47.png"><img loading="lazy" decoding="async" class="aligncenter wp-image-1778 size-full" src="http://blog.ube.fr/m2fctg/wp-content/uploads/sites/36/2018/12/Capture-d’écran-2018-12-10-à-11.12.47.png" alt="" width="2336" height="1012" srcset="https://blog.ube.fr/m2fctg/wp-content/uploads/sites/36/2018/12/Capture-d’écran-2018-12-10-à-11.12.47.png 2336w, https://blog.ube.fr/m2fctg/wp-content/uploads/sites/36/2018/12/Capture-d’écran-2018-12-10-à-11.12.47-768x333.png 768w" sizes="auto, (max-width: 2336px) 100vw, 2336px" /></a></p>
<p>&nbsp;</p>
<div class="entry-content">
<p><em><strong>Soirée entre la Promotion 2017-2018 et les anciens</strong></em></p>
</div>
<p><a href="http://blog.ube.fr/m2fctg/wp-content/uploads/sites/36/2018/11/Capture-d’écran-2018-11-17-à-10.43.29.png"><img loading="lazy" decoding="async" class="wp-image-1713 size-full aligncenter" src="http://blog.ube.fr/m2fctg/wp-content/uploads/sites/36/2018/11/Capture-d’écran-2018-11-17-à-10.43.29.png" alt="" width="2334" height="1150" srcset="https://blog.ube.fr/m2fctg/wp-content/uploads/sites/36/2018/11/Capture-d’écran-2018-11-17-à-10.43.29.png 2334w, https://blog.ube.fr/m2fctg/wp-content/uploads/sites/36/2018/11/Capture-d’écran-2018-11-17-à-10.43.29-768x378.png 768w" sizes="auto, (max-width: 2334px) 100vw, 2334px" /></a></p>
<div class="entry-content">
<p>&nbsp;</p>
<p><em><b>Soirée Galette des Rois de la Promotion 2017-2018</b></em></p>
</div>
<p><a href="http://blog.ube.fr/m2fctg/wp-content/uploads/sites/36/2018/01/Soirée-galettes-2018.jpg"><img loading="lazy" decoding="async" class="wp-image-1293 aligncenter" src="http://blog.ube.fr/m2fctg/wp-content/uploads/sites/36/2018/01/Soirée-galettes-2018.jpg" alt="" width="650" height="433" srcset="https://blog.ube.fr/m2fctg/wp-content/uploads/sites/36/2018/01/Soirée-galettes-2018.jpg 960w, https://blog.ube.fr/m2fctg/wp-content/uploads/sites/36/2018/01/Soirée-galettes-2018-768x512.jpg 768w" sizes="auto, (max-width: 650px) 100vw, 650px" /></a></p>
<div class="entry-content"></div>
<div><a href="http://blog.ube.fr/m2fctg/wp-content/uploads/sites/36/2018/11/Capture-d’écran-2018-11-17-à-10.37.12.png"><img loading="lazy" decoding="async" class="wp-image-1710 aligncenter" src="http://blog.ube.fr/m2fctg/wp-content/uploads/sites/36/2018/11/Capture-d’écran-2018-11-17-à-10.37.12.png" alt="" width="635" height="495" srcset="https://blog.ube.fr/m2fctg/wp-content/uploads/sites/36/2018/11/Capture-d’écran-2018-11-17-à-10.37.12.png 1556w, https://blog.ube.fr/m2fctg/wp-content/uploads/sites/36/2018/11/Capture-d’écran-2018-11-17-à-10.37.12-768x598.png 768w" sizes="auto, (max-width: 635px) 100vw, 635px" /></a></div>
<p>&nbsp;</p>
<p><em><strong>Repas organisé par M. GOMIS (Promotion 2017-2018)</strong></em></p>
<p><a href="http://blog.ube.fr/m2fctg/wp-content/uploads/sites/36/2018/11/Capture-d’écran-2018-11-17-à-10.40.48.png"><img loading="lazy" decoding="async" class="wp-image-1712 aligncenter" src="http://blog.ube.fr/m2fctg/wp-content/uploads/sites/36/2018/11/Capture-d’écran-2018-11-17-à-10.40.48.png" alt="" width="703" height="446" srcset="https://blog.ube.fr/m2fctg/wp-content/uploads/sites/36/2018/11/Capture-d’écran-2018-11-17-à-10.40.48.png 2088w, https://blog.ube.fr/m2fctg/wp-content/uploads/sites/36/2018/11/Capture-d’écran-2018-11-17-à-10.40.48-768x488.png 768w" sizes="auto, (max-width: 703px) 100vw, 703px" /></a></p>

<p>Évènements de la promo 2017-2018 &nbsp; Repas de fin d&#8217;année après la remise des diplômes de la promotion 2017-2018, accompagnée de la promotion 2016-2017 et la promotion du D.U 2017-2018. &nbsp; Soirée entre la Promotion 2017-2018 et les anciens &nbsp; Soirée Galette des Rois de la Promotion 2017-2018 &nbsp; Repas organisé par M. GOMIS (Promotion</p>
<p><a class="button" href="https://blog.ube.fr/m2fctg/archives-promotion-2017-2018/" title="More">  Voir plus →</a></p>
