{"id":1696,"date":"2018-11-14T11:08:38","date_gmt":"2018-11-14T10:08:38","guid":{"rendered":"http:\/\/blog.u-bourgogne.fr\/m2fctg\/?page_id=1696"},"modified":"2018-11-14T11:55:12","modified_gmt":"2018-11-14T10:55:12","slug":"partenaires-territoriaux","status":"publish","type":"page","link":"https:\/\/blog.ube.fr\/m2fctg\/partenaires-territoriaux\/","title":{"rendered":"Partenaires Territoriaux"},"content":{"rendered":"<p>&#8211; Conseil R\u00e9gional BFC<br \/>\n&#8211; Conseil D\u00e9partemental de la C\u00f4te d&#8217;Or<br \/>\n&#8211; Ville\/M\u00e9tropole Dijonnaise<br \/>\n&#8211; Ville\/M\u00e9tropole de Lyon<br \/>\n&#8211; R\u00e9gion Aix Marseille<br \/>\n&#8211; Le Grand Paris<br \/>\n&#8211; Ville\/Communaut\u00e9 d&#8217;agglom\u00e9ration de Beaune<br \/>\n&#8211; Conseil R\u00e9gional des Pays de la Loire<br \/>\n&#8211; D\u00e9partement Champagne Ardenne<br \/>\n&#8211; Communaut\u00e9 de Commune Ouche Montagne<br \/>\n&#8211; Ville de Talant<br \/>\n&#8211; Fontaine les Dijon<br \/>\n&#8211; Le Grand Chalon<br \/>\n&#8211; Macon<br \/>\n&#8211; Pr\u00e9fecture de Mayotte<br \/>\n&#8211; Champagne au Mont d&#8217;Or<br \/>\n&#8211; Communaut\u00e9 de Commune du Tournugeois<br \/>\n&#8211; D\u00e9partement de la Ni\u00e8vre<br \/>\n&#8211; Communaut\u00e9 de commune de Gevrey-Chambertin<br \/>\n&#8211; Pr\u00e9fecture de la Haute Marne<br \/>\n&#8211; Communaut\u00e9 de commune du Pays Tron\u00e7ais<br \/>\n&#8211; Mairie d&#8217;Oullins<br \/>\n&#8211; D\u00e9partement de l&#8217;Ain<br \/>\n&#8211; Communaut\u00e9 d&#8217;Agglom\u00e9ration de Rouen<\/p>\n","protected":false},"excerpt":{"rendered":"<p>&#8211; Conseil R\u00e9gional BFC &#8211; Conseil D\u00e9partemental de la C\u00f4te d&#8217;Or &#8211; Ville\/M\u00e9tropole Dijonnaise &#8211; Ville\/M\u00e9tropole de Lyon &#8211; R\u00e9gion Aix Marseille &#8211; Le Grand Paris &#8211; Ville\/Communaut\u00e9 d&#8217;agglom\u00e9ration de Beaune &#8211; Conseil R\u00e9gional des Pays de la Loire &#8211; D\u00e9partement Champagne Ardenne &#8211; Communaut\u00e9 de Commune Ouche Montagne &#8211; Ville de Talant &#8211; Fontaine<\/p>\n<p><a class=\"button\" href=\"https:\/\/blog.ube.fr\/m2fctg\/partenaires-territoriaux\/\" title=\"More\">  Voir plus \u2192<\/a><\/p>\n","protected":false},"author":402,"featured_media":0,"parent":0,"menu_order":0,"comment_status":"closed","ping_status":"closed","template":"","meta":{"footnotes":""},"class_list":["post-1696","page","type-page","status-publish","hentry"],"_links":{"self":[{"href":"https:\/\/blog.ube.fr\/m2fctg\/wp-json\/wp\/v2\/pages\/1696","targetHints":{"allow":["GET"]}}],"collection":[{"href":"https:\/\/blog.ube.fr\/m2fctg\/wp-json\/wp\/v2\/pages"}],"about":[{"href":"https:\/\/blog.ube.fr\/m2fctg\/wp-json\/wp\/v2\/types\/page"}],"author":[{"embeddable":true,"href":"https:\/\/blog.ube.fr\/m2fctg\/wp-json\/wp\/v2\/users\/402"}],"replies":[{"embeddable":true,"href":"https:\/\/blog.ube.fr\/m2fctg\/wp-json\/wp\/v2\/comments?post=1696"}],"version-history":[{"count":3,"href":"https:\/\/blog.ube.fr\/m2fctg\/wp-json\/wp\/v2\/pages\/1696\/revisions"}],"predecessor-version":[{"id":1700,"href":"https:\/\/blog.ube.fr\/m2fctg\/wp-json\/wp\/v2\/pages\/1696\/revisions\/1700"}],"wp:attachment":[{"href":"https:\/\/blog.ube.fr\/m2fctg\/wp-json\/wp\/v2\/media?parent=1696"}],"curies":[{"name":"wp","href":"https:\/\/api.w.org\/{rel}","templated":true}]}}

<p>&#8211; Conseil Régional BFC<br />
&#8211; Conseil Départemental de la Côte d&#8217;Or<br />
&#8211; Ville/Métropole Dijonnaise<br />
&#8211; Ville/Métropole de Lyon<br />
&#8211; Région Aix Marseille<br />
&#8211; Le Grand Paris<br />
&#8211; Ville/Communauté d&#8217;agglomération de Beaune<br />
&#8211; Conseil Régional des Pays de la Loire<br />
&#8211; Département Champagne Ardenne<br />
&#8211; Communauté de Commune Ouche Montagne<br />
&#8211; Ville de Talant<br />
&#8211; Fontaine les Dijon<br />
&#8211; Le Grand Chalon<br />
&#8211; Macon<br />
&#8211; Préfecture de Mayotte<br />
&#8211; Champagne au Mont d&#8217;Or<br />
&#8211; Communauté de Commune du Tournugeois<br />
&#8211; Département de la Nièvre<br />
&#8211; Communauté de commune de Gevrey-Chambertin<br />
&#8211; Préfecture de la Haute Marne<br />
&#8211; Communauté de commune du Pays Tronçais<br />
&#8211; Mairie d&#8217;Oullins<br />
&#8211; Département de l&#8217;Ain<br />
&#8211; Communauté d&#8217;Agglomération de Rouen</p>

<p>&#8211; Conseil Régional BFC &#8211; Conseil Départemental de la Côte d&#8217;Or &#8211; Ville/Métropole Dijonnaise &#8211; Ville/Métropole de Lyon &#8211; Région Aix Marseille &#8211; Le Grand Paris &#8211; Ville/Communauté d&#8217;agglomération de Beaune &#8211; Conseil Régional des Pays de la Loire &#8211; Département Champagne Ardenne &#8211; Communauté de Commune Ouche Montagne &#8211; Ville de Talant &#8211; Fontaine</p>
<p><a class="button" href="https://blog.ube.fr/m2fctg/partenaires-territoriaux/" title="More">  Voir plus →</a></p>
