{"id":1634,"date":"2018-11-12T10:50:10","date_gmt":"2018-11-12T09:50:10","guid":{"rendered":"http:\/\/blog.u-bourgogne.fr\/m2fctg\/?page_id=1634"},"modified":"2018-11-12T11:00:58","modified_gmt":"2018-11-12T10:00:58","slug":"institut-superieur-des-territoires","status":"publish","type":"page","link":"https:\/\/blog.ube.fr\/m2fctg\/institut-superieur-des-territoires\/","title":{"rendered":"Institut Sup\u00e9rieur des Territoires"},"content":{"rendered":"<h2 style=\"text-align: center\">Institut Sup\u00e9rieur des Territoires<\/h2>\n<div id=\"attachment_1638\" style=\"width: 490px\" class=\"wp-caption alignleft\"><a href=\"http:\/\/blog.ube.fr\/m2fctg\/wp-content\/uploads\/sites\/36\/2018\/11\/Capture-d\u2019\u00e9cran-2018-11-12-\u00e0-10.48.35.png\"><img loading=\"lazy\" decoding=\"async\" aria-describedby=\"caption-attachment-1638\" class=\"wp-image-1638\" src=\"http:\/\/blog.ube.fr\/m2fctg\/wp-content\/uploads\/sites\/36\/2018\/11\/Capture-d\u2019\u00e9cran-2018-11-12-\u00e0-10.48.35.png\" alt=\"\" width=\"480\" height=\"275\" srcset=\"https:\/\/blog.ube.fr\/m2fctg\/wp-content\/uploads\/sites\/36\/2018\/11\/Capture-d\u2019\u00e9cran-2018-11-12-\u00e0-10.48.35.png 1786w, https:\/\/blog.ube.fr\/m2fctg\/wp-content\/uploads\/sites\/36\/2018\/11\/Capture-d\u2019\u00e9cran-2018-11-12-\u00e0-10.48.35-768x440.png 768w\" sizes=\"auto, (max-width: 480px) 100vw, 480px\" \/><\/a><\/p>\n<p id=\"caption-attachment-1638\" class=\"wp-caption-text\">(Photo du Bien Public lors de la r\u00e9union des 5 masters composant l&#8217;Institut Sup\u00e9rieur des Territoires)<\/p>\n<\/div>\n<p>&nbsp;<\/p>\n<p>L&#8217;Institut Sup\u00e9rieur des Territoires de l&#8217;Universit\u00e9 de Bourgogne cr\u00e9\u00e9 en 2015 regroupe cinq Master 2 :<\/p>\n<p>Le Master 2 &#8221; Professions Juridiques du Sport &#8221;<\/p>\n<p>Le Master 2 &#8221; Finances des Collectivit\u00e9s Territoriales et des Groupements &#8221;<\/p>\n<p>Le Master 2 &#8221; Juristes des Collectivit\u00e9s Territoriales &#8221;<\/p>\n<p>Le Master 2 &#8221; Gestion des Ressources Humaines et de la Fonction Publique Territoriale &#8221;<\/p>\n<p>Le Master 2 &#8221; \u00c9conomie et Gouvernance des Territoires &#8221;<\/p>\n<p>L&#8217;Institut est bas\u00e9 sur un partenariat entre l&#8217;Universit\u00e9 de Bourgogne, le D\u00e9partement de la C\u00f4te d&#8217;Or ainsi que le Communaut\u00e9 Urbaine du Grand-Dijon (aujourd&#8217;hui M\u00e9tropole de Dijon). Un des objectifs premiers est de permettre aux \u00e9tudiants de ces Master 2 de d\u00e9crocher rapidement un premier poste dans des domaines de sp\u00e9cialit\u00e9 o\u00f9 l&#8217;on enregistre un besoin urgent d&#8217;experts. Un autre enjeu important pour l&#8217;Institut est de proposer aux ex\u00e9cutifs locaux et aux agents publics, un lieu de formation, d&#8217;\u00e9changes et d&#8217;expertises pour mieux appr\u00e9hender leur environnement professionnel en pleine mutation.<\/p>\n<p>&nbsp;<\/p>\n<p>&nbsp;<\/p>\n<p>&nbsp;<\/p>\n<p>&nbsp;<\/p>\n<p style=\"text-align: center\"><em>R\u00e9dig\u00e9 par CERIGNAT Mathilde<\/em><\/p>\n","protected":false},"excerpt":{"rendered":"<p>Institut Sup\u00e9rieur des Territoires &nbsp; L&#8217;Institut Sup\u00e9rieur des Territoires de l&#8217;Universit\u00e9 de Bourgogne cr\u00e9\u00e9 en 2015 regroupe cinq Master 2 : Le Master 2 &#8221; Professions Juridiques du Sport &#8221; Le Master 2 &#8221; Finances des Collectivit\u00e9s Territoriales et des Groupements &#8221; Le Master 2 &#8221; Juristes des Collectivit\u00e9s Territoriales &#8221; Le Master 2 &#8221;<\/p>\n<p><a class=\"button\" href=\"https:\/\/blog.ube.fr\/m2fctg\/institut-superieur-des-territoires\/\" title=\"More\">  Voir plus \u2192<\/a><\/p>\n","protected":false},"author":399,"featured_media":0,"parent":0,"menu_order":0,"comment_status":"closed","ping_status":"closed","template":"","meta":{"footnotes":""},"class_list":["post-1634","page","type-page","status-publish","hentry"],"_links":{"self":[{"href":"https:\/\/blog.ube.fr\/m2fctg\/wp-json\/wp\/v2\/pages\/1634","targetHints":{"allow":["GET"]}}],"collection":[{"href":"https:\/\/blog.ube.fr\/m2fctg\/wp-json\/wp\/v2\/pages"}],"about":[{"href":"https:\/\/blog.ube.fr\/m2fctg\/wp-json\/wp\/v2\/types\/page"}],"author":[{"embeddable":true,"href":"https:\/\/blog.ube.fr\/m2fctg\/wp-json\/wp\/v2\/users\/399"}],"replies":[{"embeddable":true,"href":"https:\/\/blog.ube.fr\/m2fctg\/wp-json\/wp\/v2\/comments?post=1634"}],"version-history":[{"count":5,"href":"https:\/\/blog.ube.fr\/m2fctg\/wp-json\/wp\/v2\/pages\/1634\/revisions"}],"predecessor-version":[{"id":1642,"href":"https:\/\/blog.ube.fr\/m2fctg\/wp-json\/wp\/v2\/pages\/1634\/revisions\/1642"}],"wp:attachment":[{"href":"https:\/\/blog.ube.fr\/m2fctg\/wp-json\/wp\/v2\/media?parent=1634"}],"curies":[{"name":"wp","href":"https:\/\/api.w.org\/{rel}","templated":true}]}}

Institut Supérieur des Territoires

<h2 style="text-align: center">Institut Supérieur des Territoires</h2>
<div id="attachment_1638" style="width: 490px" class="wp-caption alignleft"><a href="http://blog.ube.fr/m2fctg/wp-content/uploads/sites/36/2018/11/Capture-d’écran-2018-11-12-à-10.48.35.png"><img loading="lazy" decoding="async" aria-describedby="caption-attachment-1638" class="wp-image-1638" src="http://blog.ube.fr/m2fctg/wp-content/uploads/sites/36/2018/11/Capture-d’écran-2018-11-12-à-10.48.35.png" alt="" width="480" height="275" srcset="https://blog.ube.fr/m2fctg/wp-content/uploads/sites/36/2018/11/Capture-d’écran-2018-11-12-à-10.48.35.png 1786w, https://blog.ube.fr/m2fctg/wp-content/uploads/sites/36/2018/11/Capture-d’écran-2018-11-12-à-10.48.35-768x440.png 768w" sizes="auto, (max-width: 480px) 100vw, 480px" /></a></p>
<p id="caption-attachment-1638" class="wp-caption-text">(Photo du Bien Public lors de la réunion des 5 masters composant l&#8217;Institut Supérieur des Territoires)</p>
</div>
<p>&nbsp;</p>
<p>L&#8217;Institut Supérieur des Territoires de l&#8217;Université de Bourgogne créé en 2015 regroupe cinq Master 2 :</p>
<p>Le Master 2 &#8221; Professions Juridiques du Sport &#8221;</p>
<p>Le Master 2 &#8221; Finances des Collectivités Territoriales et des Groupements &#8221;</p>
<p>Le Master 2 &#8221; Juristes des Collectivités Territoriales &#8221;</p>
<p>Le Master 2 &#8221; Gestion des Ressources Humaines et de la Fonction Publique Territoriale &#8221;</p>
<p>Le Master 2 &#8221; Économie et Gouvernance des Territoires &#8221;</p>
<p>L&#8217;Institut est basé sur un partenariat entre l&#8217;Université de Bourgogne, le Département de la Côte d&#8217;Or ainsi que le Communauté Urbaine du Grand-Dijon (aujourd&#8217;hui Métropole de Dijon). Un des objectifs premiers est de permettre aux étudiants de ces Master 2 de décrocher rapidement un premier poste dans des domaines de spécialité où l&#8217;on enregistre un besoin urgent d&#8217;experts. Un autre enjeu important pour l&#8217;Institut est de proposer aux exécutifs locaux et aux agents publics, un lieu de formation, d&#8217;échanges et d&#8217;expertises pour mieux appréhender leur environnement professionnel en pleine mutation.</p>
<p>&nbsp;</p>
<p>&nbsp;</p>
<p>&nbsp;</p>
<p>&nbsp;</p>
<p style="text-align: center"><em>Rédigé par CERIGNAT Mathilde</em></p>

<p>Institut Supérieur des Territoires &nbsp; L&#8217;Institut Supérieur des Territoires de l&#8217;Université de Bourgogne créé en 2015 regroupe cinq Master 2 : Le Master 2 &#8221; Professions Juridiques du Sport &#8221; Le Master 2 &#8221; Finances des Collectivités Territoriales et des Groupements &#8221; Le Master 2 &#8221; Juristes des Collectivités Territoriales &#8221; Le Master 2 &#8221;</p>
<p><a class="button" href="https://blog.ube.fr/m2fctg/institut-superieur-des-territoires/" title="More">  Voir plus →</a></p>
