{"id":1553,"date":"2018-11-11T18:08:48","date_gmt":"2018-11-11T17:08:48","guid":{"rendered":"http:\/\/blog.u-bourgogne.fr\/m2fctg\/?page_id=1553"},"modified":"2019-04-08T21:07:46","modified_gmt":"2019-04-08T20:07:46","slug":"prix-du-memoire-de-master","status":"publish","type":"page","link":"https:\/\/blog.ube.fr\/m2fctg\/prix-du-memoire-de-master\/","title":{"rendered":"Prix du M\u00e9moire de Master"},"content":{"rendered":"<h2 style=\"text-align: center\"><a href=\"http:\/\/blog.ube.fr\/m2fctg\/wp-content\/uploads\/sites\/36\/2018\/11\/Capture-d\u2019\u00e9cran-2018-11-11-\u00e0-18.11.56.png\"><img loading=\"lazy\" decoding=\"async\" class=\"wp-image-1576 alignleft\" src=\"http:\/\/blog.ube.fr\/m2fctg\/wp-content\/uploads\/sites\/36\/2018\/11\/Capture-d\u2019\u00e9cran-2018-11-11-\u00e0-18.11.56.png\" alt=\"\" width=\"322\" height=\"455\" srcset=\"https:\/\/blog.ube.fr\/m2fctg\/wp-content\/uploads\/sites\/36\/2018\/11\/Capture-d\u2019\u00e9cran-2018-11-11-\u00e0-18.11.56.png 906w, https:\/\/blog.ube.fr\/m2fctg\/wp-content\/uploads\/sites\/36\/2018\/11\/Capture-d\u2019\u00e9cran-2018-11-11-\u00e0-18.11.56-768x1087.png 768w\" sizes=\"auto, (max-width: 322px) 100vw, 322px\" \/><\/a>Prix du M\u00e9moire 2018<\/h2>\n<p>Lors de cette ann\u00e9e 2018 se d\u00e9roulera la onzi\u00e8me \u00e9dition du Prix du M\u00e9moire de Master, organis\u00e9e par l&#8217;AFIGESE en partenariat avec la Banque Postale Collectivit\u00e9s Locales, l&#8217;Association pour la Fondation Internationale des Finances Publiques et la Revue Fran\u00e7aise des Finances Publiques.<\/p>\n<p>Ce concours a pour but de r\u00e9compenser les meilleurs m\u00e9moires r\u00e9alis\u00e9s par des \u00e9tudiants de Master 2 durant l&#8217;ann\u00e9e en cours. Ce Master doit \u00eatre sp\u00e9cialis\u00e9 dans les finances locales, la gestion publique locale, l&#8217;\u00e9valuation des politiques publiques locales ou le management public local.<\/p>\n<p>Cette ann\u00e9e le Master 2 Finances des Collectivit\u00e9s Territoriales et des Groupements sera repr\u00e9sent\u00e9 par <em><strong>Florent TLALKA<\/strong><\/em> et <em><strong>Charles SEGUIN<\/strong><\/em> :<\/p>\n<p>&#8221;\u00a0Les \u00e9tudiants du Master 2 sont r\u00e9guli\u00e8rement sollicit\u00e9s afin de r\u00e9aliser plusieurs M\u00e9morandum pour l&#8217;association France Urbaine.<\/p>\n<p>En 2018, France Urbaine a ainsi propos\u00e9 aux \u00e9tudiants du Master de r\u00e9aliser un sujet sur &#8221; <strong><em>Le bilan et les perspectives de la p\u00e9r\u00e9quation du bloc communal &#8220;<\/em><\/strong>. Nous avons tout de suite \u00e9t\u00e9 int\u00e9ress\u00e9s par ce sujet au c\u0153ur de l\u2019actualit\u00e9 des collectivit\u00e9s, et qui ne cesse de prendre de l\u2019importance au sein de leur financement.<\/p>\n<p>La r\u00e9daction de ce m\u00e9moire de recherche nous a permis d\u2019approfondir de mani\u00e8re tr\u00e8s pouss\u00e9e l\u2019\u00e9tude des m\u00e9canismes verticaux et horizontaux de p\u00e9r\u00e9quation \u00e0 travers leurs crit\u00e8res et r\u00e8gles de r\u00e9partition, mais \u00e9galement \u00e0 travers l\u2019id\u00e9ologie sur laquelle ils ont pu \u00eatre construits.<\/p>\n<p>Les apports sont ainsi multiples, expertise dans l\u2019exploitation des bases de donn\u00e9es \u00ab\u00a0REI\u00a0\u00bb et des divers fichiers publi\u00e9s par la DGCL, cartographie de la p\u00e9r\u00e9quation fran\u00e7aise, \u00e9tude de nombreux rapports \u00e0 charge ou \u00e0 d\u00e9charge, adoption d\u2019une d\u00e9marche objective \u00e0 travers l\u2019apprentissage d\u2019un recul et d\u2019une mise en perspective \u00e0 mettre en \u0153uvre au cours des lectures\u2026<\/p>\n<p>Florent a plus particuli\u00e8rement mis en application certaines simulations math\u00e9matiques comme la courbe de Lorenz par l\u2019utilisation de l\u2019indice de GINI. Charles quant \u00e0 lui, a pu \u00e9tudier les syst\u00e8mes de p\u00e9r\u00e9quation europ\u00e9ens (Allemagne, Suisse, Italie).<\/p>\n<p>Au-del\u00e0 des connaissances acquises, ce travail de recherche nous aura permis d\u2019\u00e9changer avec des professionnels du monde des collectivit\u00e9s tel que Julian POUX, responsable fiscalit\u00e9 de Aix-Marseille-M\u00e9tropole. Malgr\u00e9 notre jeune exp\u00e9rience et une expertise en construction, nous nous sommes retrouv\u00e9s \u00e0 d\u00e9battre et partager sans consid\u00e9ration de statuts, ce qui nous aura permis de sortir du cadre purement universitaire. &#8221;<\/p>\n<p>&nbsp;<\/p>\n<h1 style=\"text-align: center\"><em><strong>Le premier prix a \u00e9t\u00e9 remport\u00e9 par M. TLALKA et M. SEGUIN, \u00e9tudiants du M2 (promotion 2017-2018). F\u00e9licitations \u00e0 eux !!!!<\/strong><\/em><\/h1>\n<p>&nbsp;<\/p>\n<p><a href=\"http:\/\/blog.ube.fr\/m2fctg\/wp-content\/uploads\/sites\/36\/2019\/04\/Capture-d\u2019\u00e9cran-2019-04-08-\u00e0-21.52.18.png\"><img loading=\"lazy\" decoding=\"async\" class=\"aligncenter wp-image-1910 size-full\" src=\"http:\/\/blog.ube.fr\/m2fctg\/wp-content\/uploads\/sites\/36\/2019\/04\/Capture-d\u2019\u00e9cran-2019-04-08-\u00e0-21.52.18.png\" alt=\"\" width=\"1186\" height=\"1288\" srcset=\"https:\/\/blog.ube.fr\/m2fctg\/wp-content\/uploads\/sites\/36\/2019\/04\/Capture-d\u2019\u00e9cran-2019-04-08-\u00e0-21.52.18.png 1186w, https:\/\/blog.ube.fr\/m2fctg\/wp-content\/uploads\/sites\/36\/2019\/04\/Capture-d\u2019\u00e9cran-2019-04-08-\u00e0-21.52.18-768x834.png 768w\" sizes=\"auto, (max-width: 1186px) 100vw, 1186px\" \/><\/a><\/p>\n<p>&nbsp;<\/p>\n<p>&nbsp;<\/p>\n<p>&nbsp;<\/p>\n<p style=\"text-align: center\"><em>R\u00e9dig\u00e9 par CERIGNAT Mathilde<\/em><\/p>\n<p>&nbsp;<\/p>\n","protected":false},"excerpt":{"rendered":"<p>Prix du M\u00e9moire 2018 Lors de cette ann\u00e9e 2018 se d\u00e9roulera la onzi\u00e8me \u00e9dition du Prix du M\u00e9moire de Master, organis\u00e9e par l&#8217;AFIGESE en partenariat avec la Banque Postale Collectivit\u00e9s Locales, l&#8217;Association pour la Fondation Internationale des Finances Publiques et la Revue Fran\u00e7aise des Finances Publiques. Ce concours a pour but de r\u00e9compenser les meilleurs<\/p>\n<p><a class=\"button\" href=\"https:\/\/blog.ube.fr\/m2fctg\/prix-du-memoire-de-master\/\" title=\"More\">  Voir plus \u2192<\/a><\/p>\n","protected":false},"author":399,"featured_media":0,"parent":0,"menu_order":0,"comment_status":"closed","ping_status":"closed","template":"","meta":{"footnotes":""},"class_list":["post-1553","page","type-page","status-publish","hentry"],"_links":{"self":[{"href":"https:\/\/blog.ube.fr\/m2fctg\/wp-json\/wp\/v2\/pages\/1553","targetHints":{"allow":["GET"]}}],"collection":[{"href":"https:\/\/blog.ube.fr\/m2fctg\/wp-json\/wp\/v2\/pages"}],"about":[{"href":"https:\/\/blog.ube.fr\/m2fctg\/wp-json\/wp\/v2\/types\/page"}],"author":[{"embeddable":true,"href":"https:\/\/blog.ube.fr\/m2fctg\/wp-json\/wp\/v2\/users\/399"}],"replies":[{"embeddable":true,"href":"https:\/\/blog.ube.fr\/m2fctg\/wp-json\/wp\/v2\/comments?post=1553"}],"version-history":[{"count":4,"href":"https:\/\/blog.ube.fr\/m2fctg\/wp-json\/wp\/v2\/pages\/1553\/revisions"}],"predecessor-version":[{"id":1917,"href":"https:\/\/blog.ube.fr\/m2fctg\/wp-json\/wp\/v2\/pages\/1553\/revisions\/1917"}],"wp:attachment":[{"href":"https:\/\/blog.ube.fr\/m2fctg\/wp-json\/wp\/v2\/media?parent=1553"}],"curies":[{"name":"wp","href":"https:\/\/api.w.org\/{rel}","templated":true}]}}

Prix du Mémoire de Master

<h2 style="text-align: center"><a href="http://blog.ube.fr/m2fctg/wp-content/uploads/sites/36/2018/11/Capture-d’écran-2018-11-11-à-18.11.56.png"><img loading="lazy" decoding="async" class="wp-image-1576 alignleft" src="http://blog.ube.fr/m2fctg/wp-content/uploads/sites/36/2018/11/Capture-d’écran-2018-11-11-à-18.11.56.png" alt="" width="322" height="455" srcset="https://blog.ube.fr/m2fctg/wp-content/uploads/sites/36/2018/11/Capture-d’écran-2018-11-11-à-18.11.56.png 906w, https://blog.ube.fr/m2fctg/wp-content/uploads/sites/36/2018/11/Capture-d’écran-2018-11-11-à-18.11.56-768x1087.png 768w" sizes="auto, (max-width: 322px) 100vw, 322px" /></a>Prix du Mémoire 2018</h2>
<p>Lors de cette année 2018 se déroulera la onzième édition du Prix du Mémoire de Master, organisée par l&#8217;AFIGESE en partenariat avec la Banque Postale Collectivités Locales, l&#8217;Association pour la Fondation Internationale des Finances Publiques et la Revue Française des Finances Publiques.</p>
<p>Ce concours a pour but de récompenser les meilleurs mémoires réalisés par des étudiants de Master 2 durant l&#8217;année en cours. Ce Master doit être spécialisé dans les finances locales, la gestion publique locale, l&#8217;évaluation des politiques publiques locales ou le management public local.</p>
<p>Cette année le Master 2 Finances des Collectivités Territoriales et des Groupements sera représenté par <em><strong>Florent TLALKA</strong></em> et <em><strong>Charles SEGUIN</strong></em> :</p>
<p>&#8221; Les étudiants du Master 2 sont régulièrement sollicités afin de réaliser plusieurs Mémorandum pour l&#8217;association France Urbaine.</p>
<p>En 2018, France Urbaine a ainsi proposé aux étudiants du Master de réaliser un sujet sur &#8221; <strong><em>Le bilan et les perspectives de la péréquation du bloc communal &#8220;</em></strong>. Nous avons tout de suite été intéressés par ce sujet au cœur de l’actualité des collectivités, et qui ne cesse de prendre de l’importance au sein de leur financement.</p>
<p>La rédaction de ce mémoire de recherche nous a permis d’approfondir de manière très poussée l’étude des mécanismes verticaux et horizontaux de péréquation à travers leurs critères et règles de répartition, mais également à travers l’idéologie sur laquelle ils ont pu être construits.</p>
<p>Les apports sont ainsi multiples, expertise dans l’exploitation des bases de données « REI » et des divers fichiers publiés par la DGCL, cartographie de la péréquation française, étude de nombreux rapports à charge ou à décharge, adoption d’une démarche objective à travers l’apprentissage d’un recul et d’une mise en perspective à mettre en œuvre au cours des lectures…</p>
<p>Florent a plus particulièrement mis en application certaines simulations mathématiques comme la courbe de Lorenz par l’utilisation de l’indice de GINI. Charles quant à lui, a pu étudier les systèmes de péréquation européens (Allemagne, Suisse, Italie).</p>
<p>Au-delà des connaissances acquises, ce travail de recherche nous aura permis d’échanger avec des professionnels du monde des collectivités tel que Julian POUX, responsable fiscalité de Aix-Marseille-Métropole. Malgré notre jeune expérience et une expertise en construction, nous nous sommes retrouvés à débattre et partager sans considération de statuts, ce qui nous aura permis de sortir du cadre purement universitaire. &#8221;</p>
<p>&nbsp;</p>
<h1 style="text-align: center"><em><strong>Le premier prix a été remporté par M. TLALKA et M. SEGUIN, étudiants du M2 (promotion 2017-2018). Félicitations à eux !!!!</strong></em></h1>
<p>&nbsp;</p>
<p><a href="http://blog.ube.fr/m2fctg/wp-content/uploads/sites/36/2019/04/Capture-d’écran-2019-04-08-à-21.52.18.png"><img loading="lazy" decoding="async" class="aligncenter wp-image-1910 size-full" src="http://blog.ube.fr/m2fctg/wp-content/uploads/sites/36/2019/04/Capture-d’écran-2019-04-08-à-21.52.18.png" alt="" width="1186" height="1288" srcset="https://blog.ube.fr/m2fctg/wp-content/uploads/sites/36/2019/04/Capture-d’écran-2019-04-08-à-21.52.18.png 1186w, https://blog.ube.fr/m2fctg/wp-content/uploads/sites/36/2019/04/Capture-d’écran-2019-04-08-à-21.52.18-768x834.png 768w" sizes="auto, (max-width: 1186px) 100vw, 1186px" /></a></p>
<p>&nbsp;</p>
<p>&nbsp;</p>
<p>&nbsp;</p>
<p style="text-align: center"><em>Rédigé par CERIGNAT Mathilde</em></p>
<p>&nbsp;</p>

<p>Prix du Mémoire 2018 Lors de cette année 2018 se déroulera la onzième édition du Prix du Mémoire de Master, organisée par l&#8217;AFIGESE en partenariat avec la Banque Postale Collectivités Locales, l&#8217;Association pour la Fondation Internationale des Finances Publiques et la Revue Française des Finances Publiques. Ce concours a pour but de récompenser les meilleurs</p>
<p><a class="button" href="https://blog.ube.fr/m2fctg/prix-du-memoire-de-master/" title="More">  Voir plus →</a></p>
