{"id":1548,"date":"2018-11-11T17:47:45","date_gmt":"2018-11-11T16:47:45","guid":{"rendered":"http:\/\/blog.u-bourgogne.fr\/m2fctg\/?page_id=1548"},"modified":"2018-11-14T11:07:16","modified_gmt":"2018-11-14T10:07:16","slug":"partenaires-prives","status":"publish","type":"page","link":"https:\/\/blog.ube.fr\/m2fctg\/partenaires-prives\/","title":{"rendered":"Partenaires priv\u00e9s"},"content":{"rendered":"<h3>Etablissements :<\/h3>\n<ul style=\"list-style-type: circle\">\n<li style=\"text-align: left\"><em><strong>Caisse d&#8217;\u00e9pargne<\/strong><\/em><\/li>\n<li style=\"text-align: left\"><em><strong>Cr\u00e9dit agricole<\/strong><\/em><\/li>\n<li style=\"text-align: left\"><em><strong>Banque postale<\/strong><\/em><\/li>\n<li style=\"text-align: left\"><em><strong>KPMG<\/strong><\/em><\/li>\n<li style=\"text-align: left\"><em><strong>A traduire<\/strong><\/em><\/li>\n<li style=\"text-align: left\"><em><strong>S\u00e9maphores<\/strong><\/em><\/li>\n<li style=\"text-align: left\"><em><strong>Stratorial Finance<\/strong><\/em><\/li>\n<li style=\"text-align: left\"><em><strong>Agence France Locale<\/strong><\/em><\/li>\n<li style=\"text-align: left\"><em><strong>Finance Active<\/strong><\/em><\/li>\n<li style=\"text-align: left\"><em><strong>PPBS<\/strong><\/em><\/li>\n<li style=\"text-align: left\"><em><strong>Orf\u00e9or<\/strong><\/em><\/li>\n<\/ul>\n<h3 style=\"text-align: left\"><em><strong>\u00a0<\/strong><\/em><a href=\"http:\/\/blog.ube.fr\/m2fctg\/wp-content\/uploads\/sites\/36\/2018\/11\/X.png\"><img loading=\"lazy\" decoding=\"async\" class=\"wp-image-1691 aligncenter\" src=\"http:\/\/blog.ube.fr\/m2fctg\/wp-content\/uploads\/sites\/36\/2018\/11\/X.png\" alt=\"\" width=\"619\" height=\"406\" srcset=\"https:\/\/blog.ube.fr\/m2fctg\/wp-content\/uploads\/sites\/36\/2018\/11\/X.png 1828w, https:\/\/blog.ube.fr\/m2fctg\/wp-content\/uploads\/sites\/36\/2018\/11\/X-768x503.png 768w\" sizes=\"auto, (max-width: 619px) 100vw, 619px\" \/><\/a><\/h3>\n<h3>Revues :<\/h3>\n<ul style=\"list-style-type: circle\">\n<li style=\"text-align: left\"><em><strong>Nouvel OBS<\/strong><\/em><\/li>\n<li style=\"text-align: left\"><em><strong>Challenge<\/strong><\/em><\/li>\n<li style=\"text-align: left\"><em><strong>Echo des Communes<\/strong><\/em><\/li>\n<li style=\"text-align: left\"><em><strong>La Gazette des Communes<\/strong><\/em><\/li>\n<\/ul>\n<p><a href=\"http:\/\/blog.ube.fr\/m2fctg\/wp-content\/uploads\/sites\/36\/2018\/11\/XX.png\"><img loading=\"lazy\" decoding=\"async\" class=\"wp-image-1692 aligncenter\" src=\"http:\/\/blog.ube.fr\/m2fctg\/wp-content\/uploads\/sites\/36\/2018\/11\/XX.png\" alt=\"\" width=\"624\" height=\"367\" srcset=\"https:\/\/blog.ube.fr\/m2fctg\/wp-content\/uploads\/sites\/36\/2018\/11\/XX.png 1812w, https:\/\/blog.ube.fr\/m2fctg\/wp-content\/uploads\/sites\/36\/2018\/11\/XX-768x452.png 768w\" sizes=\"auto, (max-width: 624px) 100vw, 624px\" \/><\/a><\/p>\n<p>&nbsp;<\/p>\n<p>&nbsp;<\/p>\n<p>&nbsp;<\/p>\n<p>&nbsp;<\/p>\n<p style=\"text-align: center\"><em>R\u00e9alis\u00e9 par ERMAN Zeynep<\/em><\/p>\n","protected":false},"excerpt":{"rendered":"<p>Etablissements : Caisse d&#8217;\u00e9pargne Cr\u00e9dit agricole Banque postale KPMG A traduire S\u00e9maphores Stratorial Finance Agence France Locale Finance Active PPBS Orf\u00e9or \u00a0 Revues : Nouvel OBS Challenge Echo des Communes La Gazette des Communes &nbsp; &nbsp; &nbsp; &nbsp; R\u00e9alis\u00e9 par ERMAN Zeynep<\/p>\n","protected":false},"author":402,"featured_media":0,"parent":0,"menu_order":0,"comment_status":"closed","ping_status":"closed","template":"","meta":{"footnotes":""},"class_list":["post-1548","page","type-page","status-publish","hentry"],"_links":{"self":[{"href":"https:\/\/blog.ube.fr\/m2fctg\/wp-json\/wp\/v2\/pages\/1548","targetHints":{"allow":["GET"]}}],"collection":[{"href":"https:\/\/blog.ube.fr\/m2fctg\/wp-json\/wp\/v2\/pages"}],"about":[{"href":"https:\/\/blog.ube.fr\/m2fctg\/wp-json\/wp\/v2\/types\/page"}],"author":[{"embeddable":true,"href":"https:\/\/blog.ube.fr\/m2fctg\/wp-json\/wp\/v2\/users\/402"}],"replies":[{"embeddable":true,"href":"https:\/\/blog.ube.fr\/m2fctg\/wp-json\/wp\/v2\/comments?post=1548"}],"version-history":[{"count":11,"href":"https:\/\/blog.ube.fr\/m2fctg\/wp-json\/wp\/v2\/pages\/1548\/revisions"}],"predecessor-version":[{"id":1695,"href":"https:\/\/blog.ube.fr\/m2fctg\/wp-json\/wp\/v2\/pages\/1548\/revisions\/1695"}],"wp:attachment":[{"href":"https:\/\/blog.ube.fr\/m2fctg\/wp-json\/wp\/v2\/media?parent=1548"}],"curies":[{"name":"wp","href":"https:\/\/api.w.org\/{rel}","templated":true}]}}