{"id":1490,"date":"2018-11-11T16:16:05","date_gmt":"2018-11-11T15:16:05","guid":{"rendered":"http:\/\/blog.u-bourgogne.fr\/m2fctg\/?page_id=1490"},"modified":"2022-01-12T17:09:07","modified_gmt":"2022-01-12T16:09:07","slug":"bec-business-english-certificates","status":"publish","type":"page","link":"https:\/\/blog.ube.fr\/m2fctg\/bec-business-english-certificates\/","title":{"rendered":"BEC : Business English Certificates"},"content":{"rendered":"<p>Le master FCTG a re\u00e7u de la part de l&#8217;universit\u00e9 de Cambridge l&#8217;habilitation de former pour le BEC pour la 5 \u00e8me ann\u00e9e cons\u00e9cutive<\/p>\n","protected":false},"excerpt":{"rendered":"<p>Le master FCTG a re\u00e7u de la part de l&#8217;universit\u00e9 de Cambridge l&#8217;habilitation de former pour le BEC pour la 5 \u00e8me ann\u00e9e cons\u00e9cutive<\/p>\n","protected":false},"author":402,"featured_media":0,"parent":0,"menu_order":0,"comment_status":"closed","ping_status":"closed","template":"","meta":{"footnotes":""},"class_list":["post-1490","page","type-page","status-publish","hentry"],"_links":{"self":[{"href":"https:\/\/blog.ube.fr\/m2fctg\/wp-json\/wp\/v2\/pages\/1490","targetHints":{"allow":["GET"]}}],"collection":[{"href":"https:\/\/blog.ube.fr\/m2fctg\/wp-json\/wp\/v2\/pages"}],"about":[{"href":"https:\/\/blog.ube.fr\/m2fctg\/wp-json\/wp\/v2\/types\/page"}],"author":[{"embeddable":true,"href":"https:\/\/blog.ube.fr\/m2fctg\/wp-json\/wp\/v2\/users\/402"}],"replies":[{"embeddable":true,"href":"https:\/\/blog.ube.fr\/m2fctg\/wp-json\/wp\/v2\/comments?post=1490"}],"version-history":[{"count":3,"href":"https:\/\/blog.ube.fr\/m2fctg\/wp-json\/wp\/v2\/pages\/1490\/revisions"}],"predecessor-version":[{"id":2367,"href":"https:\/\/blog.ube.fr\/m2fctg\/wp-json\/wp\/v2\/pages\/1490\/revisions\/2367"}],"wp:attachment":[{"href":"https:\/\/blog.ube.fr\/m2fctg\/wp-json\/wp\/v2\/media?parent=1490"}],"curies":[{"name":"wp","href":"https:\/\/api.w.org\/{rel}","templated":true}]}}