{"id":1461,"date":"2018-11-11T15:42:40","date_gmt":"2018-11-11T14:42:40","guid":{"rendered":"http:\/\/blog.u-bourgogne.fr\/m2fctg\/?page_id=1461"},"modified":"2018-11-11T17:01:56","modified_gmt":"2018-11-11T16:01:56","slug":"assises-2018","status":"publish","type":"page","link":"https:\/\/blog.ube.fr\/m2fctg\/assises-2018\/","title":{"rendered":"Assises 2018"},"content":{"rendered":"<h2 style=\"text-align: center\">Assises 2018 \u00e0 DIJON<\/h2>\n<p><a href=\"http:\/\/blog.ube.fr\/m2fctg\/wp-content\/uploads\/sites\/36\/2018\/11\/45917257_2140686529514293_1615890142705221632_n.jpg\"><img loading=\"lazy\" decoding=\"async\" class=\"wp-image-1478 alignright\" src=\"http:\/\/blog.ube.fr\/m2fctg\/wp-content\/uploads\/sites\/36\/2018\/11\/45917257_2140686529514293_1615890142705221632_n-290x220.jpg\" alt=\"\" width=\"219\" height=\"166\" \/><\/a><\/p>\n<p>&nbsp;<\/p>\n<p>Du 26 au 28 septembre 2018, se d\u00e9roulait \u00e0 DIJON les 23\u00e8me Assises de l&#8217;AFIGESE, sur le th\u00e8me :<\/p>\n<p style=\"text-align: center\"><strong>&#8221; Quelles solidarit\u00e9s demain dans les territoires ? &#8220;<\/strong><\/p>\n<p>&nbsp;<\/p>\n<p><em>Programme :<\/em><\/p>\n<p><a href=\"http:\/\/blog.ube.fr\/m2fctg\/wp-content\/uploads\/sites\/36\/2018\/11\/Capture-d\u2019\u00e9cran-2018-11-11-\u00e0-16.10.59-e1541949714360.png\"><img loading=\"lazy\" decoding=\"async\" class=\"wp-image-1488 alignleft\" src=\"http:\/\/blog.ube.fr\/m2fctg\/wp-content\/uploads\/sites\/36\/2018\/11\/Capture-d\u2019\u00e9cran-2018-11-11-\u00e0-16.10.59-e1541949714360.png\" alt=\"\" width=\"334\" height=\"405\" srcset=\"https:\/\/blog.ube.fr\/m2fctg\/wp-content\/uploads\/sites\/36\/2018\/11\/Capture-d\u2019\u00e9cran-2018-11-11-\u00e0-16.10.59-e1541949714360.png 997w, https:\/\/blog.ube.fr\/m2fctg\/wp-content\/uploads\/sites\/36\/2018\/11\/Capture-d\u2019\u00e9cran-2018-11-11-\u00e0-16.10.59-e1541949714360-768x932.png 768w\" sizes=\"auto, (max-width: 334px) 100vw, 334px\" \/><\/a><\/p>\n<p>&nbsp;<\/p>\n<p>&nbsp;<\/p>\n<p>&nbsp;<\/p>\n<p>&nbsp;<\/p>\n<p>&nbsp;<\/p>\n<p>&nbsp;<\/p>\n<p>&nbsp;<\/p>\n<p>&nbsp;<\/p>\n<p>&nbsp;<\/p>\n<p>&nbsp;<\/p>\n<p>&nbsp;<\/p>\n<p>&nbsp;<\/p>\n<p>&nbsp;<\/p>\n<p>Les \u00e9tudiants du Master 2 Finances des Collectivit\u00e9s Territoriales et des Groupements ont pu participer aux assises du 27 septembre au 28 septembre.<\/p>\n<p>&nbsp;<\/p>\n<p><a href=\"http:\/\/blog.ube.fr\/m2fctg\/wp-content\/uploads\/sites\/36\/2018\/11\/DSC02979.jpg\"><img loading=\"lazy\" decoding=\"async\" class=\"wp-image-1439 aligncenter\" src=\"http:\/\/blog.ube.fr\/m2fctg\/wp-content\/uploads\/sites\/36\/2018\/11\/DSC02979.jpg\" alt=\"\" width=\"560\" height=\"372\" srcset=\"https:\/\/blog.ube.fr\/m2fctg\/wp-content\/uploads\/sites\/36\/2018\/11\/DSC02979.jpg 4912w, https:\/\/blog.ube.fr\/m2fctg\/wp-content\/uploads\/sites\/36\/2018\/11\/DSC02979-768x510.jpg 768w\" sizes=\"auto, (max-width: 560px) 100vw, 560px\" \/><\/a><\/p>\n<p>&nbsp;<\/p>\n<p>C&#8217;\u00e9tait \u00e9galement l&#8217;occasion pour les \u00e9tudiants d&#8217;assister \u00e0 une table ronde \u00e0 laquelle participait le Directeur du Master Patrice RAYMOND, sur le th\u00e8me <strong><em>&#8221; Quelle compatibilit\u00e9 entre solidarit\u00e9 et les fondamentaux de la d\u00e9centralisation ? &#8220;<\/em><\/strong>.<\/p>\n<p>Cette table ronde \u00e9tait anim\u00e9e par Sophie GUICHARD Directrice g\u00e9n\u00e9rale des services du D\u00e9partement des C\u00f4tes d&#8217;Armor, y participaient \u00e9galement, Charles-\u00c9ric LEMAIGNEN Vice-Pr\u00e9sident de l&#8217;AdcF, Adrien BAYLE Conseiller charg\u00e9 des finances locales au Cabinet du Ministre d&#8217;\u00c9tat , Ministre de l&#8217;Int\u00e9rieur, Gilles DA COSTA Directeur g\u00e9n\u00e9ral des services \u00e0 la R\u00e9gion de Bourgogne Franche-Comt\u00e9, ainsi que Michel KLOPFER consultant en finances locales.<\/p>\n<p>&nbsp;<\/p>\n<div id=\"attachment_1438\" style=\"width: 534px\" class=\"wp-caption aligncenter\"><a href=\"http:\/\/blog.ube.fr\/m2fctg\/wp-content\/uploads\/sites\/36\/2018\/11\/AFIGESE-Table-ronde.png\"><img loading=\"lazy\" decoding=\"async\" aria-describedby=\"caption-attachment-1438\" class=\"wp-image-1438\" src=\"http:\/\/blog.ube.fr\/m2fctg\/wp-content\/uploads\/sites\/36\/2018\/11\/AFIGESE-Table-ronde.png\" alt=\"\" width=\"524\" height=\"393\" \/><\/a><\/p>\n<p id=\"caption-attachment-1438\" class=\"wp-caption-text\">(De gauche \u00e0 droite : Michel KLOPFER, Patrice RAYMOND, Adrien BAYLE, Gilles DA COSTA, Charles-\u00c9ric LEMAIGNEN, Sophie GUICHARD)<\/p>\n<\/div>\n<p>&nbsp;<\/p>\n<p>Ces journ\u00e9es d&#8217;\u00e9changes et de d\u00e9bats ont confirm\u00e9 que la solidarit\u00e9 constitue un enjeu essentiel du management territorial.<\/p>\n<p>&nbsp;<\/p>\n<p>&nbsp;<\/p>\n<p>&nbsp;<\/p>\n<p>&nbsp;<\/p>\n<p>&nbsp;<\/p>\n<p style=\"text-align: center\"><em>\u00a0R\u00e9dig\u00e9 par CERIGNAT Mathilde<\/em><\/p>\n","protected":false},"excerpt":{"rendered":"<p>Assises 2018 \u00e0 DIJON &nbsp; Du 26 au 28 septembre 2018, se d\u00e9roulait \u00e0 DIJON les 23\u00e8me Assises de l&#8217;AFIGESE, sur le th\u00e8me : &#8221; Quelles solidarit\u00e9s demain dans les territoires ? &#8220; &nbsp; Programme : &nbsp; &nbsp; &nbsp; &nbsp; &nbsp; &nbsp; &nbsp; &nbsp; &nbsp; &nbsp; &nbsp; &nbsp; &nbsp; Les \u00e9tudiants du Master 2 Finances<\/p>\n<p><a class=\"button\" href=\"https:\/\/blog.ube.fr\/m2fctg\/assises-2018\/\" title=\"More\">  Voir plus \u2192<\/a><\/p>\n","protected":false},"author":399,"featured_media":0,"parent":0,"menu_order":0,"comment_status":"closed","ping_status":"closed","template":"","meta":{"footnotes":""},"class_list":["post-1461","page","type-page","status-publish","hentry"],"_links":{"self":[{"href":"https:\/\/blog.ube.fr\/m2fctg\/wp-json\/wp\/v2\/pages\/1461","targetHints":{"allow":["GET"]}}],"collection":[{"href":"https:\/\/blog.ube.fr\/m2fctg\/wp-json\/wp\/v2\/pages"}],"about":[{"href":"https:\/\/blog.ube.fr\/m2fctg\/wp-json\/wp\/v2\/types\/page"}],"author":[{"embeddable":true,"href":"https:\/\/blog.ube.fr\/m2fctg\/wp-json\/wp\/v2\/users\/399"}],"replies":[{"embeddable":true,"href":"https:\/\/blog.ube.fr\/m2fctg\/wp-json\/wp\/v2\/comments?post=1461"}],"version-history":[{"count":7,"href":"https:\/\/blog.ube.fr\/m2fctg\/wp-json\/wp\/v2\/pages\/1461\/revisions"}],"predecessor-version":[{"id":1513,"href":"https:\/\/blog.ube.fr\/m2fctg\/wp-json\/wp\/v2\/pages\/1461\/revisions\/1513"}],"wp:attachment":[{"href":"https:\/\/blog.ube.fr\/m2fctg\/wp-json\/wp\/v2\/media?parent=1461"}],"curies":[{"name":"wp","href":"https:\/\/api.w.org\/{rel}","templated":true}]}}

<h2 style="text-align: center">Assises 2018 à DIJON</h2>
<p><a href="http://blog.ube.fr/m2fctg/wp-content/uploads/sites/36/2018/11/45917257_2140686529514293_1615890142705221632_n.jpg"><img loading="lazy" decoding="async" class="wp-image-1478 alignright" src="http://blog.ube.fr/m2fctg/wp-content/uploads/sites/36/2018/11/45917257_2140686529514293_1615890142705221632_n-290x220.jpg" alt="" width="219" height="166" /></a></p>
<p>&nbsp;</p>
<p>Du 26 au 28 septembre 2018, se déroulait à DIJON les 23ème Assises de l&#8217;AFIGESE, sur le thème :</p>
<p style="text-align: center"><strong>&#8221; Quelles solidarités demain dans les territoires ? &#8220;</strong></p>
<p>&nbsp;</p>
<p><em>Programme :</em></p>
<p><a href="http://blog.ube.fr/m2fctg/wp-content/uploads/sites/36/2018/11/Capture-d’écran-2018-11-11-à-16.10.59-e1541949714360.png"><img loading="lazy" decoding="async" class="wp-image-1488 alignleft" src="http://blog.ube.fr/m2fctg/wp-content/uploads/sites/36/2018/11/Capture-d’écran-2018-11-11-à-16.10.59-e1541949714360.png" alt="" width="334" height="405" srcset="https://blog.ube.fr/m2fctg/wp-content/uploads/sites/36/2018/11/Capture-d’écran-2018-11-11-à-16.10.59-e1541949714360.png 997w, https://blog.ube.fr/m2fctg/wp-content/uploads/sites/36/2018/11/Capture-d’écran-2018-11-11-à-16.10.59-e1541949714360-768x932.png 768w" sizes="auto, (max-width: 334px) 100vw, 334px" /></a></p>
<p>&nbsp;</p>
<p>&nbsp;</p>
<p>&nbsp;</p>
<p>&nbsp;</p>
<p>&nbsp;</p>
<p>&nbsp;</p>
<p>&nbsp;</p>
<p>&nbsp;</p>
<p>&nbsp;</p>
<p>&nbsp;</p>
<p>&nbsp;</p>
<p>&nbsp;</p>
<p>&nbsp;</p>
<p>Les étudiants du Master 2 Finances des Collectivités Territoriales et des Groupements ont pu participer aux assises du 27 septembre au 28 septembre.</p>
<p>&nbsp;</p>
<p><a href="http://blog.ube.fr/m2fctg/wp-content/uploads/sites/36/2018/11/DSC02979.jpg"><img loading="lazy" decoding="async" class="wp-image-1439 aligncenter" src="http://blog.ube.fr/m2fctg/wp-content/uploads/sites/36/2018/11/DSC02979.jpg" alt="" width="560" height="372" srcset="https://blog.ube.fr/m2fctg/wp-content/uploads/sites/36/2018/11/DSC02979.jpg 4912w, https://blog.ube.fr/m2fctg/wp-content/uploads/sites/36/2018/11/DSC02979-768x510.jpg 768w" sizes="auto, (max-width: 560px) 100vw, 560px" /></a></p>
<p>&nbsp;</p>
<p>C&#8217;était également l&#8217;occasion pour les étudiants d&#8217;assister à une table ronde à laquelle participait le Directeur du Master Patrice RAYMOND, sur le thème <strong><em>&#8221; Quelle compatibilité entre solidarité et les fondamentaux de la décentralisation ? &#8220;</em></strong>.</p>
<p>Cette table ronde était animée par Sophie GUICHARD Directrice générale des services du Département des Côtes d&#8217;Armor, y participaient également, Charles-Éric LEMAIGNEN Vice-Président de l&#8217;AdcF, Adrien BAYLE Conseiller chargé des finances locales au Cabinet du Ministre d&#8217;État , Ministre de l&#8217;Intérieur, Gilles DA COSTA Directeur général des services à la Région de Bourgogne Franche-Comté, ainsi que Michel KLOPFER consultant en finances locales.</p>
<p>&nbsp;</p>
<div id="attachment_1438" style="width: 534px" class="wp-caption aligncenter"><a href="http://blog.ube.fr/m2fctg/wp-content/uploads/sites/36/2018/11/AFIGESE-Table-ronde.png"><img loading="lazy" decoding="async" aria-describedby="caption-attachment-1438" class="wp-image-1438" src="http://blog.ube.fr/m2fctg/wp-content/uploads/sites/36/2018/11/AFIGESE-Table-ronde.png" alt="" width="524" height="393" /></a></p>
<p id="caption-attachment-1438" class="wp-caption-text">(De gauche à droite : Michel KLOPFER, Patrice RAYMOND, Adrien BAYLE, Gilles DA COSTA, Charles-Éric LEMAIGNEN, Sophie GUICHARD)</p>
</div>
<p>&nbsp;</p>
<p>Ces journées d&#8217;échanges et de débats ont confirmé que la solidarité constitue un enjeu essentiel du management territorial.</p>
<p>&nbsp;</p>
<p>&nbsp;</p>
<p>&nbsp;</p>
<p>&nbsp;</p>
<p>&nbsp;</p>
<p style="text-align: center"><em> Rédigé par CERIGNAT Mathilde</em></p>

<p>Assises 2018 à DIJON &nbsp; Du 26 au 28 septembre 2018, se déroulait à DIJON les 23ème Assises de l&#8217;AFIGESE, sur le thème : &#8221; Quelles solidarités demain dans les territoires ? &#8220; &nbsp; Programme : &nbsp; &nbsp; &nbsp; &nbsp; &nbsp; &nbsp; &nbsp; &nbsp; &nbsp; &nbsp; &nbsp; &nbsp; &nbsp; Les étudiants du Master 2 Finances</p>
<p><a class="button" href="https://blog.ube.fr/m2fctg/assises-2018/" title="More">  Voir plus →</a></p>
