{"id":9,"date":"2017-05-09T16:12:30","date_gmt":"2017-05-09T14:12:30","guid":{"rendered":"http:\/\/blog.u-bourgogne.fr\/lpro-gpsac\/?page_id=9"},"modified":"2022-07-01T16:55:39","modified_gmt":"2022-07-01T14:55:39","slug":"presentation-du-diplome","status":"publish","type":"page","link":"https:\/\/blog.ube.fr\/lpro-gpsac\/presentation-du-diplome\/","title":{"rendered":"Pr\u00e9sentation du dipl\u00f4me"},"content":{"rendered":"<h1>\u00a0<\/h1>\n<h1><strong><img loading=\"lazy\" decoding=\"async\" class=\"size-full wp-image-43 alignnone\" src=\"http:\/\/blog.ube.fr\/lpro-gpsac\/wp-content\/uploads\/sites\/86\/2017\/05\/losange.png\" width=\"25\" height=\"25\" srcset=\"https:\/\/blog.ube.fr\/lpro-gpsac\/wp-content\/uploads\/sites\/86\/2017\/05\/losange.png 459w, https:\/\/blog.ube.fr\/lpro-gpsac\/wp-content\/uploads\/sites\/86\/2017\/05\/losange-150x150.png 150w, https:\/\/blog.ube.fr\/lpro-gpsac\/wp-content\/uploads\/sites\/86\/2017\/05\/losange-300x300.png 300w\" sizes=\"auto, (max-width: 25px) 100vw, 25px\" \/> Objectifs<\/strong><\/h1>\n<p>&nbsp;<\/p>\n<p style=\"text-align: justify;\">Le titulaire de ce dipl\u00f4me participe \u00e0 la gestion et au d\u00e9veloppement des activit\u00e9s artistiques dans le domaine des arts vivants (danse, cirque, th\u00e9\u00e2tre, arts de rue\u2026etc). Il d\u00e9veloppe et dirige des projets artistiques et culturels dans un contexte local singulier et en initie de nouveaux en consid\u00e9rant les diff\u00e9rentes composantes de l\u2019environnement social, politique, artistique, culturel et \u00e9conomique. Il incite au d\u00e9veloppement de nouvelles activit\u00e9s en r\u00e9ponse \u00e0 des demandes de publics vis\u00e9s.<\/p>\n<p style=\"text-align: justify;\">Soutien constructif au projet artistique, interface avec les diff\u00e9rents partenaires financiers et professionnels, analyste de la faisabilit\u00e9 \u00e9conomique et organisationnelle, le titulaire de cette licence d\u00e9veloppe des comp\u00e9tences de gestion administrative et financi\u00e8re pour manager des projets et g\u00e9rer de petites structures. Plus encore, c\u2019est un traducteur qui doit permettre le dialogue entre les p\u00f4les artistiques, techniques, administratifs, financiers, politiques\u2026<\/p>\n<p style=\"text-align: justify;\">En administrant un projet artistique, il s\u2019inscrit dans une \u00e9quipe de travail force d\u2019analyse et de proposition sur un territoire. Il cr\u00e9e des contractualisations et des partenariats. Il d\u00e9veloppe et met en \u0153uvre une m\u00e9thodologie pour obtenir des collaborations et des financements notamment en mutualisant les moyens des diverses composantes associ\u00e9es (collectivit\u00e9s territoriales, intercommunalit\u00e9s, partenaires priv\u00e9s\u2026), et dans le respect du cadre l\u00e9gislatif.<\/p>\n<p style=\"text-align: justify;\">\u00a0<\/p>\n<h1><strong><img loading=\"lazy\" decoding=\"async\" class=\"size-full wp-image-43 alignnone\" src=\"http:\/\/blog.ube.fr\/lpro-gpsac\/wp-content\/uploads\/sites\/86\/2017\/05\/losange.png\" width=\"25\" height=\"25\" srcset=\"https:\/\/blog.ube.fr\/lpro-gpsac\/wp-content\/uploads\/sites\/86\/2017\/05\/losange.png 459w, https:\/\/blog.ube.fr\/lpro-gpsac\/wp-content\/uploads\/sites\/86\/2017\/05\/losange-150x150.png 150w, https:\/\/blog.ube.fr\/lpro-gpsac\/wp-content\/uploads\/sites\/86\/2017\/05\/losange-300x300.png 300w\" sizes=\"auto, (max-width: 25px) 100vw, 25px\" \/> Comp\u00e9tences Acquises<br \/>\n<\/strong><\/h1>\n<p>&nbsp;<\/p>\n<ul>\n<li style=\"text-align: justify;\"><strong>D\u00e9velopper des projets<\/strong>: concevoir un projet culturel, en nommer les enjeux\/ \/ r\u00e9diger un projet et convaincre de sa pertinence aupr\u00e8s de diff\u00e9rents partenaires\/ \u00e9tablir une convention \/rechercher des financements priv\u00e9s et ou publics\/ analyser sa faisabilit\u00e9 et en mesurer les risques \/ d\u00e9finir les phases d\u2019un projet \/ d\u00e9finir le calendrier de mise en \u0153uvre d\u2019un projet \/ d\u00e9finir les moyens de mise en \u0153uvre d\u2019un projet \/d\u00e9finir et piloter des actions de m\u00e9diation autour d\u2019un projet\/ concevoir et ex\u00e9cuter un cahier des charges \/ respecter et mettre en \u0153uvre les conditions de s\u00e9curit\u00e9 relatives \u00e0 l\u2019accueil des publics \/\u00e9tablir un bilan d\u2019activit\u00e9.<\/li>\n<\/ul>\n<ul style=\"text-align: justify;\">\n<li><strong>Coordonner un projet artistique\u00a0<\/strong>: animer une \u00e9quipe\u00a0: d\u00e9velopper des techniques de management\/ g\u00e9rer les relations avec les artistes et les publics \/ \u00e9laborer un syst\u00e8me de tarification \/ organiser une billetterie \/ argumenter un projet de diffusion\/ organiser une tourn\u00e9e \/ g\u00e9rer une tourn\u00e9e.<\/li>\n<\/ul>\n<ul style=\"text-align: justify;\">\n<li><strong>D\u00e9velopper une programmation culturelle <\/strong>\u00a0<strong>et des actions de m\u00e9diation pour un \u00e9v\u00e9nement ou festival:<\/strong> d\u00e9finir la ligne artistique d\u2019une programmation \/ traduire une politique en projet op\u00e9rationnel \/ concevoir la programmation d\u2019un festival ou d\u2019un \u00e9v\u00e8nement \/ concevoir une programmation jeune public \/ caract\u00e9riser un public\/ concevoir un programme d\u2019animation \/ concevoir un atelier artistique\u00a0 \/analyser une situation de m\u00e9diation\/ organiser des rencontres avec les artistes et ou les \u0153uvres (ateliers, visites, r\u00e9p\u00e9tition, conf\u00e9rences), cr\u00e9er des dossiers p\u00e9dagogiques.<\/li>\n<\/ul>\n<ul>\n<li style=\"text-align: justify;\"><strong>D\u00e9velopper des outils de communication au service d\u2019un projet\u00a0<\/strong>: d\u00e9finir les supports de communication \/ concevoir un plan de communication \/ \/utiliser les outils num\u00e9riques au service de la communication\/ cr\u00e9er et animer un site internet, utiliser les r\u00e9seaux sociaux\/ concevoir et conduire un questionnaire d\u2019enqu\u00eate pour le public.<\/li>\n<\/ul>\n<p>&nbsp;<\/p>\n<h1><strong><img loading=\"lazy\" decoding=\"async\" class=\"size-full wp-image-43 alignnone\" src=\"http:\/\/blog.ube.fr\/lpro-gpsac\/wp-content\/uploads\/sites\/86\/2017\/05\/losange.png\" width=\"25\" height=\"25\" srcset=\"https:\/\/blog.ube.fr\/lpro-gpsac\/wp-content\/uploads\/sites\/86\/2017\/05\/losange.png 459w, https:\/\/blog.ube.fr\/lpro-gpsac\/wp-content\/uploads\/sites\/86\/2017\/05\/losange-150x150.png 150w, https:\/\/blog.ube.fr\/lpro-gpsac\/wp-content\/uploads\/sites\/86\/2017\/05\/losange-300x300.png 300w\" sizes=\"auto, (max-width: 25px) 100vw, 25px\" \/> Organisation de la Formation<br \/>\n<\/strong><\/h1>\n<p>&nbsp;<\/p>\n<p style=\"text-align: justify;\"><img loading=\"lazy\" decoding=\"async\" class=\"size-full wp-image-77 alignright\" src=\"http:\/\/blog.ube.fr\/lpro-gpsac\/wp-content\/uploads\/sites\/86\/2017\/05\/theatre.png\" width=\"300\" height=\"376\" srcset=\"https:\/\/blog.ube.fr\/lpro-gpsac\/wp-content\/uploads\/sites\/86\/2017\/05\/theatre.png 2239w, https:\/\/blog.ube.fr\/lpro-gpsac\/wp-content\/uploads\/sites\/86\/2017\/05\/theatre-239x300.png 239w, https:\/\/blog.ube.fr\/lpro-gpsac\/wp-content\/uploads\/sites\/86\/2017\/05\/theatre-768x962.png 768w, https:\/\/blog.ube.fr\/lpro-gpsac\/wp-content\/uploads\/sites\/86\/2017\/05\/theatre-817x1024.png 817w\" sizes=\"auto, (max-width: 300px) 100vw, 300px\" \/><\/p>\n<p>518 heures d\u2019enseignements au total (CM, TD, TP)<\/p>\n<p>100 heures de\u00a0projets tutor\u00e9s<\/p>\n<p>12 semaines de stage \u00a0minimum (d&#8217;avril \u00e0 septembre)<\/p>\n<p>Enseignements assur\u00e9s par des universitaires (1\/3) et des professionnels (2\/3)<\/p>\n<p>D\u00e9couverte et analyse d&#8217;une quinzaine de repr\u00e9sentations<\/p>\n<p>&nbsp;<\/p>\n<h1><strong><img loading=\"lazy\" decoding=\"async\" class=\"size-full wp-image-43 alignnone\" src=\"http:\/\/blog.ube.fr\/lpro-gpsac\/wp-content\/uploads\/sites\/86\/2017\/05\/losange.png\" width=\"25\" height=\"25\" srcset=\"https:\/\/blog.ube.fr\/lpro-gpsac\/wp-content\/uploads\/sites\/86\/2017\/05\/losange.png 459w, https:\/\/blog.ube.fr\/lpro-gpsac\/wp-content\/uploads\/sites\/86\/2017\/05\/losange-150x150.png 150w, https:\/\/blog.ube.fr\/lpro-gpsac\/wp-content\/uploads\/sites\/86\/2017\/05\/losange-300x300.png 300w\" sizes=\"auto, (max-width: 25px) 100vw, 25px\" \/>\u00a0Contenu\u00a0de la Formation<\/strong><\/h1>\n<h5>\u00a0<\/h5>\n<p>Semestre 1<\/p>\n<ul style=\"list-style-type: square;\">\n<li>Connaissance de milieux culturels<\/li>\n<li>Analyse du spectacle vivant<\/li>\n<li>Management de projet culturel<\/li>\n<li>Langage et communication appliqu\u00e9e au spectacle<\/li>\n<li>Gestion appliqu\u00e9e au secteur des arts et de la culture<\/li>\n<\/ul>\n<p>Semestre 2<\/p>\n<ul style=\"list-style-type: square;\">\n<li>Management d\u2019\u00e9v\u00e9nements et festivals<\/li>\n<li>Culture et territoires<\/li>\n<li>Nouvelles technologies au service des projets culturels et artistiques<\/li>\n<li>Connaissance des Activit\u00e9s Physiques Artistiques et action culturelle<\/li>\n<li>Analyse du milieu et acquisition de comp\u00e9tences d\u2019intervention (Stage et projet tutor\u00e9)<\/li>\n<\/ul>\n<h5>\u00a0<\/h5>\n<p style=\"text-align: justify;\">\u00a0<\/p>\n<h1><strong><img loading=\"lazy\" decoding=\"async\" class=\"size-full wp-image-43 alignnone\" src=\"http:\/\/blog.ube.fr\/lpro-gpsac\/wp-content\/uploads\/sites\/86\/2017\/05\/losange.png\" width=\"25\" height=\"25\" srcset=\"https:\/\/blog.ube.fr\/lpro-gpsac\/wp-content\/uploads\/sites\/86\/2017\/05\/losange.png 459w, https:\/\/blog.ube.fr\/lpro-gpsac\/wp-content\/uploads\/sites\/86\/2017\/05\/losange-150x150.png 150w, https:\/\/blog.ube.fr\/lpro-gpsac\/wp-content\/uploads\/sites\/86\/2017\/05\/losange-300x300.png 300w\" sizes=\"auto, (max-width: 25px) 100vw, 25px\" \/> Les partenaires<br \/>\n<\/strong><\/h1>\n<p style=\"text-align: justify;\">\u00a0<\/p>\n<p><img loading=\"lazy\" decoding=\"async\" class=\"alignleft size-full wp-image-283\" src=\"http:\/\/blog.ube.fr\/lpro-gpsac\/wp-content\/uploads\/sites\/86\/2022\/07\/logos-partenaires.png\" alt=\"\" width=\"2835\" height=\"2008\" srcset=\"https:\/\/blog.ube.fr\/lpro-gpsac\/wp-content\/uploads\/sites\/86\/2022\/07\/logos-partenaires.png 2835w, https:\/\/blog.ube.fr\/lpro-gpsac\/wp-content\/uploads\/sites\/86\/2022\/07\/logos-partenaires-300x212.png 300w, https:\/\/blog.ube.fr\/lpro-gpsac\/wp-content\/uploads\/sites\/86\/2022\/07\/logos-partenaires-1024x725.png 1024w, https:\/\/blog.ube.fr\/lpro-gpsac\/wp-content\/uploads\/sites\/86\/2022\/07\/logos-partenaires-768x544.png 768w, https:\/\/blog.ube.fr\/lpro-gpsac\/wp-content\/uploads\/sites\/86\/2022\/07\/logos-partenaires-1536x1088.png 1536w, https:\/\/blog.ube.fr\/lpro-gpsac\/wp-content\/uploads\/sites\/86\/2022\/07\/logos-partenaires-2048x1451.png 2048w\" sizes=\"auto, (max-width: 2835px) 100vw, 2835px\" \/><\/p>\n<p>&nbsp;<\/p>\n<p>&nbsp;<\/p>\n<p>&nbsp;<\/p>\n<p>&nbsp;<\/p>\n<p>&nbsp;<\/p>\n<p>&nbsp;<\/p>\n<p>&nbsp;<\/p>\n<p>&nbsp;<\/p>\n<p>&nbsp;<\/p>\n<p>&nbsp;<\/p>\n<p>&nbsp;<\/p>\n<p>&nbsp;<\/p>\n<p>&nbsp;<\/p>\n<p>&nbsp;<\/p>\n<p>&nbsp;<\/p>\n<p>&nbsp;<\/p>\n<p>&nbsp;<\/p>\n<p>&nbsp;<\/p>\n<p>&nbsp;<\/p>\n<p>&nbsp;<\/p>\n<p>&nbsp;<\/p>\n<p>&nbsp;<\/p>\n<p>&nbsp;<\/p>\n<p>&nbsp;<\/p>\n<p>&nbsp;<\/p>\n<p>&nbsp;<\/p>\n<p>&nbsp;<\/p>\n<p>&nbsp;<\/p>\n<p>&nbsp;<\/p>\n<p>&nbsp;<\/p>\n<p>&nbsp;<\/p>\n","protected":false},"excerpt":{"rendered":"<p>\u00a0 Objectifs &nbsp; Le titulaire de ce dipl\u00f4me participe \u00e0 la gestion et au d\u00e9veloppement des activit\u00e9s artistiques dans le domaine des arts vivants (danse, cirque, th\u00e9\u00e2tre, arts de rue\u2026etc). Il d\u00e9veloppe et dirige des projets artistiques et culturels dans un contexte local singulier et en initie de nouveaux en consid\u00e9rant les diff\u00e9rentes composantes de&hellip;<\/p>\n<p class=\"more-link-p\"><a class=\"btn btn-primary\" href=\"https:\/\/blog.ube.fr\/lpro-gpsac\/presentation-du-diplome\/\">Voir plus &rarr;<\/a><\/p>\n","protected":false},"author":270,"featured_media":0,"parent":0,"menu_order":2,"comment_status":"closed","ping_status":"closed","template":"","meta":{"footnotes":""},"class_list":["post-9","page","type-page","status-publish","hentry"],"_links":{"self":[{"href":"https:\/\/blog.ube.fr\/lpro-gpsac\/wp-json\/wp\/v2\/pages\/9","targetHints":{"allow":["GET"]}}],"collection":[{"href":"https:\/\/blog.ube.fr\/lpro-gpsac\/wp-json\/wp\/v2\/pages"}],"about":[{"href":"https:\/\/blog.ube.fr\/lpro-gpsac\/wp-json\/wp\/v2\/types\/page"}],"author":[{"embeddable":true,"href":"https:\/\/blog.ube.fr\/lpro-gpsac\/wp-json\/wp\/v2\/users\/270"}],"replies":[{"embeddable":true,"href":"https:\/\/blog.ube.fr\/lpro-gpsac\/wp-json\/wp\/v2\/comments?post=9"}],"version-history":[{"count":70,"href":"https:\/\/blog.ube.fr\/lpro-gpsac\/wp-json\/wp\/v2\/pages\/9\/revisions"}],"predecessor-version":[{"id":285,"href":"https:\/\/blog.ube.fr\/lpro-gpsac\/wp-json\/wp\/v2\/pages\/9\/revisions\/285"}],"wp:attachment":[{"href":"https:\/\/blog.ube.fr\/lpro-gpsac\/wp-json\/wp\/v2\/media?parent=9"}],"curies":[{"name":"wp","href":"https:\/\/api.w.org\/{rel}","templated":true}]}}

Présentation du diplôme

<h1> </h1>
<h1><strong><img loading="lazy" decoding="async" class="size-full wp-image-43 alignnone" src="http://blog.ube.fr/lpro-gpsac/wp-content/uploads/sites/86/2017/05/losange.png" width="25" height="25" srcset="https://blog.ube.fr/lpro-gpsac/wp-content/uploads/sites/86/2017/05/losange.png 459w, https://blog.ube.fr/lpro-gpsac/wp-content/uploads/sites/86/2017/05/losange-150x150.png 150w, https://blog.ube.fr/lpro-gpsac/wp-content/uploads/sites/86/2017/05/losange-300x300.png 300w" sizes="auto, (max-width: 25px) 100vw, 25px" /> Objectifs</strong></h1>
<p>&nbsp;</p>
<p style="text-align: justify;">Le titulaire de ce diplôme participe à la gestion et au développement des activités artistiques dans le domaine des arts vivants (danse, cirque, théâtre, arts de rue…etc). Il développe et dirige des projets artistiques et culturels dans un contexte local singulier et en initie de nouveaux en considérant les différentes composantes de l’environnement social, politique, artistique, culturel et économique. Il incite au développement de nouvelles activités en réponse à des demandes de publics visés.</p>
<p style="text-align: justify;">Soutien constructif au projet artistique, interface avec les différents partenaires financiers et professionnels, analyste de la faisabilité économique et organisationnelle, le titulaire de cette licence développe des compétences de gestion administrative et financière pour manager des projets et gérer de petites structures. Plus encore, c’est un traducteur qui doit permettre le dialogue entre les pôles artistiques, techniques, administratifs, financiers, politiques…</p>
<p style="text-align: justify;">En administrant un projet artistique, il s’inscrit dans une équipe de travail force d’analyse et de proposition sur un territoire. Il crée des contractualisations et des partenariats. Il développe et met en œuvre une méthodologie pour obtenir des collaborations et des financements notamment en mutualisant les moyens des diverses composantes associées (collectivités territoriales, intercommunalités, partenaires privés…), et dans le respect du cadre législatif.</p>
<p style="text-align: justify;"> </p>
<h1><strong><img loading="lazy" decoding="async" class="size-full wp-image-43 alignnone" src="http://blog.ube.fr/lpro-gpsac/wp-content/uploads/sites/86/2017/05/losange.png" width="25" height="25" srcset="https://blog.ube.fr/lpro-gpsac/wp-content/uploads/sites/86/2017/05/losange.png 459w, https://blog.ube.fr/lpro-gpsac/wp-content/uploads/sites/86/2017/05/losange-150x150.png 150w, https://blog.ube.fr/lpro-gpsac/wp-content/uploads/sites/86/2017/05/losange-300x300.png 300w" sizes="auto, (max-width: 25px) 100vw, 25px" /> Compétences Acquises<br />
</strong></h1>
<p>&nbsp;</p>
<ul>
<li style="text-align: justify;"><strong>Développer des projets</strong>: concevoir un projet culturel, en nommer les enjeux/ / rédiger un projet et convaincre de sa pertinence auprès de différents partenaires/ établir une convention /rechercher des financements privés et ou publics/ analyser sa faisabilité et en mesurer les risques / définir les phases d’un projet / définir le calendrier de mise en œuvre d’un projet / définir les moyens de mise en œuvre d’un projet /définir et piloter des actions de médiation autour d’un projet/ concevoir et exécuter un cahier des charges / respecter et mettre en œuvre les conditions de sécurité relatives à l’accueil des publics /établir un bilan d’activité.</li>
</ul>
<ul style="text-align: justify;">
<li><strong>Coordonner un projet artistique </strong>: animer une équipe : développer des techniques de management/ gérer les relations avec les artistes et les publics / élaborer un système de tarification / organiser une billetterie / argumenter un projet de diffusion/ organiser une tournée / gérer une tournée.</li>
</ul>
<ul style="text-align: justify;">
<li><strong>Développer une programmation culturelle </strong> <strong>et des actions de médiation pour un événement ou festival:</strong> définir la ligne artistique d’une programmation / traduire une politique en projet opérationnel / concevoir la programmation d’un festival ou d’un évènement / concevoir une programmation jeune public / caractériser un public/ concevoir un programme d’animation / concevoir un atelier artistique  /analyser une situation de médiation/ organiser des rencontres avec les artistes et ou les œuvres (ateliers, visites, répétition, conférences), créer des dossiers pédagogiques.</li>
</ul>
<ul>
<li style="text-align: justify;"><strong>Développer des outils de communication au service d’un projet </strong>: définir les supports de communication / concevoir un plan de communication / /utiliser les outils numériques au service de la communication/ créer et animer un site internet, utiliser les réseaux sociaux/ concevoir et conduire un questionnaire d’enquête pour le public.</li>
</ul>
<p>&nbsp;</p>
<h1><strong><img loading="lazy" decoding="async" class="size-full wp-image-43 alignnone" src="http://blog.ube.fr/lpro-gpsac/wp-content/uploads/sites/86/2017/05/losange.png" width="25" height="25" srcset="https://blog.ube.fr/lpro-gpsac/wp-content/uploads/sites/86/2017/05/losange.png 459w, https://blog.ube.fr/lpro-gpsac/wp-content/uploads/sites/86/2017/05/losange-150x150.png 150w, https://blog.ube.fr/lpro-gpsac/wp-content/uploads/sites/86/2017/05/losange-300x300.png 300w" sizes="auto, (max-width: 25px) 100vw, 25px" /> Organisation de la Formation<br />
</strong></h1>
<p>&nbsp;</p>
<p style="text-align: justify;"><img loading="lazy" decoding="async" class="size-full wp-image-77 alignright" src="http://blog.ube.fr/lpro-gpsac/wp-content/uploads/sites/86/2017/05/theatre.png" width="300" height="376" srcset="https://blog.ube.fr/lpro-gpsac/wp-content/uploads/sites/86/2017/05/theatre.png 2239w, https://blog.ube.fr/lpro-gpsac/wp-content/uploads/sites/86/2017/05/theatre-239x300.png 239w, https://blog.ube.fr/lpro-gpsac/wp-content/uploads/sites/86/2017/05/theatre-768x962.png 768w, https://blog.ube.fr/lpro-gpsac/wp-content/uploads/sites/86/2017/05/theatre-817x1024.png 817w" sizes="auto, (max-width: 300px) 100vw, 300px" /></p>
<p>518 heures d’enseignements au total (CM, TD, TP)</p>
<p>100 heures de projets tutorés</p>
<p>12 semaines de stage  minimum (d&#8217;avril à septembre)</p>
<p>Enseignements assurés par des universitaires (1/3) et des professionnels (2/3)</p>
<p>Découverte et analyse d&#8217;une quinzaine de représentations</p>
<p>&nbsp;</p>
<h1><strong><img loading="lazy" decoding="async" class="size-full wp-image-43 alignnone" src="http://blog.ube.fr/lpro-gpsac/wp-content/uploads/sites/86/2017/05/losange.png" width="25" height="25" srcset="https://blog.ube.fr/lpro-gpsac/wp-content/uploads/sites/86/2017/05/losange.png 459w, https://blog.ube.fr/lpro-gpsac/wp-content/uploads/sites/86/2017/05/losange-150x150.png 150w, https://blog.ube.fr/lpro-gpsac/wp-content/uploads/sites/86/2017/05/losange-300x300.png 300w" sizes="auto, (max-width: 25px) 100vw, 25px" /> Contenu de la Formation</strong></h1>
<h5> </h5>
<p>Semestre 1</p>
<ul style="list-style-type: square;">
<li>Connaissance de milieux culturels</li>
<li>Analyse du spectacle vivant</li>
<li>Management de projet culturel</li>
<li>Langage et communication appliquée au spectacle</li>
<li>Gestion appliquée au secteur des arts et de la culture</li>
</ul>
<p>Semestre 2</p>
<ul style="list-style-type: square;">
<li>Management d’événements et festivals</li>
<li>Culture et territoires</li>
<li>Nouvelles technologies au service des projets culturels et artistiques</li>
<li>Connaissance des Activités Physiques Artistiques et action culturelle</li>
<li>Analyse du milieu et acquisition de compétences d’intervention (Stage et projet tutoré)</li>
</ul>
<h5> </h5>
<p style="text-align: justify;"> </p>
<h1><strong><img loading="lazy" decoding="async" class="size-full wp-image-43 alignnone" src="http://blog.ube.fr/lpro-gpsac/wp-content/uploads/sites/86/2017/05/losange.png" width="25" height="25" srcset="https://blog.ube.fr/lpro-gpsac/wp-content/uploads/sites/86/2017/05/losange.png 459w, https://blog.ube.fr/lpro-gpsac/wp-content/uploads/sites/86/2017/05/losange-150x150.png 150w, https://blog.ube.fr/lpro-gpsac/wp-content/uploads/sites/86/2017/05/losange-300x300.png 300w" sizes="auto, (max-width: 25px) 100vw, 25px" /> Les partenaires<br />
</strong></h1>
<p style="text-align: justify;"> </p>
<p><img loading="lazy" decoding="async" class="alignleft size-full wp-image-283" src="http://blog.ube.fr/lpro-gpsac/wp-content/uploads/sites/86/2022/07/logos-partenaires.png" alt="" width="2835" height="2008" srcset="https://blog.ube.fr/lpro-gpsac/wp-content/uploads/sites/86/2022/07/logos-partenaires.png 2835w, https://blog.ube.fr/lpro-gpsac/wp-content/uploads/sites/86/2022/07/logos-partenaires-300x212.png 300w, https://blog.ube.fr/lpro-gpsac/wp-content/uploads/sites/86/2022/07/logos-partenaires-1024x725.png 1024w, https://blog.ube.fr/lpro-gpsac/wp-content/uploads/sites/86/2022/07/logos-partenaires-768x544.png 768w, https://blog.ube.fr/lpro-gpsac/wp-content/uploads/sites/86/2022/07/logos-partenaires-1536x1088.png 1536w, https://blog.ube.fr/lpro-gpsac/wp-content/uploads/sites/86/2022/07/logos-partenaires-2048x1451.png 2048w" sizes="auto, (max-width: 2835px) 100vw, 2835px" /></p>
<p>&nbsp;</p>
<p>&nbsp;</p>
<p>&nbsp;</p>
<p>&nbsp;</p>
<p>&nbsp;</p>
<p>&nbsp;</p>
<p>&nbsp;</p>
<p>&nbsp;</p>
<p>&nbsp;</p>
<p>&nbsp;</p>
<p>&nbsp;</p>
<p>&nbsp;</p>
<p>&nbsp;</p>
<p>&nbsp;</p>
<p>&nbsp;</p>
<p>&nbsp;</p>
<p>&nbsp;</p>
<p>&nbsp;</p>
<p>&nbsp;</p>
<p>&nbsp;</p>
<p>&nbsp;</p>
<p>&nbsp;</p>
<p>&nbsp;</p>
<p>&nbsp;</p>
<p>&nbsp;</p>
<p>&nbsp;</p>
<p>&nbsp;</p>
<p>&nbsp;</p>
<p>&nbsp;</p>
<p>&nbsp;</p>
<p>&nbsp;</p>

<p>  Objectifs &nbsp; Le titulaire de ce diplôme participe à la gestion et au développement des activités artistiques dans le domaine des arts vivants (danse, cirque, théâtre, arts de rue…etc). Il développe et dirige des projets artistiques et culturels dans un contexte local singulier et en initie de nouveaux en considérant les différentes composantes de&hellip;</p>
<p class="more-link-p"><a class="btn btn-primary" href="https://blog.ube.fr/lpro-gpsac/presentation-du-diplome/">Voir plus &rarr;</a></p>
