{"id":2,"date":"2017-05-09T11:59:33","date_gmt":"2017-05-09T09:59:33","guid":{"rendered":"http:\/\/blog.u-bourgogne.fr\/lpro-gpsac\/?page_id=2"},"modified":"2022-07-01T15:03:16","modified_gmt":"2022-07-01T13:03:16","slug":"accueil","status":"publish","type":"page","link":"https:\/\/blog.ube.fr\/lpro-gpsac\/","title":{"rendered":"Accueil"},"content":{"rendered":"<p>&nbsp;<\/p>\n<p>&nbsp;<\/p>\n<p>&nbsp;<\/p>\n<h3><strong>DEVENEZ DES SP\u00c9CIALISTES DE LA MISE EN \u0152UVRE DE PROJETS CULTURELS DANS LE SPECTACLE VIVANT<\/strong><\/h3>\n<p>&nbsp;<\/p>\n<p><img loading=\"lazy\" decoding=\"async\" class=\"size-full wp-image-147 aligncenter\" src=\"http:\/\/blog.ube.fr\/lpro-gpsac\/wp-content\/uploads\/sites\/86\/2017\/05\/losanges.png\" width=\"116\" height=\"100\" srcset=\"https:\/\/blog.ube.fr\/lpro-gpsac\/wp-content\/uploads\/sites\/86\/2017\/05\/losanges.png 1034w, https:\/\/blog.ube.fr\/lpro-gpsac\/wp-content\/uploads\/sites\/86\/2017\/05\/losanges-300x259.png 300w, https:\/\/blog.ube.fr\/lpro-gpsac\/wp-content\/uploads\/sites\/86\/2017\/05\/losanges-768x664.png 768w, https:\/\/blog.ube.fr\/lpro-gpsac\/wp-content\/uploads\/sites\/86\/2017\/05\/losanges-1024x885.png 1024w\" sizes=\"auto, (max-width: 116px) 100vw, 116px\" \/><\/p>\n<p style=\"text-align: justify;\">La<strong> Licence Professionnelle\u00a0 Gestion de Projets et Structures Artistiques et Culturels<\/strong> a pour but de former des gestionnaires de projets intervenant dans le domaine de la culture.<\/p>\n<p style=\"text-align: justify;\">\u00c0 l&#8217;issue de cette formation, il s&#8217;agit de ma\u00eetriser le contexte culturel en \u00e9tant en mesure d&#8217;\u00e9tablir des diagnostics de territoire et de d\u00e9velopper des projets d&#8217;enseignement ou d&#8217;animation artistiques et culturels. Les mati\u00e8res dispens\u00e9es sont donc organis\u00e9es en plusieurs p\u00f4les de comp\u00e9tences : artistiques (culture g\u00e9n\u00e9rale), administratifs (comptabilit\u00e9, finances, ressources humaines,&#8230;) et de coordination des diff\u00e9rents acteurs.<\/p>\n<p style=\"text-align: justify;\">Les dipl\u00f4m\u00e9s peuvent exercer leur m\u00e9tier dans divers types de structures : associations, collectivit\u00e9s territoriales, centres culturels.<\/p>\n<p style=\"text-align: justify;\"><img loading=\"lazy\" decoding=\"async\" class=\"size-full wp-image-152 alignright\" src=\"http:\/\/blog.ube.fr\/lpro-gpsac\/wp-content\/uploads\/sites\/86\/2017\/05\/lignes.png\" width=\"500\" height=\"31\" srcset=\"https:\/\/blog.ube.fr\/lpro-gpsac\/wp-content\/uploads\/sites\/86\/2017\/05\/lignes.png 1882w, https:\/\/blog.ube.fr\/lpro-gpsac\/wp-content\/uploads\/sites\/86\/2017\/05\/lignes-300x19.png 300w, https:\/\/blog.ube.fr\/lpro-gpsac\/wp-content\/uploads\/sites\/86\/2017\/05\/lignes-768x48.png 768w, https:\/\/blog.ube.fr\/lpro-gpsac\/wp-content\/uploads\/sites\/86\/2017\/05\/lignes-1024x64.png 1024w\" sizes=\"auto, (max-width: 500px) 100vw, 500px\" \/><\/p>\n<p>&nbsp;<\/p>\n<p>&nbsp;<\/p>\n<p>&nbsp;<\/p>\n<p>&nbsp;<\/p>\n<p>&nbsp;<\/p>\n<h2 style=\"text-align: left;\"><span style=\"text-decoration: underline;\">Nous rejoindre :<\/span><\/h2>\n<p>&nbsp;<\/p>\n<p><img loading=\"lazy\" decoding=\"async\" class=\"wp-image-256 alignleft\" src=\"http:\/\/blog.ube.fr\/lpro-gpsac\/wp-content\/uploads\/sites\/86\/2022\/07\/campus-scaled.jpg\" alt=\"\" width=\"904\" height=\"639\" srcset=\"https:\/\/blog.ube.fr\/lpro-gpsac\/wp-content\/uploads\/sites\/86\/2022\/07\/campus-scaled.jpg 2560w, https:\/\/blog.ube.fr\/lpro-gpsac\/wp-content\/uploads\/sites\/86\/2022\/07\/campus-300x212.jpg 300w, https:\/\/blog.ube.fr\/lpro-gpsac\/wp-content\/uploads\/sites\/86\/2022\/07\/campus-1024x724.jpg 1024w, https:\/\/blog.ube.fr\/lpro-gpsac\/wp-content\/uploads\/sites\/86\/2022\/07\/campus-768x543.jpg 768w, https:\/\/blog.ube.fr\/lpro-gpsac\/wp-content\/uploads\/sites\/86\/2022\/07\/campus-1536x1086.jpg 1536w, https:\/\/blog.ube.fr\/lpro-gpsac\/wp-content\/uploads\/sites\/86\/2022\/07\/campus-2048x1448.jpg 2048w\" sizes=\"auto, (max-width: 904px) 100vw, 904px\" \/><\/p>\n<p>&nbsp;<\/p>\n<p>&nbsp;<\/p>\n<p>&nbsp;<\/p>\n<p><img loading=\"lazy\" decoding=\"async\" class=\"wp-image-258 alignleft\" src=\"http:\/\/blog.ube.fr\/lpro-gpsac\/wp-content\/uploads\/sites\/86\/2022\/07\/Logo-STAPS-uB.png\" alt=\"\" width=\"176\" height=\"146\" srcset=\"https:\/\/blog.ube.fr\/lpro-gpsac\/wp-content\/uploads\/sites\/86\/2022\/07\/Logo-STAPS-uB.png 1649w, https:\/\/blog.ube.fr\/lpro-gpsac\/wp-content\/uploads\/sites\/86\/2022\/07\/Logo-STAPS-uB-300x249.png 300w, https:\/\/blog.ube.fr\/lpro-gpsac\/wp-content\/uploads\/sites\/86\/2022\/07\/Logo-STAPS-uB-1024x851.png 1024w, https:\/\/blog.ube.fr\/lpro-gpsac\/wp-content\/uploads\/sites\/86\/2022\/07\/Logo-STAPS-uB-768x638.png 768w, https:\/\/blog.ube.fr\/lpro-gpsac\/wp-content\/uploads\/sites\/86\/2022\/07\/Logo-STAPS-uB-1536x1276.png 1536w\" sizes=\"auto, (max-width: 176px) 100vw, 176px\" \/><\/p>\n<p>&nbsp;<\/p>\n<p>&nbsp;<\/p>\n<p>&nbsp;<\/p>\n<p>&nbsp;<\/p>\n<p>&nbsp;<\/p>\n<p>\n3 all\u00e9e des Stades Universitaires<br \/>\n21000 Dijon<br \/>\nT\u00e9l : 03 80 39 67 01<\/p>\n<p>&nbsp;<\/p>\n<p>&nbsp;<\/p>\n<p>&nbsp;<\/p>\n<p>&nbsp;<\/p>\n<p>&nbsp;<\/p>\n<p>&nbsp;<\/p>\n","protected":false},"excerpt":{"rendered":"<p>&nbsp; &nbsp; &nbsp; DEVENEZ DES SP\u00c9CIALISTES DE LA MISE EN \u0152UVRE DE PROJETS CULTURELS DANS LE SPECTACLE VIVANT &nbsp; La Licence Professionnelle\u00a0 Gestion de Projets et Structures Artistiques et Culturels a pour but de former des gestionnaires de projets intervenant dans le domaine de la culture. \u00c0 l&#8217;issue de cette formation, il s&#8217;agit de ma\u00eetriser&hellip;<\/p>\n<p class=\"more-link-p\"><a class=\"btn btn-primary\" href=\"https:\/\/blog.ube.fr\/lpro-gpsac\/\">Voir plus &rarr;<\/a><\/p>\n","protected":false},"author":4,"featured_media":0,"parent":0,"menu_order":0,"comment_status":"closed","ping_status":"open","template":"","meta":{"footnotes":""},"class_list":["post-2","page","type-page","status-publish","hentry"],"_links":{"self":[{"href":"https:\/\/blog.ube.fr\/lpro-gpsac\/wp-json\/wp\/v2\/pages\/2","targetHints":{"allow":["GET"]}}],"collection":[{"href":"https:\/\/blog.ube.fr\/lpro-gpsac\/wp-json\/wp\/v2\/pages"}],"about":[{"href":"https:\/\/blog.ube.fr\/lpro-gpsac\/wp-json\/wp\/v2\/types\/page"}],"author":[{"embeddable":true,"href":"https:\/\/blog.ube.fr\/lpro-gpsac\/wp-json\/wp\/v2\/users\/4"}],"replies":[{"embeddable":true,"href":"https:\/\/blog.ube.fr\/lpro-gpsac\/wp-json\/wp\/v2\/comments?post=2"}],"version-history":[{"count":51,"href":"https:\/\/blog.ube.fr\/lpro-gpsac\/wp-json\/wp\/v2\/pages\/2\/revisions"}],"predecessor-version":[{"id":270,"href":"https:\/\/blog.ube.fr\/lpro-gpsac\/wp-json\/wp\/v2\/pages\/2\/revisions\/270"}],"wp:attachment":[{"href":"https:\/\/blog.ube.fr\/lpro-gpsac\/wp-json\/wp\/v2\/media?parent=2"}],"curies":[{"name":"wp","href":"https:\/\/api.w.org\/{rel}","templated":true}]}}

<p>&nbsp;</p>
<p>&nbsp;</p>
<p>&nbsp;</p>
<h3><strong>DEVENEZ DES SPÉCIALISTES DE LA MISE EN ŒUVRE DE PROJETS CULTURELS DANS LE SPECTACLE VIVANT</strong></h3>
<p>&nbsp;</p>
<p><img loading="lazy" decoding="async" class="size-full wp-image-147 aligncenter" src="http://blog.ube.fr/lpro-gpsac/wp-content/uploads/sites/86/2017/05/losanges.png" width="116" height="100" srcset="https://blog.ube.fr/lpro-gpsac/wp-content/uploads/sites/86/2017/05/losanges.png 1034w, https://blog.ube.fr/lpro-gpsac/wp-content/uploads/sites/86/2017/05/losanges-300x259.png 300w, https://blog.ube.fr/lpro-gpsac/wp-content/uploads/sites/86/2017/05/losanges-768x664.png 768w, https://blog.ube.fr/lpro-gpsac/wp-content/uploads/sites/86/2017/05/losanges-1024x885.png 1024w" sizes="auto, (max-width: 116px) 100vw, 116px" /></p>
<p style="text-align: justify;">La<strong> Licence Professionnelle  Gestion de Projets et Structures Artistiques et Culturels</strong> a pour but de former des gestionnaires de projets intervenant dans le domaine de la culture.</p>
<p style="text-align: justify;">À l&#8217;issue de cette formation, il s&#8217;agit de maîtriser le contexte culturel en étant en mesure d&#8217;établir des diagnostics de territoire et de développer des projets d&#8217;enseignement ou d&#8217;animation artistiques et culturels. Les matières dispensées sont donc organisées en plusieurs pôles de compétences : artistiques (culture générale), administratifs (comptabilité, finances, ressources humaines,&#8230;) et de coordination des différents acteurs.</p>
<p style="text-align: justify;">Les diplômés peuvent exercer leur métier dans divers types de structures : associations, collectivités territoriales, centres culturels.</p>
<p style="text-align: justify;"><img loading="lazy" decoding="async" class="size-full wp-image-152 alignright" src="http://blog.ube.fr/lpro-gpsac/wp-content/uploads/sites/86/2017/05/lignes.png" width="500" height="31" srcset="https://blog.ube.fr/lpro-gpsac/wp-content/uploads/sites/86/2017/05/lignes.png 1882w, https://blog.ube.fr/lpro-gpsac/wp-content/uploads/sites/86/2017/05/lignes-300x19.png 300w, https://blog.ube.fr/lpro-gpsac/wp-content/uploads/sites/86/2017/05/lignes-768x48.png 768w, https://blog.ube.fr/lpro-gpsac/wp-content/uploads/sites/86/2017/05/lignes-1024x64.png 1024w" sizes="auto, (max-width: 500px) 100vw, 500px" /></p>
<p>&nbsp;</p>
<p>&nbsp;</p>
<p>&nbsp;</p>
<p>&nbsp;</p>
<p>&nbsp;</p>
<h2 style="text-align: left;"><span style="text-decoration: underline;">Nous rejoindre :</span></h2>
<p>&nbsp;</p>
<p><img loading="lazy" decoding="async" class="wp-image-256 alignleft" src="http://blog.ube.fr/lpro-gpsac/wp-content/uploads/sites/86/2022/07/campus-scaled.jpg" alt="" width="904" height="639" srcset="https://blog.ube.fr/lpro-gpsac/wp-content/uploads/sites/86/2022/07/campus-scaled.jpg 2560w, https://blog.ube.fr/lpro-gpsac/wp-content/uploads/sites/86/2022/07/campus-300x212.jpg 300w, https://blog.ube.fr/lpro-gpsac/wp-content/uploads/sites/86/2022/07/campus-1024x724.jpg 1024w, https://blog.ube.fr/lpro-gpsac/wp-content/uploads/sites/86/2022/07/campus-768x543.jpg 768w, https://blog.ube.fr/lpro-gpsac/wp-content/uploads/sites/86/2022/07/campus-1536x1086.jpg 1536w, https://blog.ube.fr/lpro-gpsac/wp-content/uploads/sites/86/2022/07/campus-2048x1448.jpg 2048w" sizes="auto, (max-width: 904px) 100vw, 904px" /></p>
<p>&nbsp;</p>
<p>&nbsp;</p>
<p>&nbsp;</p>
<p><img loading="lazy" decoding="async" class="wp-image-258 alignleft" src="http://blog.ube.fr/lpro-gpsac/wp-content/uploads/sites/86/2022/07/Logo-STAPS-uB.png" alt="" width="176" height="146" srcset="https://blog.ube.fr/lpro-gpsac/wp-content/uploads/sites/86/2022/07/Logo-STAPS-uB.png 1649w, https://blog.ube.fr/lpro-gpsac/wp-content/uploads/sites/86/2022/07/Logo-STAPS-uB-300x249.png 300w, https://blog.ube.fr/lpro-gpsac/wp-content/uploads/sites/86/2022/07/Logo-STAPS-uB-1024x851.png 1024w, https://blog.ube.fr/lpro-gpsac/wp-content/uploads/sites/86/2022/07/Logo-STAPS-uB-768x638.png 768w, https://blog.ube.fr/lpro-gpsac/wp-content/uploads/sites/86/2022/07/Logo-STAPS-uB-1536x1276.png 1536w" sizes="auto, (max-width: 176px) 100vw, 176px" /></p>
<p>&nbsp;</p>
<p>&nbsp;</p>
<p>&nbsp;</p>
<p>&nbsp;</p>
<p>&nbsp;</p>
<p>
3 allée des Stades Universitaires<br />
21000 Dijon<br />
Tél : 03 80 39 67 01</p>
<p>&nbsp;</p>
<p>&nbsp;</p>
<p>&nbsp;</p>
<p>&nbsp;</p>
<p>&nbsp;</p>
<p>&nbsp;</p>

<p>&nbsp; &nbsp; &nbsp; DEVENEZ DES SPÉCIALISTES DE LA MISE EN ŒUVRE DE PROJETS CULTURELS DANS LE SPECTACLE VIVANT &nbsp; La Licence Professionnelle  Gestion de Projets et Structures Artistiques et Culturels a pour but de former des gestionnaires de projets intervenant dans le domaine de la culture. À l&#8217;issue de cette formation, il s&#8217;agit de maîtriser&hellip;</p>
<p class="more-link-p"><a class="btn btn-primary" href="https://blog.ube.fr/lpro-gpsac/">Voir plus &rarr;</a></p>
