{"id":13,"date":"2017-05-09T16:14:09","date_gmt":"2017-05-09T14:14:09","guid":{"rendered":"http:\/\/blog.u-bourgogne.fr\/lpro-gpsac\/?page_id=13"},"modified":"2024-02-26T10:03:57","modified_gmt":"2024-02-26T09:03:57","slug":"inscriptions","status":"publish","type":"page","link":"https:\/\/blog.ube.fr\/lpro-gpsac\/inscriptions\/","title":{"rendered":"Inscriptions"},"content":{"rendered":"<p><a href=\"http:\/\/ufr-staps.u-bourgogne.fr\/formations-3\/agapsc\/formation\/9.html\"><img loading=\"lazy\" decoding=\"async\" class=\"size-full wp-image-181 alignright\" src=\"http:\/\/blog.ube.fr\/lpro-gpsac\/wp-content\/uploads\/sites\/86\/2017\/05\/DEUST.png\" width=\"250\" height=\"246\" srcset=\"https:\/\/blog.ube.fr\/lpro-gpsac\/wp-content\/uploads\/sites\/86\/2017\/05\/DEUST.png 1250w, https:\/\/blog.ube.fr\/lpro-gpsac\/wp-content\/uploads\/sites\/86\/2017\/05\/DEUST-300x294.png 300w, https:\/\/blog.ube.fr\/lpro-gpsac\/wp-content\/uploads\/sites\/86\/2017\/05\/DEUST-768x754.png 768w, https:\/\/blog.ube.fr\/lpro-gpsac\/wp-content\/uploads\/sites\/86\/2017\/05\/DEUST-1024x1005.png 1024w\" sizes=\"auto, (max-width: 250px) 100vw, 250px\" \/><\/a><\/p>\n<h1>\u00a0<\/h1>\n<h1>\u00a0<\/h1>\n<h1>\u00a0<\/h1>\n<h1><strong><img loading=\"lazy\" decoding=\"async\" class=\"size-full wp-image-43 alignnone\" src=\"http:\/\/blog.ube.fr\/lpro-gpsac\/wp-content\/uploads\/sites\/86\/2017\/05\/losange.png\" width=\"25\" height=\"25\" srcset=\"https:\/\/blog.ube.fr\/lpro-gpsac\/wp-content\/uploads\/sites\/86\/2017\/05\/losange.png 459w, https:\/\/blog.ube.fr\/lpro-gpsac\/wp-content\/uploads\/sites\/86\/2017\/05\/losange-150x150.png 150w, https:\/\/blog.ube.fr\/lpro-gpsac\/wp-content\/uploads\/sites\/86\/2017\/05\/losange-300x300.png 300w\" sizes=\"auto, (max-width: 25px) 100vw, 25px\" \/> Modalit\u00e9s d\u2019acc\u00e8s<br \/>\n<\/strong><\/h1>\n<p>&nbsp;<\/p>\n<p><strong><u>Sur s\u00e9lection en\u00a0formation initiale :<\/u><\/strong><\/p>\n<p style=\"text-align: justify;\">Cette licence est accessible sur dossier en formation initiale aux titulaires de L2, DEUST, DUT, BUT ou BTS, relevant en particulier des domaines suivants\u00a0: STAPS \/ Histoire de l\u2019Art \/ Arts du Spectacle \/ Activit\u00e9s culturelles \/\u00a0 Science \u00e9conomique \/ AES \/ Design communication \/ Tourisme \/ DATR \/ GACO.<\/p>\n<p style=\"text-align: justify;\">Cette licence est \u00e9galement accessible sur dossier en formation initiale au dipl\u00f4m\u00e9s \u00ab Jeunesse et Sport \u00bb et\/ou \u00ab\u00a0culture\u00a0\u00bb\u00a0: BPJEPS (Brevet Professionnel de la Jeunesse, de l\u2019\u00c9ducation Populaire et du Sport), BEES 1<sup>er<\/sup> et 2<sup>e<\/sup> degr\u00e9 (Brevet d\u2019\u00c9tat d\u2019\u00c9ducateur Sportif), DEFA (Dipl\u00f4me d\u2019\u00c9tat \u00e0 la Fonction d\u2019Animateur), DE (Dipl\u00f4me d\u2019\u00c9tat) de Danse mention classique, contemporain ou jazz, DUT M\u00e9diation sociale, DUT communication, Dipl\u00f4me r\u00e9gisseur technicien de spectacle, Licence Sciences du Langage Informatique et Communication, Licence m\u00e9tiers de la Culture, Dipl\u00f4me d\u2019\u00c9tat Professeur de cirque.<\/p>\n<p style=\"text-align: justify;\">La Commission de recrutement compos\u00e9e d\u2019enseignants et de professionnels du milieu artistique s\u00e9lectionnera les \u00e9tudiants et \u00e9tablira une liste principale et une liste secondaire.<\/p>\n<p style=\"text-align: justify;\">Une exp\u00e9rience artistique est recommand\u00e9e (danse, arts du cirque, th\u00e9\u00e2tre \u2026), elle sera appr\u00e9ci\u00e9e lors de l\u2019\u00e9tude des dossiers.<\/p>\n<p>&nbsp;<\/p>\n<p><strong><u>Sur s\u00e9lection en\u00a0formation continue :<\/u><\/strong><\/p>\n<p><img loading=\"lazy\" decoding=\"async\" class=\"size-full wp-image-85 alignright\" src=\"http:\/\/blog.ube.fr\/lpro-gpsac\/wp-content\/uploads\/sites\/86\/2017\/05\/danse.png\" width=\"300\" height=\"373\" srcset=\"https:\/\/blog.ube.fr\/lpro-gpsac\/wp-content\/uploads\/sites\/86\/2017\/05\/danse.png 2239w, https:\/\/blog.ube.fr\/lpro-gpsac\/wp-content\/uploads\/sites\/86\/2017\/05\/danse-241x300.png 241w, https:\/\/blog.ube.fr\/lpro-gpsac\/wp-content\/uploads\/sites\/86\/2017\/05\/danse-768x955.png 768w, https:\/\/blog.ube.fr\/lpro-gpsac\/wp-content\/uploads\/sites\/86\/2017\/05\/danse-824x1024.png 824w\" sizes=\"auto, (max-width: 300px) 100vw, 300px\" \/><\/p>\n<p>Cette licence est accessible sur dossier en formation continue aux aux demandeurs d&#8217;emploi ou salari\u00e9s du secteur de la danse, des arts du crique, des arts de la rue mais aussi de la fonction publique et des m\u00e9tiers de la culture avec une exp\u00e9rience professionnelle de 2 ans minimum.<\/p>\n<p>&nbsp;<\/p>\n<p>&nbsp;<\/p>\n<h1><strong><img loading=\"lazy\" decoding=\"async\" class=\"size-full wp-image-43 alignnone\" src=\"http:\/\/blog.ube.fr\/lpro-gpsac\/wp-content\/uploads\/sites\/86\/2017\/05\/losange.png\" width=\"25\" height=\"25\" srcset=\"https:\/\/blog.ube.fr\/lpro-gpsac\/wp-content\/uploads\/sites\/86\/2017\/05\/losange.png 459w, https:\/\/blog.ube.fr\/lpro-gpsac\/wp-content\/uploads\/sites\/86\/2017\/05\/losange-150x150.png 150w, https:\/\/blog.ube.fr\/lpro-gpsac\/wp-content\/uploads\/sites\/86\/2017\/05\/losange-300x300.png 300w\" sizes=\"auto, (max-width: 25px) 100vw, 25px\" \/> Candidature<\/strong><\/h1>\n<p>&nbsp;<\/p>\n<p>Vous devez effectuer votre dossier de candidature, du 4 mars au 30 juin, sur le serveur : <a class=\"spip_out\" href=\"https:\/\/ecandidat.u-bourgogne.fr\/ecandidat\" target=\"_blank\" rel=\"external noopener noreferrer\">E-candidat de l\u2019uB.<\/a><\/p>\n","protected":false},"excerpt":{"rendered":"<p>\u00a0 \u00a0 \u00a0 Modalit\u00e9s d\u2019acc\u00e8s &nbsp; Sur s\u00e9lection en\u00a0formation initiale : Cette licence est accessible sur dossier en formation initiale aux titulaires de L2, DEUST, DUT, BUT ou BTS, relevant en particulier des domaines suivants\u00a0: STAPS \/ Histoire de l\u2019Art \/ Arts du Spectacle \/ Activit\u00e9s culturelles \/\u00a0 Science \u00e9conomique \/ AES \/ Design communication&hellip;<\/p>\n<p class=\"more-link-p\"><a class=\"btn btn-primary\" href=\"https:\/\/blog.ube.fr\/lpro-gpsac\/inscriptions\/\">Voir plus &rarr;<\/a><\/p>\n","protected":false},"author":270,"featured_media":0,"parent":0,"menu_order":4,"comment_status":"closed","ping_status":"closed","template":"","meta":{"footnotes":""},"class_list":["post-13","page","type-page","status-publish","hentry"],"_links":{"self":[{"href":"https:\/\/blog.ube.fr\/lpro-gpsac\/wp-json\/wp\/v2\/pages\/13","targetHints":{"allow":["GET"]}}],"collection":[{"href":"https:\/\/blog.ube.fr\/lpro-gpsac\/wp-json\/wp\/v2\/pages"}],"about":[{"href":"https:\/\/blog.ube.fr\/lpro-gpsac\/wp-json\/wp\/v2\/types\/page"}],"author":[{"embeddable":true,"href":"https:\/\/blog.ube.fr\/lpro-gpsac\/wp-json\/wp\/v2\/users\/270"}],"replies":[{"embeddable":true,"href":"https:\/\/blog.ube.fr\/lpro-gpsac\/wp-json\/wp\/v2\/comments?post=13"}],"version-history":[{"count":12,"href":"https:\/\/blog.ube.fr\/lpro-gpsac\/wp-json\/wp\/v2\/pages\/13\/revisions"}],"predecessor-version":[{"id":287,"href":"https:\/\/blog.ube.fr\/lpro-gpsac\/wp-json\/wp\/v2\/pages\/13\/revisions\/287"}],"wp:attachment":[{"href":"https:\/\/blog.ube.fr\/lpro-gpsac\/wp-json\/wp\/v2\/media?parent=13"}],"curies":[{"name":"wp","href":"https:\/\/api.w.org\/{rel}","templated":true}]}}

<p><a href="http://ufr-staps.u-bourgogne.fr/formations-3/agapsc/formation/9.html"><img loading="lazy" decoding="async" class="size-full wp-image-181 alignright" src="http://blog.ube.fr/lpro-gpsac/wp-content/uploads/sites/86/2017/05/DEUST.png" width="250" height="246" srcset="https://blog.ube.fr/lpro-gpsac/wp-content/uploads/sites/86/2017/05/DEUST.png 1250w, https://blog.ube.fr/lpro-gpsac/wp-content/uploads/sites/86/2017/05/DEUST-300x294.png 300w, https://blog.ube.fr/lpro-gpsac/wp-content/uploads/sites/86/2017/05/DEUST-768x754.png 768w, https://blog.ube.fr/lpro-gpsac/wp-content/uploads/sites/86/2017/05/DEUST-1024x1005.png 1024w" sizes="auto, (max-width: 250px) 100vw, 250px" /></a></p>
<h1> </h1>
<h1> </h1>
<h1> </h1>
<h1><strong><img loading="lazy" decoding="async" class="size-full wp-image-43 alignnone" src="http://blog.ube.fr/lpro-gpsac/wp-content/uploads/sites/86/2017/05/losange.png" width="25" height="25" srcset="https://blog.ube.fr/lpro-gpsac/wp-content/uploads/sites/86/2017/05/losange.png 459w, https://blog.ube.fr/lpro-gpsac/wp-content/uploads/sites/86/2017/05/losange-150x150.png 150w, https://blog.ube.fr/lpro-gpsac/wp-content/uploads/sites/86/2017/05/losange-300x300.png 300w" sizes="auto, (max-width: 25px) 100vw, 25px" /> Modalités d’accès<br />
</strong></h1>
<p>&nbsp;</p>
<p><strong><u>Sur sélection en formation initiale :</u></strong></p>
<p style="text-align: justify;">Cette licence est accessible sur dossier en formation initiale aux titulaires de L2, DEUST, DUT, BUT ou BTS, relevant en particulier des domaines suivants : STAPS / Histoire de l’Art / Arts du Spectacle / Activités culturelles /  Science économique / AES / Design communication / Tourisme / DATR / GACO.</p>
<p style="text-align: justify;">Cette licence est également accessible sur dossier en formation initiale au diplômés « Jeunesse et Sport » et/ou « culture » : BPJEPS (Brevet Professionnel de la Jeunesse, de l’Éducation Populaire et du Sport), BEES 1<sup>er</sup> et 2<sup>e</sup> degré (Brevet d’État d’Éducateur Sportif), DEFA (Diplôme d’État à la Fonction d’Animateur), DE (Diplôme d’État) de Danse mention classique, contemporain ou jazz, DUT Médiation sociale, DUT communication, Diplôme régisseur technicien de spectacle, Licence Sciences du Langage Informatique et Communication, Licence métiers de la Culture, Diplôme d’État Professeur de cirque.</p>
<p style="text-align: justify;">La Commission de recrutement composée d’enseignants et de professionnels du milieu artistique sélectionnera les étudiants et établira une liste principale et une liste secondaire.</p>
<p style="text-align: justify;">Une expérience artistique est recommandée (danse, arts du cirque, théâtre …), elle sera appréciée lors de l’étude des dossiers.</p>
<p>&nbsp;</p>
<p><strong><u>Sur sélection en formation continue :</u></strong></p>
<p><img loading="lazy" decoding="async" class="size-full wp-image-85 alignright" src="http://blog.ube.fr/lpro-gpsac/wp-content/uploads/sites/86/2017/05/danse.png" width="300" height="373" srcset="https://blog.ube.fr/lpro-gpsac/wp-content/uploads/sites/86/2017/05/danse.png 2239w, https://blog.ube.fr/lpro-gpsac/wp-content/uploads/sites/86/2017/05/danse-241x300.png 241w, https://blog.ube.fr/lpro-gpsac/wp-content/uploads/sites/86/2017/05/danse-768x955.png 768w, https://blog.ube.fr/lpro-gpsac/wp-content/uploads/sites/86/2017/05/danse-824x1024.png 824w" sizes="auto, (max-width: 300px) 100vw, 300px" /></p>
<p>Cette licence est accessible sur dossier en formation continue aux aux demandeurs d&#8217;emploi ou salariés du secteur de la danse, des arts du crique, des arts de la rue mais aussi de la fonction publique et des métiers de la culture avec une expérience professionnelle de 2 ans minimum.</p>
<p>&nbsp;</p>
<p>&nbsp;</p>
<h1><strong><img loading="lazy" decoding="async" class="size-full wp-image-43 alignnone" src="http://blog.ube.fr/lpro-gpsac/wp-content/uploads/sites/86/2017/05/losange.png" width="25" height="25" srcset="https://blog.ube.fr/lpro-gpsac/wp-content/uploads/sites/86/2017/05/losange.png 459w, https://blog.ube.fr/lpro-gpsac/wp-content/uploads/sites/86/2017/05/losange-150x150.png 150w, https://blog.ube.fr/lpro-gpsac/wp-content/uploads/sites/86/2017/05/losange-300x300.png 300w" sizes="auto, (max-width: 25px) 100vw, 25px" /> Candidature</strong></h1>
<p>&nbsp;</p>
<p>Vous devez effectuer votre dossier de candidature, du 4 mars au 30 juin, sur le serveur : <a class="spip_out" href="https://ecandidat.u-bourgogne.fr/ecandidat" target="_blank" rel="external noopener noreferrer">E-candidat de l’uB.</a></p>

<p>      Modalités d’accès &nbsp; Sur sélection en formation initiale : Cette licence est accessible sur dossier en formation initiale aux titulaires de L2, DEUST, DUT, BUT ou BTS, relevant en particulier des domaines suivants : STAPS / Histoire de l’Art / Arts du Spectacle / Activités culturelles /  Science économique / AES / Design communication&hellip;</p>
<p class="more-link-p"><a class="btn btn-primary" href="https://blog.ube.fr/lpro-gpsac/inscriptions/">Voir plus &rarr;</a></p>
