{"id":56,"date":"2016-04-13T14:05:51","date_gmt":"2016-04-13T13:05:51","guid":{"rendered":"http:\/\/blog.u-bourgogne.fr\/lpro-gevu\/?page_id=56"},"modified":"2019-02-13T16:29:54","modified_gmt":"2019-02-13T15:29:54","slug":"enseignants","status":"publish","type":"page","link":"https:\/\/blog.ube.fr\/lpro-gevu\/enseignements\/enseignants\/","title":{"rendered":"Enseignants"},"content":{"rendered":"<p>La licence professionnelle est coordonn\u00e9e par des enseignants-chercheurs, des enseignants du lyc\u00e9e agricole de Quetigny et des professionnels du paysage.<\/p>\n<h2><strong>Enseignants-chercheurs et chercheurs<br \/>\n<\/strong><\/h2>\n<table>\n<tbody>\n<tr>\n<td>Anne J\u00e9gou, ma\u00eetre de conf\u00e9rences en g\u00e9ographie, laboratoire Th\u00e9MA &#8211; Th\u00e9oriser et Mod\u00e9liser pour Am\u00e9nager<\/td>\n<td>G\u00e9ographie urbaine ; Am\u00e9nagement urbain ; Introduction \u00e0 la durabilit\u00e9 ; Cartographie<\/p>\n<p>Suivi des \u00e9tudiants et des stagiaires<\/td>\n<\/tr>\n<tr>\n<td>Yves Richard, professeur de g\u00e9ographie, laboratoire Biog\u00e9osciences<\/td>\n<td>Enjeux de la qualit\u00e9 de l&#8217;air et de l&#8217;\u00eelot de chaleur urbain dans un contexte de changement climatique<\/td>\n<\/tr>\n<tr>\n<td>Daniel Wipf, professeur de biologie v\u00e9g\u00e9tale, laboratoire Agro\u00e9cologie<\/td>\n<td>Physiologie de l&#8217;arbre<\/td>\n<\/tr>\n<tr>\n<td>\u00a0Mathieu Th\u00e9venot, ma\u00eetre de conf\u00e9rences en sciences de la Terre, laboratoire Biog\u00e9osciences<\/td>\n<td>P\u00e9dologie<\/td>\n<\/tr>\n<tr>\n<td>Patricia Gerbeau-Pissot, ma\u00eetre de conf\u00e9rences en biologie v\u00e9g\u00e9tale, laboratoire Biog\u00e9osciences<\/p>\n<p>Catherine Cardinal-Legrand, ma\u00eetre de conf\u00e9rences en biologie v\u00e9g\u00e9tale, laboratoire Agro\u00e9cologie<\/td>\n<td>Mise \u00e0 niveau Biologie v\u00e9g\u00e9tale<\/td>\n<\/tr>\n<tr>\n<td>Ludovic Granjon, ing\u00e9nieur d&#8217;\u00e9tudes g\u00e9omaticien, Maison des Sciences de l&#8217;Homme<\/p>\n<p>Nad\u00e8ge Martiny, ma\u00eetre de conf\u00e9rences en g\u00e9ographie, laboratoire Biog\u00e9osciences<\/p>\n<p>Patrick Mille, ing\u00e9nieur d&#8217;\u00e9tudes en g\u00e9ographie, laboratoire Th\u00e9MA<\/td>\n<td>SIG : ArcGis et Qgis<\/p>\n<p>Illustrator<\/td>\n<\/tr>\n<tr>\n<td>Mohamed Hilal, ing\u00e9nieur de recherches en g\u00e9ographie, laboratoire CESAER<\/td>\n<td>Perceptions du paysage<\/td>\n<\/tr>\n<tr>\n<td>Yohan Sahraoui, post-doctorant en g\u00e9ographie, universit\u00e9 de Bordeaux<\/td>\n<td>Perceptions du paysage et Pixscape<\/td>\n<\/tr>\n<\/tbody>\n<\/table>\n<p>&nbsp;<\/p>\n<h2><strong>Enseignants du lyc\u00e9e agricole de Quetigny<br \/>\n<\/strong><\/h2>\n<table style=\"width: 1399px\">\n<tbody>\n<tr>\n<td style=\"width: 721.283px\">Jacques Ancery, professeur d&#8217;am\u00e9nagement du paysage<\/td>\n<td style=\"width: 641.717px\">Mise \u00e0 niveau Am\u00e9nagement paysager<\/p>\n<p>Applications raisonn\u00e9es des produits phytosanitaires<\/td>\n<\/tr>\n<tr>\n<td style=\"width: 721.283px\">Gilles Vadot, professeur d&#8217;am\u00e9nagement du paysage<\/td>\n<td style=\"width: 641.717px\">Mise \u00e0 niveau Am\u00e9nagement paysager<\/td>\n<\/tr>\n<tr>\n<td style=\"width: 721.283px\">Fr\u00e9d\u00e9ric Bisiaux, professeur d&#8217;am\u00e9nagement du paysage<\/td>\n<td style=\"width: 641.717px\">Autocad<\/td>\n<\/tr>\n<tr>\n<td style=\"width: 721.283px\">Xavier Bretillon, professeur d&#8217;anglais<\/td>\n<td style=\"width: 641.717px\">Anglais<\/td>\n<\/tr>\n<tr>\n<td style=\"width: 721.283px\">Florian Valentin, professeur d&#8217;am\u00e9nagement du paysage \u00e0 la MFR du Senonais<\/td>\n<td style=\"width: 641.717px\">March\u00e9s publics<\/td>\n<\/tr>\n<\/tbody>\n<\/table>\n<p>&nbsp;<\/p>\n<h2><strong>Professionnels du paysage<br \/>\n<\/strong><\/h2>\n<table style=\"width: 1399px\">\n<tbody>\n<tr>\n<td style=\"width: 720.35px\">Pascale Jacotot, paysagiste DPLG, Sequana Paysage<\/td>\n<td style=\"width: 642.65px\">Projet tuteur\u00e9<\/p>\n<p>\u00e9tude de projets paysagers<\/p>\n<p>Gestion de l&#8217;eau<\/td>\n<\/tr>\n<tr>\n<td style=\"width: 720.35px\">Christophe Matran, paysagiste, PaysageUrba<\/td>\n<td style=\"width: 642.65px\">Gestion diff\u00e9renci\u00e9e<\/td>\n<\/tr>\n<tr>\n<td style=\"width: 720.35px\">Tristan Kraft, expert arboricole, Acer arboristes<\/td>\n<td style=\"width: 642.65px\">\u00a0Gestion des arbres urbains<\/td>\n<\/tr>\n<tr>\n<td style=\"width: 720.35px\">Geoffroy Chevillard, chef de service Espaces verts, ville de Longvic<\/td>\n<td style=\"width: 642.65px\">G\u00e9omatique (gestion de bases de donn\u00e9es) ; Animation d&#8217;\u00e9quipe et \u00e9valuation des co\u00fbts<\/td>\n<\/tr>\n<tr>\n<td style=\"width: 720.35px\">Juliette Brey-Xambeu, charg\u00e9e de communication, Universit\u00e9 de Bourgogne<\/td>\n<td style=\"width: 642.65px\">Communication professionnelle<\/td>\n<\/tr>\n<tr>\n<td style=\"width: 720.35px\">Lilian Brocail, Responsable du p\u00f4le G\u00e9omatique, DREAL Bourgogne-Franche-Comt\u00e9<\/td>\n<td style=\"width: 642.65px\">Gestion de l&#8217;eau<\/td>\n<\/tr>\n<tr>\n<td style=\"width: 720.35px\">Thibaut Meskel, technicien environnement, APRR<\/td>\n<td style=\"width: 642.65px\">Gestion de la biodiversit\u00e9 et des trames vertes et bleues<\/td>\n<\/tr>\n<tr>\n<td style=\"width: 720.35px\">David Richard, responsable du service Espaces verts, ville de Quetigny<\/td>\n<td style=\"width: 642.65px\">Animation d&#8217;\u00e9quipe et \u00e9valuation des co\u00fbts<\/td>\n<\/tr>\n<tr>\n<td style=\"width: 720.35px\">Damien Marage, chef de p\u00f4le Biodiversit\u00e9 Eau Patrimoine, DREAL Bourgogne Franche-Comt\u00e9<\/td>\n<td style=\"width: 642.65px\">\u00c9cologie<\/p>\n<p>Gestion de la biodiversit\u00e9 et des trames vertes et bleues<\/td>\n<\/tr>\n<tr>\n<td style=\"width: 720.35px\">St\u00e9phane Le Moigne, directeur Duc et Pr\u00e9neuf Bourgogne<\/td>\n<td style=\"width: 642.65px\">Gestion d&#8217;une entreprise du paysage<\/td>\n<\/tr>\n<tr>\n<td style=\"width: 720.35px\">Vincent Godreau et Marl\u00e8ne Tr\u00e9ca, ONF<\/td>\n<td style=\"width: 642.65px\">Gestion des boisements urbains<\/td>\n<\/tr>\n<\/tbody>\n<\/table>\n<p>&nbsp;<\/p>\n","protected":false},"excerpt":{"rendered":"<p>La licence professionnelle est coordonn\u00e9e par des enseignants-chercheurs, des enseignants du lyc\u00e9e agricole de Quetigny et des professionnels du paysage. Enseignants-chercheurs et chercheurs Anne J\u00e9gou, ma\u00eetre de conf\u00e9rences en g\u00e9ographie, laboratoire Th\u00e9MA &#8211; Th\u00e9oriser et Mod\u00e9liser pour Am\u00e9nager G\u00e9ographie urbaine ; Am\u00e9nagement urbain ; Introduction \u00e0 la durabilit\u00e9 ; Cartographie Suivi des \u00e9tudiants et des&hellip;<\/p>\n<p class=\"more-link-p\"><a class=\"btn btn-primary\" href=\"https:\/\/blog.ube.fr\/lpro-gevu\/enseignements\/enseignants\/\">Voir plus &rarr;<\/a><\/p>\n","protected":false},"author":83,"featured_media":0,"parent":31,"menu_order":0,"comment_status":"closed","ping_status":"closed","template":"","meta":{"footnotes":""},"class_list":["post-56","page","type-page","status-publish","hentry"],"_links":{"self":[{"href":"https:\/\/blog.ube.fr\/lpro-gevu\/wp-json\/wp\/v2\/pages\/56","targetHints":{"allow":["GET"]}}],"collection":[{"href":"https:\/\/blog.ube.fr\/lpro-gevu\/wp-json\/wp\/v2\/pages"}],"about":[{"href":"https:\/\/blog.ube.fr\/lpro-gevu\/wp-json\/wp\/v2\/types\/page"}],"author":[{"embeddable":true,"href":"https:\/\/blog.ube.fr\/lpro-gevu\/wp-json\/wp\/v2\/users\/83"}],"replies":[{"embeddable":true,"href":"https:\/\/blog.ube.fr\/lpro-gevu\/wp-json\/wp\/v2\/comments?post=56"}],"version-history":[{"count":9,"href":"https:\/\/blog.ube.fr\/lpro-gevu\/wp-json\/wp\/v2\/pages\/56\/revisions"}],"predecessor-version":[{"id":275,"href":"https:\/\/blog.ube.fr\/lpro-gevu\/wp-json\/wp\/v2\/pages\/56\/revisions\/275"}],"up":[{"embeddable":true,"href":"https:\/\/blog.ube.fr\/lpro-gevu\/wp-json\/wp\/v2\/pages\/31"}],"wp:attachment":[{"href":"https:\/\/blog.ube.fr\/lpro-gevu\/wp-json\/wp\/v2\/media?parent=56"}],"curies":[{"name":"wp","href":"https:\/\/api.w.org\/{rel}","templated":true}]}}