{"id":34,"date":"2016-04-08T18:02:40","date_gmt":"2016-04-08T17:02:40","guid":{"rendered":"http:\/\/blog.u-bourgogne.fr\/lpro-gevu\/?page_id=34"},"modified":"2019-05-03T10:16:36","modified_gmt":"2019-05-03T09:16:36","slug":"enseignements","status":"publish","type":"page","link":"https:\/\/blog.ube.fr\/lpro-gevu\/enseignements\/enseignements\/","title":{"rendered":"Programme 2017-2022"},"content":{"rendered":"<p style=\"text-align: left\">Le volume horaire de la formation est de 516h \u00e0 550h, selon le statut des stagiaires et des \u00e9tudiants, ainsi que des diff\u00e9rentes mises \u00e0 niveau suivies.<\/p>\n<p style=\"text-align: left\">Le programme est d\u00e9coup\u00e9 en 8 Unit\u00e9s d&#8217;Enseignement (UE) dont une UE de mise \u00e0 niveau et deux UE professionnalisantes : le projet tuteur\u00e9 et le stage. Chacune des UE 1 \u00e0 6 regroupe plusieurs mati\u00e8res.<strong><br \/>\n<\/strong><\/p>\n<ul>\n<li style=\"text-align: left\">\n<h6><strong>UE1 &#8211; Mise \u00e0 niveau (35 \u00e0 69h)<\/strong><\/h6>\n<p>Am\u00e9nagement paysager &#8211; G\u00e9ographie urbaine &#8211; Biologie v\u00e9g\u00e9tale<\/li>\n<li style=\"text-align: left\">\n<h6><strong>UE2 &#8211; Durabilit\u00e9 urbaine et paysage : approches connexes (68h)<\/strong><\/h6>\n<p>Politiques publiques et am\u00e9nagement urbain &#8211; Perceptions du paysage &#8211; \u00c9cologie urbaine et Climatologie<\/li>\n<li style=\"text-align: left\">\n<h6><strong>UE3 &#8211; Gestion durable des ressources naturelles en milieu urbain (73h)<\/strong><\/h6>\n<p>Gestion de l&#8217;eau &#8211; Physiologie des plantes terrestres &#8211; Gestion de la biodiversit\u00e9 et des trames vertes et bleues<\/li>\n<li style=\"text-align: left\">\n<h6><strong>UE4 &#8211; Fonctionnement et gestion du patrimoine v\u00e9g\u00e9tal urbain (76h)<\/strong><\/h6>\n<p>Z\u00e9ro Phyto et gestion diff\u00e9renci\u00e9e &#8211; Gestion des arbres et des boisements urbains<\/li>\n<li style=\"text-align: left\">\n<h6><strong>UE5 &#8211; G\u00e9omatique (99h)<\/strong><\/h6>\n<p>Cartographie et gestion de donn\u00e9es &#8211; Syst\u00e8me d&#8217;Information G\u00e9ographique (SIG : QGis et ArcGis) &#8211; AutoCAD<\/li>\n<li style=\"text-align: left\">\n<h6><strong>UE6 &#8211; Outils de communication et de management (64h)<\/strong><\/h6>\n<p>Anglais de sp\u00e9cialit\u00e9 &#8211; Communication professionnelle &#8211; Gestion de projet, des co\u00fbts et des moyens humains<\/li>\n<li style=\"text-align: left\">\n<h6><strong>UE7 &#8211; Projet tuteur\u00e9 (91h dont 40h de cours)<\/strong> hors alternance<\/h6>\n<p>Mise en situation professionnelle, en r\u00e9ponse \u00e0 une commande r\u00e9elle, s&#8217;appuyant sur un inventaire et un diagnostic du patrimoine v\u00e9g\u00e9tal, la mise au point de recommandations et la pr\u00e9sentation de projets d&#8217;am\u00e9nagements devant un jury compos\u00e9 d&#8217;\u00e9lus et de professionnels.<\/li>\n<li>\n<h6><strong>UE 8 &#8211; Stage <\/strong><\/h6>\n<\/li>\n<\/ul>\n<p>Le stage se d\u00e9roule sur 16 semaines, r\u00e9parties en 3 p\u00e9riodes, afin de suivre le fil des saisons et des projets. Le stagiaire est suivi par un tuteur de stage sur le lieu de stage et un r\u00e9f\u00e9rent p\u00e9dagogique intervenant dans la licence professionnelle. Il restitue son travail dans un rapport de stage et une soutenance \u00e0 l&#8217;issue de son stage.<\/p>\n<p>Le stage \u00e0 l&#8217;\u00e9tranger est possible.<\/p>\n<ul>\n<li style=\"text-align: left\">\n<h6><strong>Examens et suivi p\u00e9dagogique (25h)<\/strong><\/h6>\n<p>Examens \u00e9crits et oraux, en contr\u00f4le continu ainsi qu&#8217;en contr\u00f4le terminal<br \/>\nRapport de stage et soutenance orale<\/li>\n<\/ul>\n<p>La\u00a0<strong><a href=\"http:\/\/blog.ube.fr\/lpro-gevu\/wp-content\/uploads\/sites\/50\/2019\/03\/FF-GEVU-1819.pdf\">fiche fili\u00e8re<\/a> <\/strong>reprend l&#8217;ensemble du programme de la formation, les objectifs et comp\u00e9tences acquises ainsi que les modalit\u00e9s d&#8217;\u00e9valuation.<\/p>\n","protected":false},"excerpt":{"rendered":"<p>Le volume horaire de la formation est de 516h \u00e0 550h, selon le statut des stagiaires et des \u00e9tudiants, ainsi que des diff\u00e9rentes mises \u00e0 niveau suivies. Le programme est d\u00e9coup\u00e9 en 8 Unit\u00e9s d&#8217;Enseignement (UE) dont une UE de mise \u00e0 niveau et deux UE professionnalisantes : le projet tuteur\u00e9 et le stage. Chacune&hellip;<\/p>\n<p class=\"more-link-p\"><a class=\"btn btn-primary\" href=\"https:\/\/blog.ube.fr\/lpro-gevu\/enseignements\/enseignements\/\">Voir plus &rarr;<\/a><\/p>\n","protected":false},"author":83,"featured_media":0,"parent":31,"menu_order":0,"comment_status":"closed","ping_status":"closed","template":"","meta":{"footnotes":""},"class_list":["post-34","page","type-page","status-publish","hentry"],"_links":{"self":[{"href":"https:\/\/blog.ube.fr\/lpro-gevu\/wp-json\/wp\/v2\/pages\/34","targetHints":{"allow":["GET"]}}],"collection":[{"href":"https:\/\/blog.ube.fr\/lpro-gevu\/wp-json\/wp\/v2\/pages"}],"about":[{"href":"https:\/\/blog.ube.fr\/lpro-gevu\/wp-json\/wp\/v2\/types\/page"}],"author":[{"embeddable":true,"href":"https:\/\/blog.ube.fr\/lpro-gevu\/wp-json\/wp\/v2\/users\/83"}],"replies":[{"embeddable":true,"href":"https:\/\/blog.ube.fr\/lpro-gevu\/wp-json\/wp\/v2\/comments?post=34"}],"version-history":[{"count":21,"href":"https:\/\/blog.ube.fr\/lpro-gevu\/wp-json\/wp\/v2\/pages\/34\/revisions"}],"predecessor-version":[{"id":289,"href":"https:\/\/blog.ube.fr\/lpro-gevu\/wp-json\/wp\/v2\/pages\/34\/revisions\/289"}],"up":[{"embeddable":true,"href":"https:\/\/blog.ube.fr\/lpro-gevu\/wp-json\/wp\/v2\/pages\/31"}],"wp:attachment":[{"href":"https:\/\/blog.ube.fr\/lpro-gevu\/wp-json\/wp\/v2\/media?parent=34"}],"curies":[{"name":"wp","href":"https:\/\/api.w.org\/{rel}","templated":true}]}}