{"id":48,"date":"2015-10-21T11:16:15","date_gmt":"2015-10-21T10:16:15","guid":{"rendered":"http:\/\/blog.u-bourgogne.fr\/list-maps\/?page_id=48"},"modified":"2016-06-03T09:15:44","modified_gmt":"2016-06-03T08:15:44","slug":"genxpro","status":"publish","type":"page","link":"https:\/\/blog.ube.fr\/list-maps\/consortium\/beneficiaries\/genxpro\/","title":{"rendered":"GenXPro"},"content":{"rendered":"<p class=\"titre2\" style=\"text-align: center;font-family: streetvertising;color: #483d8b;font-size: 18px\"><a href=\"http:\/\/genxpro.info\/about_us\/\"><img loading=\"lazy\" decoding=\"async\" class=\"alignnone wp-image-475 \" src=\"http:\/\/blog.ube.fr\/list-maps\/wp-content\/uploads\/sites\/34\/2015\/11\/genxprologo.gif\" alt=\"genxprologo\" width=\"425\" height=\"146\" \/><\/a><\/p>\n<p class=\"titre2\" style=\"text-align: center;font-family: streetvertising;color: #483d8b;font-size: 18px\"><strong style=\"color: #483d8b\">PRESENTATION OF THE COMPANY<\/strong><\/p>\n<p class=\"titre2\" style=\"font-family: calibri;text-align: justify;color: #000000;padding-left: 60px;padding-right: 60px\">GenXPro is specialized in Next-Generation-Sequencing (NGS) based analysis and bioinformatics. Founded in 2005, we have developed a broad spectrum of techniques and methods based on NGS and provide a full service, including bioinformatics statistical analyses and presentation of the data. Our service portfolio also includes metagenomics and metatranscriptomics. In 2008 we have invented the \u201cTrueQuant\u201d method, which is based on barcoding each DNA-molecule prior to PCR amplification. As each barcode-template combination is statistically unique, PCR-duplicates can be identified and eliminated from the dataset to prevent PCR-bias. Our customers are from all fields of life sciences but mainly from agro- and medical institutions and companies worldwide. Recently, we are concentrating our efforts to offer services for precision medicine in cancer treatment. This year we have launched a transcriptome sequencing kit based on our TrueQuant method for high resolution gene expression analysis and low-bias data called \u201cMACE\u201d (Massive Analysis of cDNA Ends).<\/p>\n<p class=\"titre2\" style=\"font-family: calibri;color: #000000;padding-left: 60px;padding-right: 60px\"><strong style=\"color: #000000\">Website:<\/strong> <a style=\"text-decoration: none;font-family: calibri;color: #483d8b\" href=\"http:\/\/genxpro.info\/about_us\/\"> http:\/\/genxpro.info\/about_us\/<\/a><\/p>\n<p class=\"titre2\" style=\"text-align: center;color: #483d8b;font-family: streetvertising;font-size: 18px\"><strong style=\"color: #483d8b\">ROLE IN THE PROJECT<\/strong><\/p>\n<p class=\"titre2\" style=\"font-family: calibri;text-align: justify;color: #000000;padding-left: 60px;padding-right: 60px\"><a style=\"text-decoration: none;color: #483d8b\" href=\"http:\/\/blog.ube.fr\/list-maps\/early-stage-researchers\/ignasi-ferrer-lluis\/\">Sub-project 10: Development of bioinformatics tools for the analysis of MACE data<\/a><\/p>\n<p class=\"titre2\" style=\"font-family: calibri;text-align: justify;color: #000000;padding-left: 60px;padding-right: 60px\"><a style=\"text-decoration: none;color: #483d8b\" href=\"http:\/\/blog.ube.fr\/list-maps\/early-stage-researchers\/bohyung-lee\/\">Sub-project 11: Development of innovative tools for rapid phenotypic characterisation of intraspecific diversity<\/a><\/p>\n<p style=\"color: #483d8b;font-family: streetvertising;text-align: center;font-size: 18px\"><strong style=\"color: #483d8b\">STAFF INVOLVED<\/strong><\/p>\n<p style=\"color: #483d8b;font-family: arial;text-align: left;font-size: 14px;padding-left: 60px;padding-right: 60px\"><strong style=\"color: #483d8b\">\u00a0 Bj\u00f6rn ROTTER<\/strong><\/p>\n<p class=\"titre2\" style=\"font-family: calibri;color: #000000;padding-left: 60px;padding-right: 60px\"><strong>\u00a0<a href=\"http:\/\/blog.ube.fr\/list-maps\/wp-content\/uploads\/sites\/34\/2015\/10\/photo-bjorn.png\"><img loading=\"lazy\" decoding=\"async\" class=\"alignnone wp-image-407 size-thumbnail\" src=\"http:\/\/blog.ube.fr\/list-maps\/wp-content\/uploads\/sites\/34\/2015\/10\/photo-bjorn-150x150.png\" alt=\"photo bjorn\" width=\"150\" height=\"150\" srcset=\"https:\/\/blog.ube.fr\/list-maps\/wp-content\/uploads\/sites\/34\/2015\/10\/photo-bjorn-150x150.png 150w, https:\/\/blog.ube.fr\/list-maps\/wp-content\/uploads\/sites\/34\/2015\/10\/photo-bjorn-428x429.png 428w\" sizes=\"auto, (max-width: 150px) 100vw, 150px\" \/><\/a><\/strong><\/p>\n<p class=\"titre2\" style=\"font-family: calibri;color: #000000;padding-left: 60px;padding-right: 60px\"><strong style=\"color: #483d8b\">Education<\/strong><\/p>\n<ul style=\"padding-left: 60px;padding-right: 60px\">\n<li style=\"color: #ffffff\">\n<p class=\"titre2\" style=\"font-family: calibri;color: #000000;font-size: 14px\">2000-2004: PhD. Thesis at the \u201cInstitut national de la sant\u00e9 et de la recherche m\u00e9dicale\u201d(INSERM), the French national institute for medical research, H\u00f4pital Bichat and the Universit\u00e9 Paris VII in Paris, France, under Dr. Marie-Christine Lecomte, about \u201cFunctional analyses of the central region of alphaII-spectrin\u201d.<\/p>\n<\/li>\n<li style=\"color: #ffffff\">\n<p class=\"titre2\" style=\"font-family: calibri;color: #000000;font-size: 14px\">1997-2000: Studies of Biology at the J.W.Goethe Universit\u00e4t of Frankfurt and Master Theses at the Institut Nationale de la Recherche Agronomique (INRA) at Montpellier, France about \u201cQTL analysis for drought tolerance in Barley\u201d under Dr. Dominique This and Dr. Kurt Weising.<\/p>\n<\/li>\n<li style=\"color: #ffffff\">\n<p class=\"titre2\" style=\"font-family: calibri;color: #000000;font-size: 14px\">1995-1996: External year at the \u201cCollege of New Jersey\u201d, Trenton, USA.<\/p>\n<\/li>\n<\/ul>\n<ul style=\"padding-right: 60px;padding-left: 60px\">\n<li style=\"color: #ffffff\">\n<p class=\"titre2\" style=\"font-family: calibri;color: #000000;font-size: 14px\">1993-1995: Studies of Biology and Intermediate Exams at the J.W.Goethe Universit\u00e4t of Frankfurt.<\/p>\n<\/li>\n<\/ul>\n<p class=\"titre2\" style=\"font-family: calibri;color: #000000;padding-left: 60px;padding-right: 60px\"><strong style=\"color: #000000\">Professional experience<\/strong><\/p>\n<p class=\"titre2\" style=\"font-family: calibri;color: #000000;font-size: 14px\"><span style=\"padding-left: 60px;padding-right: 60px;color: #000000\">Since 2005:<\/span><\/p>\n<p style=\"font-family: calibri;text-align: justify;font-size: 14px;color: #000000;padding-left: 60px;padding-right: 60px\">Co-founder of GenXPro GmbH, Chief Scientific Officer. In 2008, invention of the \u201cTrueQuant\u201d method for the elimination of PCR-bias in NGS-data. In 2009, development of the \u201cMACE\u201d Technique (\u201cMassive Analysis of cDNA Ends\u201d) in combination with TrueQuant. Besides the scouting, development and adaptation of new techniques, a part of my work consists of organization and presentation of our company, customer consulting as well as business development and marketing as part of the management board. Currently I am involved in the adaptation of single-cell sequencing, high-throughput sample preparation methods and the development of a bioinformatics pipeline for precision medicine in different tumors.<\/p>\n<p class=\"titre2\" style=\"font-family: calibri;color: #000000;padding-left: 60px;padding-right: 60px\"><strong style=\"color: #000000\">Publications:<\/strong><\/p>\n<ul style=\"padding-left: 60px;padding-right: 60px\">\n<li style=\"color: #ffffff\">\n<p class=\"titre2\" style=\"font-family: calibri;color: #000000;font-size: 14px\">Afonso-Grunz F, Hoffmeier K, M\u00fcller S, Westermann AJ, Rotter B, Vogel J, Winter P, Kahl G <a style=\"text-decoration: none;font-family: calibri;color: #483d8b\" href=\"http:\/\/www.ncbi.nlm.nih.gov\/pubmed\/25927313\">Dual 3\u2019Seq using deepSuperSAGE uncovers transcriptomes of interacting Salmonella enterica Typhimurium and human host cells.<\/a>BMC Genomics. 2015 Apr 19;16:323.<\/p>\n<\/li>\n<li style=\"color: #ffffff\">\n<p class=\"titre2\" style=\"font-family: calibri;color: #000000;font-size: 14px\">M\u00fcller S, Raulefs S, Bruns P, Afonso-Grunz F, Pl\u00f6tner A, Thermann R, J\u00e4ger C, Schlitter AM, Kong B, Regel I, Roth WK, Rotter B, Hoffmeier K, Kahl G, Koch I, Theis FJ, Kleeff J, Winter P, Michalski CW. <a style=\"text-decoration: none;font-family: calibri;color: #483d8b\" href=\"http:\/\/www.ncbi.nlm.nih.gov\/pubmed\/25910082\">Next-generation sequencing reveals novel differentially regulated mRNAs, lncRNAs, miRNAs, sdRNAs and a piRNA in pancreatic cancer. Mol Cancer.<\/a> 2015 Apr 25;14(1):94.<\/p>\n<\/li>\n<li style=\"color: #ffffff\">\n<p class=\"titre2\" style=\"font-family: calibri;color: #000000;font-size: 14px\">Nold-Petry CA, Lo CY, Rudloff I, Elgass KD, Li S, Gantier MP, Lotz-Havla AS, Gersting SW, Cho SX, Lao JC, Ellisdon AM, Rotter B, Azam T, Mangan NE, Rossello FJ, Whisstock JC, Bufler P, Garlanda C, Mantovani A, Dinarello CA, Nold MF. <a style=\"text-decoration: none;font-family: calibri;color: #483d8b\" href=\"http:\/\/www.ncbi.nlm.nih.gov\/pubmed\/25729923\">IL-37 requires the receptors IL-18Ra and IL-1R8 (SIGIRR) to carry out its multifaceted anti-inflammatory program upon innate signal transduction.<\/a>Nat Immunol. 2015 Mar 2<\/p>\n<\/li>\n<li style=\"color: #ffffff\">\n<p class=\"titre2\" style=\"font-family: calibri;color: #000000;font-size: 14px\">Mazzocca A, Dituri F, De Santis F, Filannino A, Lopane C, Betz RC, Li YY, Mukaida N, Winter P, Tortorella C, Giannelli G, Sabb\u00e0 C.<br \/>\n<a style=\"text-decoration: none;font-family: calibri;color: #483d8b\" href=\"http:\/\/www.ncbi.nlm.nih.gov\/pubmed\/25589345\">Lysophosphatidic Acid Receptor LPAR6 Supports the Tumorigenicity of Hepatocellular Carcinoma.<\/a> Cancer Res. 2015 Feb 1;75(3):532-43. doi: 10.1158\/0008-5472.CAN-14-1607.<\/p>\n<\/li>\n<li style=\"color: #ffffff\">\n<p class=\"titre2\" style=\"font-family: calibri;color: #000000;font-size: 14px\">M\u00fcller S, Rycak L, Afonso-Grunz F, Winter P, Zawada AM, Damrath E, Scheider J, Schm\u00e4h J, Koch I, Kahl G, Rotter B.<br \/>\n<a style=\"text-decoration: none;font-family: calibri;color: #483d8b\" href=\"http:\/\/www.ncbi.nlm.nih.gov\/pubmed\/25052703\">APADB: a database for alternative polyadenylation and microRNA regulation events<\/a> Database (Oxford). 2014 Jul 22;2014.<\/p>\n<\/li>\n<li style=\"color: #ffffff\">\n<p class=\"titre2\" style=\"font-family: calibri;color: #000000;font-size: 14px\">M\u00fcller S, Rycak L, Winter P, Kahl G, Koch I, Rotter B. <a style=\"text-decoration: none;font-family: calibri;color: #483d8b\" href=\"http:\/\/www.ncbi.nlm.nih.gov\/pubmed\/23946503\">omiRas: a Web server for differential expression analysis of miRNAs derived from small RNA-Seq data.<\/a>Bioinformatics. 2013 Aug 23. <a style=\"text-decoration: none;font-family: calibri;color: #483d8b\" href=\"http:\/\/tools.genxpro.net\/omiras\/\">http:\/\/tools.genxpro.net\/omiras\/<\/a><\/p>\n<\/li>\n<\/ul>\n<p class=\"titre2\" style=\"font-family: calibri;color: #000000;padding-left: 60px;padding-right: 60px\"><strong style=\"color: #000000\">Contact:<\/strong> <a style=\"text-decoration: none;font-family: calibri;color: #483d8b\" href=\"mailto:rotter@genxpro.de\">rotter@genxpro.de<\/a><\/p>\n<p style=\"font-family: calibri;text-align: center;font-size: 18px\"><a style=\"text-decoration: none;font-family: calibri;color: #483d8b\" href=\"http:\/\/blog.ube.fr\/list-maps\/consortium\/beneficiaries\/\"><b style=\"color: #483d8b\">See the others partners beneficiaries<\/b><\/a><\/p>\n<p style=\"font-family: calibri;text-align: center;font-size: 18px\"><a style=\"text-decoration: none;font-family: calibri;color: #483d8b\" href=\"http:\/\/blog.ube.fr\/list-maps\/consortium\/partners-organizations\/\"><b style=\"color: #483d8b\">See the associated partners<br \/>\n<\/b><\/a><\/p>\n<p>&nbsp;<\/p>\n<p class=\"titre2\" style=\"font-family: calibri;color: #000000;font-size: 12px;text-align: center\"><a href=\"http:\/\/blog.ube.fr\/list-maps\/wp-content\/uploads\/sites\/34\/2015\/10\/eulogo.jpg\"><img loading=\"lazy\" decoding=\"async\" class=\"alignnone wp-image-557 \" src=\"http:\/\/blog.ube.fr\/list-maps\/wp-content\/uploads\/sites\/34\/2015\/10\/eulogo.jpg\" alt=\"eulogo\" width=\"79\" height=\"46\" srcset=\"https:\/\/blog.ube.fr\/list-maps\/wp-content\/uploads\/sites\/34\/2015\/10\/eulogo.jpg 600w, https:\/\/blog.ube.fr\/list-maps\/wp-content\/uploads\/sites\/34\/2015\/10\/eulogo-300x175.jpg 300w\" sizes=\"auto, (max-width: 79px) 100vw, 79px\" \/><\/a>This project has received funding from the European Union\u2019s Horizon 2020 research and innovation programme under the Marie Sklodowska Curie grant agreement n\u00b0 641984<\/p>\n","protected":false},"excerpt":{"rendered":"<p>PRESENTATION OF THE COMPANY GenXPro is specialized in Next-Generation-Sequencing (NGS) based analysis and bioinformatics. Founded in 2005, we have developed a broad spectrum of techniques and methods based on NGS and provide a full service, including bioinformatics statistical analyses and presentation of the data. Our service portfolio also includes metagenomics and metatranscriptomics. In 2008 we&hellip;<\/p>\n<p class=\"more-link-p\"><a class=\"btn btn-primary\" href=\"https:\/\/blog.ube.fr\/list-maps\/consortium\/beneficiaries\/genxpro\/\">Voir plus &rarr;<\/a><\/p>\n","protected":false},"author":99,"featured_media":0,"parent":13,"menu_order":8,"comment_status":"closed","ping_status":"closed","template":"","meta":{"footnotes":""},"class_list":["post-48","page","type-page","status-publish","hentry"],"_links":{"self":[{"href":"https:\/\/blog.ube.fr\/list-maps\/wp-json\/wp\/v2\/pages\/48","targetHints":{"allow":["GET"]}}],"collection":[{"href":"https:\/\/blog.ube.fr\/list-maps\/wp-json\/wp\/v2\/pages"}],"about":[{"href":"https:\/\/blog.ube.fr\/list-maps\/wp-json\/wp\/v2\/types\/page"}],"author":[{"embeddable":true,"href":"https:\/\/blog.ube.fr\/list-maps\/wp-json\/wp\/v2\/users\/99"}],"replies":[{"embeddable":true,"href":"https:\/\/blog.ube.fr\/list-maps\/wp-json\/wp\/v2\/comments?post=48"}],"version-history":[{"count":21,"href":"https:\/\/blog.ube.fr\/list-maps\/wp-json\/wp\/v2\/pages\/48\/revisions"}],"predecessor-version":[{"id":1376,"href":"https:\/\/blog.ube.fr\/list-maps\/wp-json\/wp\/v2\/pages\/48\/revisions\/1376"}],"up":[{"embeddable":true,"href":"https:\/\/blog.ube.fr\/list-maps\/wp-json\/wp\/v2\/pages\/13"}],"wp:attachment":[{"href":"https:\/\/blog.ube.fr\/list-maps\/wp-json\/wp\/v2\/media?parent=48"}],"curies":[{"name":"wp","href":"https:\/\/api.w.org\/{rel}","templated":true}]}}