{"id":80,"date":"2015-10-21T11:23:14","date_gmt":"2015-10-21T10:23:14","guid":{"rendered":"http:\/\/blog.u-bourgogne.fr\/list-maps\/?page_id=80"},"modified":"2018-08-30T12:13:20","modified_gmt":"2018-08-30T11:13:20","slug":"passes","status":"publish","type":"page","link":"https:\/\/blog.ube.fr\/list-maps-fr\/evenements\/passes\/","title":{"rendered":"\u00c9v\u00e9nements pass\u00e9s"},"content":{"rendered":"<h2 style=\"font-family: streetvertising: #483d8b\"><strong style=\"color: #483d8b;font-family: streetvertising\">2017<\/strong><\/h2>\n<h6 style=\"color: #5b4eb1;font-family: arial;padding-left: 30px\">11-12 Octobre<\/h6>\n<p style=\"color: #000000;font-family: calibri;padding-left: 30px\">R\u00e9union annuelle de la 2e ann\u00e9e (Copenhague, Danemark):\u00a0<a style=\"color: #483d8b;text-decoration: none\" href=\"http:\/\/blog.ube.fr\/list-maps-fr\/2017\/10\/14\/workshop-reunion-annuelle-2017\/\">consultez l&#8217;article<\/a><\/p>\n<p style=\"color: #000000;font-family: calibri;padding-left: 30px\"><em style=\"color: #000000\">Partenaire organisateur:<\/em> <a style=\"color: #483d8b;text-decoration: none\" href=\"http:\/\/blog.ube.fr\/list-maps\/consortium\/beneficiaries\/university-of-copenhagen\/\">Universit\u00e9 de Copenhague<\/a><\/p>\n<h6 style=\"color: #5b4eb1;font-family: arial;padding-left: 30px\">9-11 Octobre<\/h6>\n<p style=\"color: #000000;font-family: calibri;padding-left: 30px\">Workshop 2 (Copenhague, Danemark): <a style=\"color: #483d8b;text-decoration: none\" href=\"http:\/\/blog.ube.fr\/list-maps-fr\/2017\/10\/14\/workshop-reunion-annuelle-2017\/\">consultez l&#8217;article<\/a><\/p>\n<p style=\"color: #000000;font-family: calibri;padding-left: 30px\"><em style=\"color: #000000\">Partenaire organisateur:<\/em> <a style=\"color: #483d8b;text-decoration: none\" href=\"http:\/\/blog.ube.fr\/list-maps\/consortium\/beneficiaries\/university-of-copenhagen\/\">Universit\u00e9 de Copenhague<\/a><\/p>\n<h6 style=\"color: #5b4eb1;font-family: arial;padding-left: 30px\">29 Septembre<\/h6>\n<p style=\"color: #000000;font-family: calibri;padding-left: 30px\">Nuit europ\u00e9enne des chercheurs (Paris, France): <a style=\"color: #483d8b;text-decoration: none\" href=\"http:\/\/blog.ube.fr\/list-maps-fr\/2017\/09\/30\/nuit-europeenne-des-chercheurs-2017\/\">consultez l&#8217;article<\/a><\/p>\n<h6 style=\"color: #5b4eb1;font-family: arial;padding-left: 30px\">9-13 Juillet<\/h6>\n<p style=\"color: #000000;font-family: calibri;padding-left: 30px\">Congr\u00e8s international FEMS (Valencia, Spain): <a style=\"color: #483d8b;text-decoration: none\" href=\"http:\/\/blog.ube.fr\/list-maps-fr\/2017\/07\/15\/fems-congress-9-13-july-2017\/\">consultez l&#8217;article<\/a><\/p>\n<h6 style=\"color: #5b4eb1;font-family: arial;padding-left: 30px\">3-7 Juillet<\/h6>\n<p style=\"color: #000000;font-family: calibri;padding-left: 30px\">2e \u00c9cole d&#8217;\u00e9t\u00e9 (Clermont-Ferrand, France): <a style=\"color: #483d8b;text-decoration: none\" href=\"http:\/\/blog.ube.fr\/list-maps-fr\/2017\/07\/08\/ecole-ete-2017\/\">consultez l&#8217;article<\/a><\/p>\n<p style=\"color: #000000;font-family: calibri;padding-left: 30px\"><em style=\"color: #000000\">Partenaire organisateur:<\/em> <a style=\"color: #483d8b;text-decoration: none\" href=\"http:\/\/blog.ube.fr\/list-maps\/consortium\/beneficiaries\/inra\/\">INRA unit\u00e9 MEDIS<\/a><\/p>\n<h6 style=\"color: #5b4eb1;font-family: arial;padding-left: 30px\">22-23 F\u00e9vrier<\/h6>\n<p style=\"color: #000000;font-family: calibri;padding-left: 30px\">R\u00e9union \u00e0 mi-parcours (Bruxelles, Belgique): <a style=\"color: #483d8b;text-decoration: none\" href=\"http:\/\/blog.ube.fr\/list-maps-fr\/2017\/02\/24\/reunion-mi-parcours-projet\/\">consultez l&#8217;article<\/a><\/p>\n<p style=\"color: #000000;font-family: calibri;padding-left: 30px\"><em style=\"color: #000000\">Partenaire organisateur:<\/em> <a style=\"color: #483d8b;text-decoration: none\" href=\"http:\/\/blog.ube.fr\/list-maps\/consortium\/beneficiaries\/university-of-burgundy\/\">Universit\u00e9 de Bourgogne<\/a><\/p>\n<h2 style=\"font-family: streetvertising: #483d8b\"><strong style=\"color: #483d8b;font-family: streetvertising\">2016<\/strong><\/h2>\n<h4 style=\"color: #5b4eb1;font-family: arial;padding-left: 30px\">13-14 octobre<\/h4>\n<p style=\"color: #000000;font-family: calibri;padding-left: 30px\">R\u00e9union annuelle (Ivry-sur-Seine, France): <a style=\"color: #483d8b;text-decoration: none\" href=\"http:\/\/blog.ube.fr\/list-maps-fr\/2016\/12\/14\/workshop-and-annual-meeting-10-14-october-2016\/\">voir l&#8217;article<\/a><\/p>\n<p style=\"color: #000000;font-family: calibri;padding-left: 30px\"><em style=\"color: #000000\">Partenaire organisateur:<\/em> <a style=\"color: #483d8b;text-decoration: none\" href=\"http:\/\/blog.ube.fr\/list-maps-fr\/partenaires\/beneficiaires\/inrafr\/\">INRA<\/a> et <a style=\"color: #483d8b;text-decoration: none\" href=\"http:\/\/blog.ube.fr\/list-maps-fr\/partenaires\/beneficiaires\/universite-de-bourgogne\/\">UB<\/a><\/p>\n<h4 style=\"color: #5b4eb1;font-family: arial;padding-left: 30px\">10-12 octobre<\/h4>\n<p style=\"color: #000000;font-family: calibri;padding-left: 30px\">1er atelier de formation scientifique &#8220;Introduction \u00e0 l&#8217;analyse statistique de l&#8217;expression des donn\u00e9es avec R&#8221; (Jouy-en-Josas, France): <a style=\"color: #483d8b;text-decoration: none\" href=\"http:\/\/blog.ube.fr\/list-maps-fr\/2016\/12\/14\/workshop-and-annual-meeting-10-14-october-2016\/\">Voir l&#8217;article<\/a><\/p>\n<p style=\"color: #000000;font-family: calibri;padding-left: 30px\"><em style=\"color: #000000\">Partenaire organisateur:<\/em> <a style=\"color: #483d8b;text-decoration: none\" href=\"http:\/\/blog.ube.fr\/list-maps-fr\/partenaires\/beneficiaires\/inrafr\/\">INRA<\/a><\/p>\n<h4 style=\"color: #5b4eb1;font-family: arial;padding-left: 30px\">30 Septembre<\/h4>\n<p style=\"color: #000000;font-family: calibri;padding-left: 30px\">Nuit europ\u00e9enne des chercheurs (Dijon et Paris, France): <a style=\"color: #483d8b;text-decoration: none\" href=\"http:\/\/blog.ube.fr\/list-maps-fr\/2016\/12\/14\/researchers-night-30-september-2016\/\">voir l&#8217;article<\/a><\/p>\n<p style=\"color: #000000;font-family: calibri;padding-left: 30px\">Site internet de la Nuit des chercheurs en France: <a style=\"color: #483d8b;text-decoration: none\" href=\"http:\/\/nuitdeschercheurs-france.eu\/\">http:\/\/nuitdeschercheurs-france.eu\/<\/a><\/p>\n<h4 style=\"color: #5b4eb1;font-family: arial;padding-left: 30px\">4-6 Juillet<\/h4>\n<p style=\"color: #000000;font-family: calibri;padding-left: 30px\">1\u00e8re \u00c9cole d&#8217;\u00e9t\u00e9 &#8220;Making sense of transcriptomic data&#8221; (Francfort, Allemagne): <a style=\"color: #483d8b;text-decoration: none\" href=\"http:\/\/blog.ube.fr\/list-maps-fr\/2016\/08\/30\/ecole-dete-a-francfort-4-6-juillet-2016\/\">http:\/\/blog.ube.fr\/list-maps-fr\/2016\/08\/30\/ecole-dete-a-francfort-4-6-juillet-2016\/<\/a><\/p>\n<p style=\"color: #000000;font-family: calibri;padding-left: 30px\"><em style=\"color: #000000\">Partenaire organisateur:<\/em> <a style=\"color: #483d8b;text-decoration: none\" href=\"http:\/\/blog.ube.fr\/list-maps-fr\/partenaires\/beneficiaires\/genxprofr\">GenXPro<\/a><\/p>\n<h4 style=\"color: #5b4eb1;font-family: arial;padding-left: 30px\">14-17 Juin<\/h4>\n<p style=\"color: #000000;font-family: calibri;padding-left: 30px\">Conf\u00e9rence internationale ISOPOL XIX (Paris, France): <a style=\"color: #483d8b;text-decoration: none\" href=\"http:\/\/www.isopol2016.org\/\">http:\/\/www.isopol2016.org\/<\/a><br \/>\n<a style=\"color: #483d8b;text-decoration: none\" href=\"http:\/\/blog.ube.fr\/list-maps\/wp-content\/uploads\/sites\/34\/2015\/10\/newsletter-ISOPOL-12072016.pdf\">Newsletter sp\u00e9ciale<\/a><\/p>\n<h2 style=\"font-family: streetvertising: #483d8b\"><strong style=\"color: #483d8b;font-family: streetvertising\">2015<\/strong><\/h2>\n<h4 style=\"color: #5b4eb1;font-family: arial;padding-left: 30px\">14-15 Octobre<\/h4>\n<p style=\"color: #000000;font-family: calibri;padding-left: 30px\">1er atelier de communication vers un public non-sp\u00e9cialiste: <a style=\"color: #483d8b;text-decoration: none\" href=\"http:\/\/blog.ube.fr\/list-maps-fr\/communication\/grand-public\/atelier-vulgarisation\/\">http:\/\/blog.ube.fr\/list-maps\/?p=372<\/a><\/p>\n<h4 style=\"color: #5b4eb1;font-family: arial;padding-left: 30px\">13-14 Octobre<\/h4>\n<p style=\"color: #000000;font-family: calibri;padding-left: 30px\">R\u00e9union de lancement du projet: <a style=\"color: #483d8b;text-decoration: none\" href=\"http:\/\/blog.ube.fr\/list-maps-fr\/2015\/10\/27\/reunion-de-lancement\/\">http:\/\/blog.ube.fr\/list-maps\/?p=361<\/a><\/p>\n<p>&nbsp;<\/p>\n<p>&nbsp;<\/p>\n<p class=\"titre2\" style=\"font-family: calibri;color: #000000;font-size: 12px;text-align: center\"><a href=\"http:\/\/blog.ube.fr\/list-maps\/wp-content\/uploads\/sites\/34\/2015\/10\/eulogo.jpg\"><img loading=\"lazy\" decoding=\"async\" class=\"alignnone wp-image-557 \" src=\"http:\/\/blog.ube.fr\/list-maps\/wp-content\/uploads\/sites\/34\/2015\/10\/eulogo.jpg\" alt=\"eulogo\" width=\"79\" height=\"46\" srcset=\"https:\/\/blog.ube.fr\/list-maps-fr\/wp-content\/uploads\/sites\/56\/2015\/10\/eulogo.jpg 600w, https:\/\/blog.ube.fr\/list-maps-fr\/wp-content\/uploads\/sites\/56\/2015\/10\/eulogo-300x175.jpg 300w\" sizes=\"auto, (max-width: 79px) 100vw, 79px\" \/><\/a>Ce projet est financ\u00e9 par les actions Marie-Sklodowska Curie du programme de recherche et d\u2019innovation de l\u2019Union europ\u00e9enne Horizon 2020 selon l\u2019accord de subvention n\u00b0641984<\/p>\n","protected":false},"excerpt":{"rendered":"<p>2017 11-12 Octobre R\u00e9union annuelle de la 2e ann\u00e9e (Copenhague, Danemark):\u00a0consultez l&#8217;article Partenaire organisateur: Universit\u00e9 de Copenhague 9-11 Octobre Workshop 2 (Copenhague, Danemark): consultez l&#8217;article Partenaire organisateur: Universit\u00e9 de Copenhague 29 Septembre Nuit europ\u00e9enne des chercheurs (Paris, France): consultez l&#8217;article 9-13 Juillet Congr\u00e8s international FEMS (Valencia, Spain): consultez l&#8217;article 3-7 Juillet 2e \u00c9cole d&#8217;\u00e9t\u00e9 (Clermont-Ferrand,&hellip;<\/p>\n<p class=\"more-link-p\"><a class=\"btn btn-primary\" href=\"https:\/\/blog.ube.fr\/list-maps-fr\/evenements\/passes\/\">Voir plus &rarr;<\/a><\/p>\n","protected":false},"author":99,"featured_media":0,"parent":22,"menu_order":1,"comment_status":"closed","ping_status":"closed","template":"","meta":{"footnotes":""},"class_list":["post-80","page","type-page","status-publish","hentry"],"_links":{"self":[{"href":"https:\/\/blog.ube.fr\/list-maps-fr\/wp-json\/wp\/v2\/pages\/80","targetHints":{"allow":["GET"]}}],"collection":[{"href":"https:\/\/blog.ube.fr\/list-maps-fr\/wp-json\/wp\/v2\/pages"}],"about":[{"href":"https:\/\/blog.ube.fr\/list-maps-fr\/wp-json\/wp\/v2\/types\/page"}],"author":[{"embeddable":true,"href":"https:\/\/blog.ube.fr\/list-maps-fr\/wp-json\/wp\/v2\/users\/99"}],"replies":[{"embeddable":true,"href":"https:\/\/blog.ube.fr\/list-maps-fr\/wp-json\/wp\/v2\/comments?post=80"}],"version-history":[{"count":19,"href":"https:\/\/blog.ube.fr\/list-maps-fr\/wp-json\/wp\/v2\/pages\/80\/revisions"}],"predecessor-version":[{"id":1714,"href":"https:\/\/blog.ube.fr\/list-maps-fr\/wp-json\/wp\/v2\/pages\/80\/revisions\/1714"}],"up":[{"embeddable":true,"href":"https:\/\/blog.ube.fr\/list-maps-fr\/wp-json\/wp\/v2\/pages\/22"}],"wp:attachment":[{"href":"https:\/\/blog.ube.fr\/list-maps-fr\/wp-json\/wp\/v2\/media?parent=80"}],"curies":[{"name":"wp","href":"https:\/\/api.w.org\/{rel}","templated":true}]}}