{"id":330,"date":"2015-10-27T10:53:40","date_gmt":"2015-10-27T09:53:40","guid":{"rendered":"http:\/\/blog.u-bourgogne.fr\/list-maps\/?page_id=330"},"modified":"2018-03-05T14:58:54","modified_gmt":"2018-03-05T13:58:54","slug":"grand-public","status":"publish","type":"page","link":"https:\/\/blog.ube.fr\/list-maps-fr\/disseminationfr\/grand-public\/","title":{"rendered":"Grand public"},"content":{"rendered":"<p>&nbsp;<\/p>\n<h2 class=\"titre2\" style=\"font-family: calibri;text-align: justify;color: #483d8b;padding-left: 50px;padding-right: 50px\">Les activit\u00e9s de vulgarisation vers le grand public font pleinement partie du programme de formation et de recherche List_MAPS. Le r\u00e9seau organise et participe \u00e0 diff\u00e9rents \u00e9v\u00e9nements pour communiquer sur le projet \u00e0 un public non-sp\u00e9cialiste. Vous trouverez ici la liste de ces diff\u00e9rentes activit\u00e9s:<\/h2>\n<p>&nbsp;<\/p>\n<h2 style=\"font-family: streetvertising: #483d8b\"><strong style=\"color: #483d8b;font-family: streetvertising\">2017<\/strong><\/h2>\n<p style=\"font-family: calibri;color: #000000\"><span style=\"font-size: 16px\"><em style=\"color: #483d8b\"><strong style=\"color: #483d8b;font-family: arial;font-size: 16px\">7 October: <\/strong><\/em><\/span><em style=\"color: #000000\">Native Scientist workshop, Cork (Ireland)<\/em>, ESR2 <a style=\"text-decoration: none;font-family: calibri;color: #483d8b\" href=\"http:\/\/blog.ube.fr\/list-maps-fr\/2017\/10\/08\/native-scientist-en-irlande\/\"> (Consultez l&#8217;article)<\/a><\/p>\n<p style=\"font-family: calibri;color: #000000\"><span style=\"font-size: 16px\"><em style=\"color: #483d8b\"><strong style=\"color: #483d8b;font-family: arial;font-size: 16px\">13-25 January: <\/strong><\/em><\/span><em style=\"color: #000000\">FAMELAB workshop and competition, UCC, Cork (Ireland)<\/em>, ESR2<\/p>\n<h2 style=\"font-family: streetvertising: #483d8b\"><strong style=\"color: #483d8b;font-family: streetvertising\">2016<\/strong><\/h2>\n<p style=\"font-family: calibri;color: #000000\"><strong style=\"color: #483d8b;font-family: arial;font-size: 16px\"><em style=\"color: #483d8b\">30 September:<\/em> <\/strong><em style=\"color: #000000\">Researchers&#8217; Night, Dijon and Paris (France),<\/em> ESR1, ESR5, ESR8, ESR9 and ESR11 <a style=\"text-decoration: none;font-family: calibri;color: #483d8b\" href=\"http:\/\/blog.ube.fr\/list-maps-fr\/2016\/12\/14\/researchers-night-30-september-2016\/\"> (Consultez l&#8217;article)<\/a><\/p>\n<p style=\"font-family: calibri;color: #000000\"><strong style=\"color: #483d8b;font-family: arial;font-size: 16px\"><em style=\"color: #483d8b\">14 March:<\/em> <\/strong><em style=\"color: #000000\">Journ\u00e9e des doctorants, UB, Dijon (France)<\/em>, ESR1 and ESR8<\/p>\n<p style=\"font-family: calibri;color: #000000\"><strong style=\"color: #483d8b;font-family: arial;font-size: 16px\"><em style=\"color: #483d8b\">16 March-5 April: <\/em><\/strong><em style=\"color: #000000\">Science for all, UCC, Cork (Ireland)<\/em>, ESR2<\/p>\n<p style=\"font-family: calibri;color: #000000\"><em style=\"color: #483d8b\"><strong style=\"color: #483d8b;font-family: arial;font-size: 16px\">24 May: <\/strong><\/em><em style=\"color: #000000\">Postgraduate Research Showcase, UCC, Cork (Ireland),<\/em> ESR2<\/p>\n<p style=\"font-family: calibri;color: #000000\"><em style=\"color: #483d8b\"><strong style=\"color: #483d8b;font-family: arial;font-size: 16px\">2-3 June: <\/strong><\/em><em style=\"color: #000000\">Journ\u00e9e de l&#8217;Ecole Doctorale, BFC, Clermont-Ferrand (France),<\/em> ESR11<\/p>\n<p>&nbsp;<\/p>\n<h2 style=\"font-family: streetvertising: #483d8b\"><strong style=\"color: #483d8b;font-family: streetvertising\">2015<\/strong><\/h2>\n<p style=\"font-family: calibri;color: #000000\"><em style=\"color: #483d8b\"><strong style=\"color: #483d8b;font-family: arial;font-size: 16px\">14 October: <\/strong><\/em><em style=\"color: #000000\">1st Workshop on outreach activity, Dijon (France)<\/em> all the ESRs <a style=\"text-decoration: none;font-family: calibri;color: #483d8b\" href=\"http:\/\/blog.ube.fr\/list-maps-fr\/2016\/08\/30\/1er-atelier-de-vulgarisation\/\">(Consultez l&#8217;article)<\/a><\/p>\n<p style=\"font-family: calibri;color: #000000\"><em style=\"color: #483d8b\"><strong style=\"color: #483d8b;font-family: arial;font-size: 16px\">2015-2017: <\/strong><\/em><em style=\"color: #000000\">Knowledge dissemination activities, SDU, Odense (Denmark)<\/em>, ESR7<\/p>\n<p style=\"font-family: calibri;color: #000000\"><em style=\"color: #483d8b\"><strong style=\"color: #483d8b;font-family: arial;font-size: 16px\">September 2015-2017: <\/strong><\/em><em style=\"color: #000000\">Postgraduate seminar series, NUIG, Galway (Ireland)<\/em>, ESR4<\/p>\n<p>&nbsp;<\/p>\n<p class=\"titre2\" style=\"font-family: calibri;color: #000000;font-size: 12px;text-align: center\"><a href=\"http:\/\/blog.ube.fr\/list-maps\/wp-content\/uploads\/sites\/34\/2015\/10\/eulogo.jpg\"><img loading=\"lazy\" decoding=\"async\" class=\"alignnone wp-image-557 \" src=\"http:\/\/blog.ube.fr\/list-maps\/wp-content\/uploads\/sites\/34\/2015\/10\/eulogo.jpg\" alt=\"eulogo\" width=\"79\" height=\"46\" srcset=\"https:\/\/blog.ube.fr\/list-maps-fr\/wp-content\/uploads\/sites\/56\/2015\/10\/eulogo.jpg 600w, https:\/\/blog.ube.fr\/list-maps-fr\/wp-content\/uploads\/sites\/56\/2015\/10\/eulogo-300x175.jpg 300w\" sizes=\"auto, (max-width: 79px) 100vw, 79px\" \/><\/a>Ce projet est financ\u00e9 par les actions Marie-Sklodowska Curie du programme de recherche et d\u2019innovation de l\u2019Union europ\u00e9enne Horizon 2020 selon l\u2019accord de subvention n\u00b0641984<\/p>\n","protected":false},"excerpt":{"rendered":"<p>&nbsp; Les activit\u00e9s de vulgarisation vers le grand public font pleinement partie du programme de formation et de recherche List_MAPS. Le r\u00e9seau organise et participe \u00e0 diff\u00e9rents \u00e9v\u00e9nements pour communiquer sur le projet \u00e0 un public non-sp\u00e9cialiste. Vous trouverez ici la liste de ces diff\u00e9rentes activit\u00e9s: &nbsp; 2017 7 October: Native Scientist workshop, Cork (Ireland),&hellip;<\/p>\n<p class=\"more-link-p\"><a class=\"btn btn-primary\" href=\"https:\/\/blog.ube.fr\/list-maps-fr\/disseminationfr\/grand-public\/\">Voir plus &rarr;<\/a><\/p>\n","protected":false},"author":99,"featured_media":0,"parent":20,"menu_order":1,"comment_status":"closed","ping_status":"closed","template":"","meta":{"footnotes":""},"class_list":["post-330","page","type-page","status-publish","hentry"],"_links":{"self":[{"href":"https:\/\/blog.ube.fr\/list-maps-fr\/wp-json\/wp\/v2\/pages\/330","targetHints":{"allow":["GET"]}}],"collection":[{"href":"https:\/\/blog.ube.fr\/list-maps-fr\/wp-json\/wp\/v2\/pages"}],"about":[{"href":"https:\/\/blog.ube.fr\/list-maps-fr\/wp-json\/wp\/v2\/types\/page"}],"author":[{"embeddable":true,"href":"https:\/\/blog.ube.fr\/list-maps-fr\/wp-json\/wp\/v2\/users\/99"}],"replies":[{"embeddable":true,"href":"https:\/\/blog.ube.fr\/list-maps-fr\/wp-json\/wp\/v2\/comments?post=330"}],"version-history":[{"count":17,"href":"https:\/\/blog.ube.fr\/list-maps-fr\/wp-json\/wp\/v2\/pages\/330\/revisions"}],"predecessor-version":[{"id":1737,"href":"https:\/\/blog.ube.fr\/list-maps-fr\/wp-json\/wp\/v2\/pages\/330\/revisions\/1737"}],"up":[{"embeddable":true,"href":"https:\/\/blog.ube.fr\/list-maps-fr\/wp-json\/wp\/v2\/pages\/20"}],"wp:attachment":[{"href":"https:\/\/blog.ube.fr\/list-maps-fr\/wp-json\/wp\/v2\/media?parent=330"}],"curies":[{"name":"wp","href":"https:\/\/api.w.org\/{rel}","templated":true}]}}