{"id":328,"date":"2015-10-27T10:52:50","date_gmt":"2015-10-27T09:52:50","guid":{"rendered":"http:\/\/blog.u-bourgogne.fr\/list-maps\/?page_id=328"},"modified":"2016-06-03T10:27:36","modified_gmt":"2016-06-03T09:27:36","slug":"managementfr","status":"publish","type":"page","link":"https:\/\/blog.ube.fr\/list-maps-fr\/le-projet\/managementfr\/","title":{"rendered":"Management"},"content":{"rendered":"<p>&nbsp;<\/p>\n<p class=\"titre2\" style=\"font-family: calibri;text-align: center;color: #000000;font-size: 16px;padding-left: 100px;padding-right: 100px\">List_MAPS est un r\u00e9seau europ\u00e9en de formation (ETN) financ\u00e9 par le programme de Recherche et d\u2019Innovation Horizon 2020, sous les actions Marie-Sklodowska Curie.<\/p>\n<p>&nbsp;<\/p>\n<div id=\"attachment_546\" style=\"width: 328px\" class=\"wp-caption aligncenter\"><a href=\"http:\/\/blog.ube.fr\/list-maps\/wp-content\/uploads\/sites\/34\/2015\/10\/sch\u00e9ma-programme-H2020.png\" rel=\"attachment wp-att-546\"><img loading=\"lazy\" decoding=\"async\" aria-describedby=\"caption-attachment-546\" class=\"wp-image-546\" src=\"http:\/\/blog.ube.fr\/list-maps\/wp-content\/uploads\/sites\/34\/2015\/10\/sch\u00e9ma-programme-H2020.png\" alt=\"management \" width=\"318\" height=\"242\" srcset=\"https:\/\/blog.ube.fr\/list-maps-fr\/wp-content\/uploads\/sites\/56\/2015\/10\/sch\u00e9ma-programme-H2020.png 474w, https:\/\/blog.ube.fr\/list-maps-fr\/wp-content\/uploads\/sites\/56\/2015\/10\/sch\u00e9ma-programme-H2020-290x220.png 290w, https:\/\/blog.ube.fr\/list-maps-fr\/wp-content\/uploads\/sites\/56\/2015\/10\/sch\u00e9ma-programme-H2020-300x228.png 300w\" sizes=\"auto, (max-width: 318px) 100vw, 318px\" \/><\/a><p id=\"caption-attachment-546\" class=\"wp-caption-text\">Sch\u00e9ma synth\u00e9tique du programme Horizon 2020<\/p><\/div>\n<p>&nbsp;<\/p>\n<p class=\"titre2\" style=\"font-family: arial;text-align: center;color: #483d8b;font-size: 16px;padding-left: 100px;padding-right: 100px\">Diff\u00e9rentes structures assurent la gestion du projet:<\/p>\n<ul style=\"padding-left: 100px;padding-right: 100px;color: #000000\">\n<li style=\"color: #000000\">\n<p style=\"font-family: calibri;color: #000000;font-size: 16px;text-align: justify\"><strong style=\"color: #000000\">Le coordinateur:<\/strong> L\u2019universit\u00e9 de Bourgogne est l\u2019institution coordinatrice du projet et est repr\u00e9sent\u00e9e par le professeur Pascal PIVETEAU. Le r\u00f4le du coordinateur est de contr\u00f4ler la mise en oeuvre de l\u2019ensemble du projet (la coordination scientifique et le programme de formation) tout en supervisant la gestion administrative et financi\u00e8re.<\/p>\n<\/li>\n<li style=\"color: #000000\">\n<p style=\"font-family: calibri;color: #000000;font-size: 16px;text-align: justify\"><strong style=\"color: #000000\">Le manager de projet:<\/strong> Le manager de projet aide le coordinateur dans le suivi g\u00e9n\u00e9ral du projet. Il est responsable de la gestion administrative et financi\u00e8re, ainsi que de la communication interne et externe du projet. Le manager de projet aide le coordinateur dans le suivi g\u00e9n\u00e9ral du projet. Il est responsable de la gestion administrative et financi\u00e8re, ainsi que de la communication interne et externe du projet.<\/p>\n<\/li>\n<li style=\"color: #000000\">\n<p style=\"font-family: calibri;color: #000000;font-size: 16px;text-align: justify\"><strong style=\"color: #000000\">Le comit\u00e9 de supervision:<\/strong> Cette structure est compos\u00e9e par un repr\u00e9sentant du coordinateur, de chaque partenaire b\u00e9n\u00e9ficiaire et associ\u00e9 et un repr\u00e9sentant des ESRs. Il \u00e9tablit les lignes directrices du r\u00e9seau, supervise les op\u00e9rations et l\u2019avanc\u00e9e du projet. Il r\u00e8gle les conflits et rassemble les id\u00e9es et les exp\u00e9riences de tous les partenaires dans la gestion du projet.<\/p>\n<\/li>\n<li style=\"color: #000000\">\n<p style=\"font-family: calibri;color: #000000;font-size: 16px;text-align: justify\"><strong style=\"color: #000000\">L\u2019Agence Ex\u00e9cutive de Recherche (REA)-Policy Officer: <\/strong>L\u2019Agence Ex\u00e9cutive de Recherche de la Commission europ\u00e9enne, repr\u00e9sent\u00e9e par le \u201cPolicy Officer\u201d, le responsable de programme, suit et g\u00e8re le projet au niveau europ\u00e9en.<\/p>\n<\/li>\n<\/ul>\n<p>&nbsp;<\/p>\n<p>&nbsp;<\/p>\n<h3 style=\"font-family: arial;color: #483d8b;padding-right: 100px;padding-left: 100px;font-size: 16px;text-align: center\"><strong style=\"color: #483d8b\">Quelques d\u00e9finitions:<\/strong><\/h3>\n<p style=\"font-family: calibri;color: #000000;font-size: 16px;padding-left: 100px;padding-right: 100px;text-align: justify\"><strong style=\"color: #000000\">Horizon 2020:<\/strong> Horizon 2020 est le programme de Recherche et d\u2019Innovation europ\u00e9en pour 2014-2020. Il est divis\u00e9 en trois piliers : l\u2019Excellence scientifique, la primaut\u00e9 industrielle et les d\u00e9fis soci\u00e9taux.<\/p>\n<p style=\"font-family: calibri;color: #000000;font-size: 16px;padding-left: 100px;padding-right: 100px;text-align: justify\"><strong style=\"color: #000000\">Les actions Marie-Sklodowska Curie (MSCA)- R\u00e9seau de Formation innovant (ITN): <\/strong> Les actions Marie-Sklodowska Curie sont un sous-programme de Horizon 2020 dont l\u2019objectif est de former la future g\u00e9n\u00e9ration de chercheurs cr\u00e9atifs, entreprenants et innovants, capable de faire face aux d\u00e9fis actuels et \u00e0 venir, et qui parviennent \u00e0 convertir la connaissance et les id\u00e9es en produits et services qui engendrent des b\u00e9n\u00e9fices sociaux-\u00e9conomiques.<\/p>\n<p><a style=\"font-family: calibri;font-size: 16px;text-decoration: none;color: #483d8b;padding-left: 100px;padding-right: 100px\" href=\"https:\/\/ec.europa.eu\/programmes\/horizon2020\/en\/h2020-section\/marie-sklodowska-curie-actions\">Plus de d\u00e9tails sur les actions Marie-Curie ici<\/a><\/p>\n<p style=\"font-family: calibri;color: #000000;font-size: 16px;padding-left: 100px;padding-right: 100px;text-align: justify\"><strong style=\"color: #000000\">Partenaires b\u00e9n\u00e9ficiaires: <\/strong>Ce sont des \u00e9tablissements qui sont partenaires \u00e0 part enti\u00e8re au projet. Ils contribuent directement \u00e0 la mise en \u0153uvre du programme de recherche et de formation, en recrutant et en formant les jeunes chercheurs.<\/p>\n<p style=\"font-family: calibri;color: #000000;font-size: 16px;padding-left: 100px;padding-right: 100px;text-align: justify\"><strong style=\"color: #000000\">Partenaires associ\u00e9s: <\/strong>Ce sont des partenaires qui ne recrutent pas de jeunes chercheurs. Leur r\u00f4le dans le projet est d\u2019offrir une formation compl\u00e9mentaire et d\u2019accueillir les ESRs pendant les \u00ab secondments \u00bb.<\/p>\n<p style=\"font-family: calibri;color: #000000;font-size: 16px;padding-left: 100px;padding-right: 100px;text-align: justify\"><strong style=\"color: #000000\">Early-Stage Researchers (ESRs):<\/strong> Ce sont les jeunes chercheurs recrut\u00e9s par les partenaires b\u00e9n\u00e9ficiaires. Ils sont dans les quatre premi\u00e8res ann\u00e9es de leur carri\u00e8re de recherche et ne sont pas encore dipl\u00f4m\u00e9s d\u2019un doctorat.<\/p>\n<p style=\"font-family: calibri;color: #000000;font-size: 16px;padding-left: 100px;padding-right: 100px;text-align: justify\"><strong style=\"color: #000000\">Secondment:<\/strong> C\u2019est une p\u00e9riode de d\u00e9tachement effectu\u00e9e par un ESR dans les locaux d\u2019un partenaire autre que celui qui l\u2019a embauch\u00e9.<\/p>\n<p>&nbsp;<\/p>\n<p>&nbsp;<\/p>\n<p>&nbsp;<\/p>\n<p>&nbsp;<\/p>\n<p class=\"titre2\" style=\"font-family: calibri;color: #000000;font-size: 12px;text-align: center\"><a href=\"http:\/\/blog.ube.fr\/list-maps\/wp-content\/uploads\/sites\/34\/2015\/10\/eulogo.jpg\"><img loading=\"lazy\" decoding=\"async\" class=\"alignnone wp-image-557 \" src=\"http:\/\/blog.ube.fr\/list-maps\/wp-content\/uploads\/sites\/34\/2015\/10\/eulogo.jpg\" alt=\"eulogo\" width=\"79\" height=\"46\" srcset=\"https:\/\/blog.ube.fr\/list-maps-fr\/wp-content\/uploads\/sites\/56\/2015\/10\/eulogo.jpg 600w, https:\/\/blog.ube.fr\/list-maps-fr\/wp-content\/uploads\/sites\/56\/2015\/10\/eulogo-300x175.jpg 300w\" sizes=\"auto, (max-width: 79px) 100vw, 79px\" \/><\/a>Ce projet est financ\u00e9 par les actions Marie-Sklodowska Curie du programme de recherche et d\u2019innovation de l\u2019Union europ\u00e9enne Horizon 2020 selon l\u2019accord de subvention n\u00b0641984<\/p>\n","protected":false},"excerpt":{"rendered":"<p>&nbsp; List_MAPS est un r\u00e9seau europ\u00e9en de formation (ETN) financ\u00e9 par le programme de Recherche et d\u2019Innovation Horizon 2020, sous les actions Marie-Sklodowska Curie. &nbsp; &nbsp; Diff\u00e9rentes structures assurent la gestion du projet: Le coordinateur: L\u2019universit\u00e9 de Bourgogne est l\u2019institution coordinatrice du projet et est repr\u00e9sent\u00e9e par le professeur Pascal PIVETEAU. Le r\u00f4le du coordinateur&hellip;<\/p>\n<p class=\"more-link-p\"><a class=\"btn btn-primary\" href=\"https:\/\/blog.ube.fr\/list-maps-fr\/le-projet\/managementfr\/\">Voir plus &rarr;<\/a><\/p>\n","protected":false},"author":99,"featured_media":0,"parent":2,"menu_order":5,"comment_status":"closed","ping_status":"closed","template":"","meta":{"footnotes":""},"class_list":["post-328","page","type-page","status-publish","hentry"],"_links":{"self":[{"href":"https:\/\/blog.ube.fr\/list-maps-fr\/wp-json\/wp\/v2\/pages\/328","targetHints":{"allow":["GET"]}}],"collection":[{"href":"https:\/\/blog.ube.fr\/list-maps-fr\/wp-json\/wp\/v2\/pages"}],"about":[{"href":"https:\/\/blog.ube.fr\/list-maps-fr\/wp-json\/wp\/v2\/types\/page"}],"author":[{"embeddable":true,"href":"https:\/\/blog.ube.fr\/list-maps-fr\/wp-json\/wp\/v2\/users\/99"}],"replies":[{"embeddable":true,"href":"https:\/\/blog.ube.fr\/list-maps-fr\/wp-json\/wp\/v2\/comments?post=328"}],"version-history":[{"count":17,"href":"https:\/\/blog.ube.fr\/list-maps-fr\/wp-json\/wp\/v2\/pages\/328\/revisions"}],"predecessor-version":[{"id":1529,"href":"https:\/\/blog.ube.fr\/list-maps-fr\/wp-json\/wp\/v2\/pages\/328\/revisions\/1529"}],"up":[{"embeddable":true,"href":"https:\/\/blog.ube.fr\/list-maps-fr\/wp-json\/wp\/v2\/pages\/2"}],"wp:attachment":[{"href":"https:\/\/blog.ube.fr\/list-maps-fr\/wp-json\/wp\/v2\/media?parent=328"}],"curies":[{"name":"wp","href":"https:\/\/api.w.org\/{rel}","templated":true}]}}