{"id":326,"date":"2015-10-27T10:52:12","date_gmt":"2015-10-27T09:52:12","guid":{"rendered":"http:\/\/blog.u-bourgogne.fr\/list-maps\/?page_id=326"},"modified":"2018-07-12T07:03:53","modified_gmt":"2018-07-12T06:03:53","slug":"overview","status":"publish","type":"page","link":"https:\/\/blog.ube.fr\/list-maps-fr\/le-projet\/overview\/","title":{"rendered":"Pr\u00e9sentation"},"content":{"rendered":"<h1 class=\"titre2\" style=\"text-align: center;font-family: streetvertising;color: #483d8b;font-size: 18px\"><strong style=\"color: #483d8b\">List_MAPS PROJECT (2015-2019)<br \/>\n<\/strong><\/h1>\n<h2 class=\"titre2\" style=\"text-align: center;font-family: calibri;color: #483d8b;font-size: 18px\"><strong style=\"color: #483d8b\">&#8220;Training and Research in <em style=\"color: #483d8b\">Listeria monocytogenes<\/em> adaptation through proteomic and transcriptome deep sequencing analysis&#8221;<\/strong><\/h2>\n<p>&nbsp;<\/p>\n<p style=\"font-family: calibri;text-align: justify;color: #000000;font-size: 16px;padding-left: 100px;padding-right: 100px\">\u00a0\u00a0\u00a0\u00a0\u00a0\u00a0\u00a0\u00a0\u00a0\u00a0\u00a0 List_MAPS est un projet europ\u00e9en financ\u00e9 par le programme de Recherche et d&#8217;Innovation de l&#8217;Union europ\u00e9enne, <strong style=\"color: #483d8b\">Horizon2020<\/strong>, sous les actions Marie-Sk\u0142odowska Curie (ITN-ETN). Coordonn\u00e9 par l&#8217;Universit\u00e9 de Bourgogne, le projet a commenc\u00e9 le 1er Mars 2015 et associe <strong style=\"color: #483d8b\">neuf partenaires b\u00e9n\u00e9ficiaires et deux partenaires associ\u00e9s<\/strong> venant de cinq pays europ\u00e9ens (Allemagne, Danemark, France, Irlande, Pays-Bas) qui appartiennent aux <strong style=\"color: #483d8b\">secteurs public et priv\u00e9.<\/strong><\/p>\n<p class=\"titre2\" style=\"font-family: calibri;text-align: justify;color: #483d8b;font-size: 16px;padding-left: 100px;padding-right: 100px\"><a style=\"text-decoration: none;color: #483d8b;font-family: calibri\" href=\"http:\/\/blog.ube.fr\/list-maps-fr\/partenaires\/\">Plus de d\u00e9tails ici<\/a><\/p>\n<p class=\"titre2\" style=\"font-family: calibri;text-align: justify;color: #000000;font-size: 16px;padding-left: 100px;padding-right: 100px\">L\u2019\u00e9tude de l\u2019\u00e9cologie de <strong><em style=\"color: #483d8b\">Listeria monocytogenes<\/em><\/strong>, une bact\u00e9rie pathog\u00e8ne redout\u00e9e dans le secteur agroalimentaire, est au c\u0153ur du programme scientifique. Son objectif collectif est de mod\u00e9liser les circuits de r\u00e9gulation qui sous-tendent les<strong style=\"color: #483d8b\"> ph\u00e9nom\u00e8nes d\u2019adaptation et de virulence de ce pathog\u00e8ne<\/strong>, de l\u2019environnement agricole jusqu\u2019\u00e0 l\u2019assiette du consommateur. Dans une perspective de s\u00e9curit\u00e9 sanitaire des aliments, ces donn\u00e9es seront exploit\u00e9es pour comprendre comment les conditions environnementales et la composition des aliments peuvent influencer la virulence de<em style=\"color: #000000\"> L. monocytogenes<\/em> et pour d\u00e9velopper de nouveaux syst\u00e8mes de d\u00e9tection et d\u2019analyse. Rassemblant des expertises compl\u00e9mentaires en microbiologie, prot\u00e9omique, transcriptomique, s\u00e9quen\u00e7age nouvelle g\u00e9n\u00e9ration, bio-informatique et math\u00e9matique, List_MAPS a pour objectifs:<\/p>\n<ul style=\"padding-left: 150px;padding-right: 100px;line-height: 30px\">\n<li style=\"list-style-type: none\">\n<ul>\n<li class=\"titre2\" style=\"font-family: calibri;text-align: justify;color: #000000;font-size: 16px;padding-right: 100px;line-height: 30px\">\u00a0Comprendre comment les conditions environnementales rencontr\u00e9es dans le sol, les v\u00e9g\u00e9taux, les biofilms et les matrices alimentaires influencent la capacit\u00e9 de <em style=\"color: #000000\">L. monocytogenes<\/em> \u00e0 provoquer une infection.<\/li>\n<li class=\"titre2\" style=\"font-family: calibri;text-align: justify;color: #000000;font-size: 16px;padding-right: 100px;line-height: 30px\">\u00a0Mod\u00e9liser les circuits de r\u00e9gulation de cet agent zoonotique et identifier les modules de g\u00e8nes qui lui permettent de d\u00e9velopper une r\u00e9ponse adapt\u00e9e aux modifications des conditions de son environnement et par extension \u00e0 son caract\u00e8re ubiquiste et sa capacit\u00e9 \u00e0 d\u00e9velopper le processus infectieux.<\/li>\n<li class=\"titre2\" style=\"font-family: calibri;text-align: justify;color: #000000;font-size: 16px;padding-right: 100px;line-height: 30px\">\u00c9valuer la variabilit\u00e9 du pouvoir infectieux et de la capacit\u00e9 \u00e0 former des biofilms en fonction des conditions environnementales.<\/li>\n<li class=\"titre2\" style=\"font-family: calibri;text-align: justify;color: #000000;font-size: 16px;padding-right: 100px;line-height: 30px\">D\u00e9velopper un syst\u00e8me innovant d\u2019\u00e9valuation de la virulence utile au criblage de banques de souches pour \u00e9viter l\u2019utilisation de mod\u00e8les animaux.<\/li>\n<\/ul>\n<\/li>\n<\/ul>\n<p class=\"titre2\" style=\"font-family: calibri;text-align: justify;color: #483d8b;font-size: 16px;padding-left: 100px;padding-right: 100px\"><a style=\"text-decoration: none;color: #483d8b;font-family: calibri\" href=\"http:\/\/blog.ube.fr\/list-maps-fr\/le-projet\/recherche\/\">Plus de d\u00e9tails ici<\/a><\/p>\n<p class=\"titre2\" style=\"font-family: calibri;text-align: justify;color: #000000;font-size: 16px;padding-left: 100px;padding-right: 100px\">Constitu\u00e9 de sept partenaires acad\u00e9miques et deux partenaires priv\u00e9s, List_MAPS d\u00e9veloppe un programme de <strong style=\"color: #483d8b\">formation interdisciplinaire d\u2019excellence pour 11 jeunes chercheurs internationaux<\/strong> dans les domaines de la Microbiologie et de la Biologie des Syst\u00e8mes. Le r\u00e9seau constitue un environnement de formation propice \u00e0 l\u2019\u00e9panouissement des comp\u00e9tences scientifiques des jeunes chercheurs (Transcriptomique, Prot\u00e9omique, s\u00e9quen\u00e7age haut d\u00e9bit, Bio-informatique, Biologie des Syst\u00e8mes). Recrut\u00e9s de 24 \u00e0 36 mois, les jeunes chercheurs d\u00e9veloppent leurs comp\u00e9tences gr\u00e2ce \u00e0 une formation doctorale innovante, des mobilit\u00e9s inter-laboratoires, et un programme d\u2019\u00e9coles de chercheurs, de s\u00e9minaires et de conf\u00e9rences.<\/p>\n<p class=\"titre2\" style=\"font-family: calibri;text-align: justify;color: #483d8b;font-size: 16px;padding-left: 100px;padding-right: 100px\"><a style=\"text-decoration: none;color: #483d8b;font-family: calibri\" href=\"http:\/\/blog.ube.fr\/list-maps-fr\/le-projet\/formation\/\">Plus de d\u00e9tails ici<\/a><\/p>\n<p>&nbsp;<\/p>\n<p class=\"titre2\" style=\"font-family: calibri;color: #000000;font-size: 12px;text-align: center\"><a href=\"http:\/\/blog.ube.fr\/list-maps\/wp-content\/uploads\/sites\/34\/2015\/10\/eulogo.jpg\"><img loading=\"lazy\" decoding=\"async\" class=\"alignnone wp-image-557 \" src=\"http:\/\/blog.ube.fr\/list-maps\/wp-content\/uploads\/sites\/34\/2015\/10\/eulogo.jpg\" alt=\"eulogo\" width=\"79\" height=\"46\" srcset=\"https:\/\/blog.ube.fr\/list-maps-fr\/wp-content\/uploads\/sites\/56\/2015\/10\/eulogo.jpg 600w, https:\/\/blog.ube.fr\/list-maps-fr\/wp-content\/uploads\/sites\/56\/2015\/10\/eulogo-300x175.jpg 300w\" sizes=\"auto, (max-width: 79px) 100vw, 79px\" \/><\/a>Ce projet est financ\u00e9 par les actions Marie-Sklodowska Curie du programme de recherche et d\u2019innovation de l\u2019Union europ\u00e9enne Horizon 2020 selon l\u2019accord de subvention n\u00b0641984<\/p>\n","protected":false},"excerpt":{"rendered":"<p>List_MAPS PROJECT (2015-2019) &#8220;Training and Research in Listeria monocytogenes adaptation through proteomic and transcriptome deep sequencing analysis&#8221; &nbsp; \u00a0\u00a0\u00a0\u00a0\u00a0\u00a0\u00a0\u00a0\u00a0\u00a0\u00a0 List_MAPS est un projet europ\u00e9en financ\u00e9 par le programme de Recherche et d&#8217;Innovation de l&#8217;Union europ\u00e9enne, Horizon2020, sous les actions Marie-Sk\u0142odowska Curie (ITN-ETN). Coordonn\u00e9 par l&#8217;Universit\u00e9 de Bourgogne, le projet a commenc\u00e9 le 1er Mars 2015&hellip;<\/p>\n<p class=\"more-link-p\"><a class=\"btn btn-primary\" href=\"https:\/\/blog.ube.fr\/list-maps-fr\/le-projet\/overview\/\">Voir plus &rarr;<\/a><\/p>\n","protected":false},"author":99,"featured_media":0,"parent":2,"menu_order":0,"comment_status":"closed","ping_status":"closed","template":"","meta":{"footnotes":""},"class_list":["post-326","page","type-page","status-publish","hentry"],"_links":{"self":[{"href":"https:\/\/blog.ube.fr\/list-maps-fr\/wp-json\/wp\/v2\/pages\/326","targetHints":{"allow":["GET"]}}],"collection":[{"href":"https:\/\/blog.ube.fr\/list-maps-fr\/wp-json\/wp\/v2\/pages"}],"about":[{"href":"https:\/\/blog.ube.fr\/list-maps-fr\/wp-json\/wp\/v2\/types\/page"}],"author":[{"embeddable":true,"href":"https:\/\/blog.ube.fr\/list-maps-fr\/wp-json\/wp\/v2\/users\/99"}],"replies":[{"embeddable":true,"href":"https:\/\/blog.ube.fr\/list-maps-fr\/wp-json\/wp\/v2\/comments?post=326"}],"version-history":[{"count":113,"href":"https:\/\/blog.ube.fr\/list-maps-fr\/wp-json\/wp\/v2\/pages\/326\/revisions"}],"predecessor-version":[{"id":1739,"href":"https:\/\/blog.ube.fr\/list-maps-fr\/wp-json\/wp\/v2\/pages\/326\/revisions\/1739"}],"up":[{"embeddable":true,"href":"https:\/\/blog.ube.fr\/list-maps-fr\/wp-json\/wp\/v2\/pages\/2"}],"wp:attachment":[{"href":"https:\/\/blog.ube.fr\/list-maps-fr\/wp-json\/wp\/v2\/media?parent=326"}],"curies":[{"name":"wp","href":"https:\/\/api.w.org\/{rel}","templated":true}]}}