{"id":32,"date":"2015-10-21T11:12:16","date_gmt":"2015-10-21T10:12:16","guid":{"rendered":"http:\/\/blog.u-bourgogne.fr\/list-maps\/?page_id=32"},"modified":"2018-09-26T10:15:15","modified_gmt":"2018-09-26T09:15:15","slug":"formation","status":"publish","type":"page","link":"https:\/\/blog.ube.fr\/list-maps-fr\/le-projet\/formation\/","title":{"rendered":"Formation"},"content":{"rendered":"<h2 class=\"titre2\" style=\"text-align: center;font-family: arial;color: #483d8b;font-size: 18px\"><strong style=\"color: #483d8b\"> PR\u00c9SENTATION DU PROGRAMME DE FORMATION<\/strong><\/h2>\n<p style=\"font-family: calibri;color: #000000;padding-left: 60px;padding-right: 60px;font-size: 16px;text-align: justify\">En tant que r\u00e9seau de formation innovant (ITN), List_MAPS offre aux jeunes chercheurs recrut\u00e9s (ESRs), une formation scientifique et interdisciplinaire de grande qualit\u00e9. Les jeunes chercheurs b\u00e9n\u00e9ficient de l\u2019expertise des laboratoires du r\u00e9seau et d\u00e9veloppent leurs comp\u00e9tences avec les activit\u00e9s organis\u00e9es par le projet (\u00c9coles d\u2019\u00e9t\u00e9, ateliers de travail, r\u00e9unions) et les \u00e9v\u00e9nements internationaux (conf\u00e9rences, colloques, s\u00e9minaires).<\/p>\n<h2 class=\"titre2\" style=\"font-family: calibri;font-size: 18px;text-align: justify;color: #483d8b;padding-left: 60px;padding-right: 60px\"><strong style=\"color: #483d8b\">MOBILIT\u00c9 DES CHERCHEURS-SECONDMENTS<br \/>\n<\/strong><\/h2>\n<p style=\"font-family: calibri;color: #000000;padding-left: 60px;padding-right: 60px;font-size: 16px;text-align: justify\">La formation de recherche est principalement dispens\u00e9e par le laboratoire qui a recrut\u00e9 le jeune chercheur et dans les laboratoires des autres partenaires gr\u00e2ce au \u00ab secondment \u00bb. Un \u00ab secondment \u00bb est une p\u00e9riode de d\u00e9tachement r\u00e9alis\u00e9e par un ESR dans les locaux d\u2019un partenaire autre que celui qui l\u2019a recrut\u00e9. Chaque ESR de List_MAPS part pendant un \u00e0 trois mois chez un autre partenaire pour effectuer une partie de son travail de recherche. Ces d\u00e9tachements sont une opportunit\u00e9 pour les chercheurs de b\u00e9n\u00e9ficier de nouveaux moyens de formation et de d\u00e9couvrir des environnements de travail diff\u00e9rents.<\/p>\n<h3 style=\"font-family: calibri;color: #000000;padding-left: 60px;padding-right: 60px;font-size: 16px;text-align: center\"><strong style=\"color: #000000\">D\u00e9couvrez les t\u00e9moignages des &#8220;secondments&#8221; :<\/strong><\/h3>\n<ul style=\"list-style-type: disc\">\n<li style=\"color: #000000;text-align: center\"><a style=\"color: #483d8b;font-family: calibri;font-size: 16px\" href=\"http:\/\/blog.ube.fr\/list-maps\/2016\/12\/14\/secondment-esr-2-vanessa\/\">7-27 July 2016, ESR 2 Vanessa to GenXPro<\/a><\/li>\n<li style=\"color: #000000;text-align: center\"><a style=\"color: #483d8b;font-family: calibri;font-size: 16px\" href=\"http:\/\/blog.ube.fr\/list-maps\/2017\/05\/05\/secondment-esr4-amber-dorey\/\"> 27 March to 5 May 2017, ESR4 Amber to WUR <\/a><\/li>\n<li style=\"color: #000000;text-align: center\"><a style=\"color: #483d8b;font-family: calibri;font-size: 16px\" href=\"http:\/\/blog.ube.fr\/list-maps\/2017\/05\/27\/secondment-esr8-catarina-marinho\/\">2 April to 27 May 2017, ESR8 Catarina to SDU<\/a><\/li>\n<li style=\"color: #000000;text-align: center\"><a style=\"color: #483d8b;font-family: calibri;font-size: 16px\" href=\"http:\/\/blog.ube.fr\/list-maps\/2017\/06\/30\/secondment-esr6-natalia\/\">1-31 May and 1-30 June 2017, ESR6 Natalia to NUIG and UCC<\/a><\/li>\n<li style=\"color: #000000;text-align: center\"><a style=\"color: #483d8b;font-family: calibri;font-size: 16px\" href=\"http:\/\/blog.ube.fr\/list-maps\/2017\/06\/27\/secondment-esr2-vanessa-las-heras\/\">12-27 June 2017, ESR 2 Vanessa to UB <\/a><\/li>\n<li style=\"color: #000000;text-align: center\"><a style=\"color: #483d8b;font-family: calibri;font-size: 16px\" href=\"http:\/\/blog.ube.fr\/list-maps\/2017\/07\/31\/secondment-esr11-bohyung-lee\/\">6 June to 31 July 2017, ESR11 Bohyung to UB <\/a><\/li>\n<li style=\"color: #000000;text-align: center\"><a style=\"color: #483d8b;font-family: calibri;font-size: 16px\" href=\"http:\/\/blog.ube.fr\/list-maps\/2017\/08\/26\/secondment-esr9-ibrahim-sultan\/\">31 July to 25 August 2017, ESR9 Ibrahim to GXP<\/a><\/li>\n<li style=\"color: #000000;text-align: center\"><a style=\"color: #483d8b;font-family: calibri;font-size: 16px\" href=\"http:\/\/blog.ube.fr\/list-maps\/2017\/09\/10\/secondment-esr7-patricia-santos\/\">31 July to 9 September 2017, ESR7 Patr\u00eccia to NUIG<\/a><\/li>\n<li style=\"color: #000000;text-align: center\"><a style=\"color: #483d8b;font-family: calibri;font-size: 16px\" href=\"http:\/\/blog.ube.fr\/list-maps\/2017\/12\/20\/secondment-esr5-tiago-santos\/\">21 November to 20 December 2017, ESR5 Tiago to UCPH<\/a><\/li>\n<li style=\"color: #000000;text-align: center\"><a style=\"color: #483d8b;font-family: calibri;font-size: 16px\" href=\"http:\/\/blog.ube.fr\/list-maps\/2018\/01\/27\/secondment-esr4-amber-dorey-2\/\">8 to 26 January 2018, ESR4 Amber to UB<\/a><\/li>\n<li style=\"color: #000000;text-align: center\"><a style=\"color: #483d8b;font-family: calibri;font-size: 16px\" href=\"http:\/\/blog.ube.fr\/list-maps\/2018\/02\/03\/secondment-esr7-patricia-santos-2\/\">15 January to 2 February 2018, ESR7 Patricia to UB<\/a><\/li>\n<\/ul>\n<p>&nbsp;<\/p>\n<h2 class=\"titre2\" style=\"font-family: calibri;font-size: 18px;text-align: justify;color: #483d8b;padding-left: 60px;padding-right: 60px\"><strong style=\"color: #483d8b\">LES ACTIVIT\u00c9S ET \u00c9V\u00c9NEMENTS INTERNATIONAUX<br \/>\n<\/strong><\/h2>\n<p style=\"font-family: calibri;color: #000000;padding-left: 60px;padding-right: 60px;font-size: 16px;text-align: justify\">En plus de ces activit\u00e9s organis\u00e9es par le r\u00e9seau, les ESRs participent \u00e0 des conf\u00e9rences internationales (ISOPOL; FEMS; ISME; ASM), qui sont une opportunit\u00e9 pour eux de pr\u00e9senter leurs r\u00e9sultats \u00e0 une communaut\u00e9 scientifique internationale.<\/p>\n<h2 class=\"titre2\" style=\"font-family: calibri;font-size: 18px;text-align: justify;color: #483d8b;padding-left: 60px;padding-right: 60px\"><strong style=\"color: #483d8b\">PLAN INDIVIDUEL DE CARRI\u00c8RE<br \/>\n<\/strong><\/h2>\n<p style=\"font-family: calibri;color: #000000;padding-left: 60px;padding-right: 60px;font-size: 16px;text-align: justify\">Pour accompagner les ESRs dans leur formation, un plan individuel de carri\u00e8re est mis en place pour chacun d\u2019entre eux. Ces plans de carri\u00e8res les aident \u00e0 identifier leurs besoins de formation et leurs objectifs professionnels, en leur donnant les outils n\u00e9cessaires pour poursuivre leur carri\u00e8re dans le secteur acad\u00e9mique ou industriel.<\/p>\n<p>&nbsp;<\/p>\n<p>&nbsp;<\/p>\n<p>&nbsp;<\/p>\n<p>&nbsp;<\/p>\n<p>&nbsp;<\/p>\n<p class=\"titre2\" style=\"font-family: calibri;color: #000000;font-size: 12px;text-align: center\"><a href=\"http:\/\/blog.ube.fr\/list-maps\/wp-content\/uploads\/sites\/34\/2015\/10\/eulogo.jpg\"><img loading=\"lazy\" decoding=\"async\" class=\"alignnone wp-image-557 \" src=\"http:\/\/blog.ube.fr\/list-maps\/wp-content\/uploads\/sites\/34\/2015\/10\/eulogo.jpg\" alt=\"eulogo\" width=\"79\" height=\"46\" srcset=\"https:\/\/blog.ube.fr\/list-maps-fr\/wp-content\/uploads\/sites\/56\/2015\/10\/eulogo.jpg 600w, https:\/\/blog.ube.fr\/list-maps-fr\/wp-content\/uploads\/sites\/56\/2015\/10\/eulogo-300x175.jpg 300w\" sizes=\"auto, (max-width: 79px) 100vw, 79px\" \/><\/a>Ce projet est financ\u00e9 par les actions Marie-Sklodowska Curie du programme de recherche et d\u2019innovation de l\u2019Union europ\u00e9enne Horizon 2020 selon l\u2019accord de subvention n\u00b0641984<\/p>\n","protected":false},"excerpt":{"rendered":"<p>PR\u00c9SENTATION DU PROGRAMME DE FORMATION En tant que r\u00e9seau de formation innovant (ITN), List_MAPS offre aux jeunes chercheurs recrut\u00e9s (ESRs), une formation scientifique et interdisciplinaire de grande qualit\u00e9. Les jeunes chercheurs b\u00e9n\u00e9ficient de l\u2019expertise des laboratoires du r\u00e9seau et d\u00e9veloppent leurs comp\u00e9tences avec les activit\u00e9s organis\u00e9es par le projet (\u00c9coles d\u2019\u00e9t\u00e9, ateliers de travail, r\u00e9unions)&hellip;<\/p>\n<p class=\"more-link-p\"><a class=\"btn btn-primary\" href=\"https:\/\/blog.ube.fr\/list-maps-fr\/le-projet\/formation\/\">Voir plus &rarr;<\/a><\/p>\n","protected":false},"author":99,"featured_media":0,"parent":2,"menu_order":3,"comment_status":"closed","ping_status":"closed","template":"","meta":{"footnotes":""},"class_list":["post-32","page","type-page","status-publish","hentry"],"_links":{"self":[{"href":"https:\/\/blog.ube.fr\/list-maps-fr\/wp-json\/wp\/v2\/pages\/32","targetHints":{"allow":["GET"]}}],"collection":[{"href":"https:\/\/blog.ube.fr\/list-maps-fr\/wp-json\/wp\/v2\/pages"}],"about":[{"href":"https:\/\/blog.ube.fr\/list-maps-fr\/wp-json\/wp\/v2\/types\/page"}],"author":[{"embeddable":true,"href":"https:\/\/blog.ube.fr\/list-maps-fr\/wp-json\/wp\/v2\/users\/99"}],"replies":[{"embeddable":true,"href":"https:\/\/blog.ube.fr\/list-maps-fr\/wp-json\/wp\/v2\/comments?post=32"}],"version-history":[{"count":45,"href":"https:\/\/blog.ube.fr\/list-maps-fr\/wp-json\/wp\/v2\/pages\/32\/revisions"}],"predecessor-version":[{"id":1716,"href":"https:\/\/blog.ube.fr\/list-maps-fr\/wp-json\/wp\/v2\/pages\/32\/revisions\/1716"}],"up":[{"embeddable":true,"href":"https:\/\/blog.ube.fr\/list-maps-fr\/wp-json\/wp\/v2\/pages\/2"}],"wp:attachment":[{"href":"https:\/\/blog.ube.fr\/list-maps-fr\/wp-json\/wp\/v2\/media?parent=32"}],"curies":[{"name":"wp","href":"https:\/\/api.w.org\/{rel}","templated":true}]}}