{"id":16,"date":"2015-04-27T15:44:57","date_gmt":"2015-04-27T14:44:57","guid":{"rendered":"http:\/\/blog.u-bourgogne.fr\/licence-physique\/?page_id=16"},"modified":"2025-10-27T09:45:52","modified_gmt":"2025-10-27T08:45:52","slug":"parcours","status":"publish","type":"page","link":"https:\/\/blog.ube.fr\/licence-physique\/parcours\/","title":{"rendered":"Parcours et mati\u00e8res enseign\u00e9es"},"content":{"rendered":"<p>L&#8217;acc\u00e8s \u00e0 la troisi\u00e8me ann\u00e9e de Licence de Physique n&#8217;est pas restreint aux seuls \u00e9tudiants de Licence 2. De nombreuses possibilit\u00e9s d&#8217;admission parall\u00e8le sont offertes, n&#8217;h\u00e9sitez pas \u00e0 contacter les responsables pour plus de renseignements sur les modalit\u00e9s d&#8217;acc\u00e8s.<\/p>\n<p>&nbsp;<\/p>\n<p><a href=\"http:\/\/blog.ube.fr\/licence-physique\/wp-content\/uploads\/sites\/26\/2015\/04\/schema-etudes.png\"><img loading=\"lazy\" decoding=\"async\" class=\"size-full wp-image-144 aligncenter\" src=\"http:\/\/blog.ube.fr\/licence-physique\/wp-content\/uploads\/sites\/26\/2015\/04\/schema-etudes.png\" alt=\"Schema des etudes\" width=\"385\" height=\"511\" srcset=\"https:\/\/blog.ube.fr\/licence-physique\/wp-content\/uploads\/sites\/26\/2015\/04\/schema-etudes.png 385w, https:\/\/blog.ube.fr\/licence-physique\/wp-content\/uploads\/sites\/26\/2015\/04\/schema-etudes-226x300.png 226w, https:\/\/blog.ube.fr\/licence-physique\/wp-content\/uploads\/sites\/26\/2015\/04\/schema-etudes-300x398.png 300w\" sizes=\"auto, (max-width: 385px) 100vw, 385px\" \/><\/a><\/p>\n<p>&nbsp;<\/p>\n<p>&nbsp;<\/p>\n<p>La troisi\u00e8me ann\u00e9e de la mention de Licence de Physique se divise en deux parcours :<\/p>\n<p style=\"padding-left: 30px;\"><strong>le parcours Physique Fondamentale et Applications<\/strong>, permettant d&#8217;acqu\u00e9rir aussi bien les notions les plus fondamentales dans le domaine de la Physique que les exemples d&#8217;applications.<\/p>\n<p style=\"padding-left: 30px;\"><strong>le parcours Physique-Chimie<\/strong>, mixant les bases de Physique et de la Chimie pour continuer dans les m\u00e9tiers de Physique ou de Chimie ou bien pour se pr\u00e9parer aux concours de l&#8217;enseignement.<\/p>\n<p>&nbsp;<\/p>\n<p>Ces deux parcours partagent plusieurs modules en commun avec \u00e9galement certains modules d&#8217;enseignement mutualis\u00e9 avec la mention Chimie ou avec la mention Science Pour l&#8217;Ing\u00e9nieur (parcours m\u00e9canique). La r\u00e9orientation entre les deux parcours est possible entre le S5 et le S6.<\/p>\n<p><a href=\"http:\/\/blog.ube.fr\/licence-physique\/wp-content\/uploads\/sites\/26\/2017\/07\/2017-Nouvelle-structure_01.png\"><img loading=\"lazy\" decoding=\"async\" class=\"aligncenter wp-image-170 size-full\" title=\"Organisation des parcours et modules de la L3 mention Physique\" src=\"http:\/\/blog.ube.fr\/licence-physique\/wp-content\/uploads\/sites\/26\/2017\/07\/2017-Nouvelle-structure_01.png\" alt=\"\" width=\"1019\" height=\"655\" srcset=\"https:\/\/blog.ube.fr\/licence-physique\/wp-content\/uploads\/sites\/26\/2017\/07\/2017-Nouvelle-structure_01.png 1019w, https:\/\/blog.ube.fr\/licence-physique\/wp-content\/uploads\/sites\/26\/2017\/07\/2017-Nouvelle-structure_01-300x193.png 300w, https:\/\/blog.ube.fr\/licence-physique\/wp-content\/uploads\/sites\/26\/2017\/07\/2017-Nouvelle-structure_01-768x494.png 768w\" sizes=\"auto, (max-width: 1019px) 100vw, 1019px\" \/><\/a><\/p>\n<p>&nbsp;<\/p>\n<p>Les modules enseign\u00e9s en troisi\u00e8me ann\u00e9e sont les suivants \u00a0:<\/p>\n<table style=\"height: 963px;\" width=\"1079\">\n<tbody>\n<tr style=\"background-color: #ff7433;\">\n<td style=\"text-align: center;\" width=\"15%\"><strong>Unit\u00e9 d\u2019Enseignement<\/strong><\/td>\n<td style=\"text-align: center;\" width=\"9%\"><strong>Cr\u00e9dits europ\u00e9ens<\/strong><\/td>\n<td style=\"text-align: center;\" width=\"25%\"><strong>Disciplines concern\u00e9es ou comp\u00e9tences vis\u00e9es<\/strong><\/td>\n<td style=\"text-align: center;\" width=\"10%\"><strong>Dur\u00e9e totale en pr\u00e9sentiel<\/strong><br \/>\n<strong> (en heures)<\/strong><\/td>\n<td style=\"text-align: center;\" width=\"12%\"><strong>Modalit\u00e9s de l\u2019enseignement\u00a0<\/strong><\/td>\n<\/tr>\n<tr>\n<td style=\"text-align: center;\" width=\"15%\"><strong>UE1P<\/strong><\/td>\n<td style=\"text-align: center;\" width=\"9%\">6<\/td>\n<td style=\"text-align: center;\" width=\"25%\"><em>Informatique et outils num\u00e9riques<\/em><\/td>\n<td style=\"text-align: center;\" width=\"10%\">50<\/td>\n<td style=\"text-align: center;\" width=\"12%\">CM \/ TD \/ TP<\/td>\n<\/tr>\n<tr>\n<td style=\"text-align: center;\" width=\"15%\"><strong>UE1PC<\/strong><\/td>\n<td style=\"text-align: center;\" width=\"9%\">6<\/td>\n<td style=\"text-align: center;\" width=\"25%\"><em>Thermodynamique<\/em><\/td>\n<td style=\"text-align: center;\" width=\"10%\">50<\/td>\n<td style=\"text-align: center;\" width=\"12%\">CM \/ TD \/ TP<\/td>\n<\/tr>\n<tr>\n<td style=\"text-align: center;\" width=\"15%\"><strong>UE2A<\/strong><\/td>\n<td style=\"text-align: center;\" width=\"9%\">4<\/td>\n<td style=\"text-align: center;\" width=\"25%\"><em>Physique quantique 1<\/em><\/td>\n<td style=\"text-align: center;\" width=\"10%\">32<\/td>\n<td style=\"text-align: center;\" width=\"12%\">CM \/ TD<\/td>\n<\/tr>\n<tr>\n<td style=\"text-align: center;\" width=\"15%\"><strong>UE2B<\/strong><\/td>\n<td style=\"text-align: center;\" width=\"9%\">2<\/td>\n<td style=\"text-align: center;\" width=\"25%\"><em>Physique Photonique et Nanotechnologies<\/em><\/td>\n<td style=\"text-align: center;\" width=\"10%\">18<\/td>\n<td style=\"text-align: center;\" width=\"12%\">CM<\/td>\n<\/tr>\n<tr>\n<td style=\"text-align: center;\" width=\"15%\"><strong>UE2C<\/strong><\/td>\n<td style=\"text-align: center;\" width=\"9%\">4<\/td>\n<td style=\"text-align: center;\" width=\"25%\"><em>Chimie quantique<\/em><\/td>\n<td style=\"text-align: center;\" width=\"10%\">32<\/td>\n<td style=\"text-align: center;\" width=\"12%\">CM \/ TD \/ TP<\/td>\n<\/tr>\n<tr>\n<td style=\"text-align: center;\" width=\"15%\"><strong>UE3<\/strong><\/td>\n<td style=\"text-align: center;\" width=\"9%\">6<\/td>\n<td style=\"text-align: center;\" width=\"25%\"><em>Optique Ondulatoire<\/em><\/td>\n<td style=\"text-align: center;\" width=\"10%\">50<\/td>\n<td style=\"text-align: center;\" width=\"12%\">CM \/ TD<\/td>\n<\/tr>\n<tr>\n<td style=\"text-align: center;\" width=\"15%\"><strong>UE4<\/strong><\/td>\n<td style=\"text-align: center;\" width=\"9%\">6<\/td>\n<td style=\"text-align: center;\" width=\"25%\"><em>Electronique<\/em><\/td>\n<td style=\"text-align: center;\" width=\"10%\">50<\/td>\n<td style=\"text-align: center;\" width=\"12%\">CM \/ TD \/ TP<\/td>\n<\/tr>\n<tr>\n<td style=\"text-align: center;\" width=\"15%\"><strong>UE5A<\/strong><\/td>\n<td style=\"text-align: center;\" width=\"9%\">3<\/td>\n<td style=\"text-align: center;\" width=\"25%\"><em>Anglais<\/em><\/td>\n<td style=\"text-align: center;\" width=\"10%\">24<\/td>\n<td style=\"text-align: center;\" width=\"12%\">TD<\/td>\n<\/tr>\n<tr>\n<td style=\"text-align: center;\" width=\"15%\"><strong>UE5B<\/strong><\/td>\n<td style=\"text-align: center;\" width=\"9%\">3<\/td>\n<td style=\"text-align: center;\" width=\"25%\"><em>Travaux pratiques de Physique 1<\/em><\/td>\n<td style=\"text-align: center;\" width=\"10%\">26<\/td>\n<td style=\"text-align: center;\" width=\"12%\">TP<\/td>\n<\/tr>\n<tr>\n<td style=\"text-align: center;\" width=\"15%\"><strong>UE5C<\/strong><\/td>\n<td style=\"text-align: center;\" width=\"9%\">3<\/td>\n<td style=\"text-align: center;\" width=\"25%\"><em>Electrochimie<\/em><\/td>\n<td style=\"text-align: center;\" width=\"10%\">26<\/td>\n<td style=\"text-align: center;\" width=\"12%\">CM \/ TD<\/td>\n<\/tr>\n<tr>\n<td style=\"text-align: center;\" width=\"15%\"><strong>UE6<\/strong><\/td>\n<td style=\"text-align: center;\" width=\"9%\">6<\/td>\n<td style=\"text-align: center;\" width=\"25%\"><em>Ondes et vibrations<\/em><\/td>\n<td style=\"text-align: center;\" width=\"10%\">50<\/td>\n<td style=\"text-align: center;\" width=\"12%\">CM \/ TD<\/td>\n<\/tr>\n<tr>\n<td style=\"text-align: center;\" width=\"15%\"><strong>UE7A<\/strong><\/td>\n<td style=\"text-align: center;\" width=\"9%\">2<\/td>\n<td style=\"text-align: center;\" width=\"25%\"><em>Physique quantique 2<\/em><\/td>\n<td style=\"text-align: center;\" width=\"10%\">30<\/td>\n<td style=\"text-align: center;\" width=\"12%\">CM \/ TD<\/td>\n<\/tr>\n<tr>\n<td style=\"text-align: center;\" width=\"15%\"><strong>UE7B<\/strong><\/td>\n<td style=\"text-align: center;\" width=\"9%\">2<\/td>\n<td style=\"text-align: center;\" width=\"25%\"><em>Introduction \u00e0 la Physique Statistique<\/em><\/td>\n<td style=\"text-align: center;\" width=\"10%\">20<\/td>\n<td style=\"text-align: center;\" width=\"12%\">CM \/ TD<\/td>\n<\/tr>\n<tr>\n<td style=\"text-align: center;\" width=\"15%\"><strong>UE7C<\/strong><\/td>\n<td style=\"text-align: center;\" width=\"9%\">2<\/td>\n<td style=\"text-align: center;\" width=\"25%\"><em>Travail encadr\u00e9 de recherche<\/em><\/td>\n<td style=\"text-align: center;\" width=\"10%\">0<\/td>\n<td style=\"text-align: center;\" width=\"12%\">Stage<\/td>\n<\/tr>\n<tr>\n<td style=\"text-align: center;\" width=\"15%\"><strong>UE7D<\/strong><\/td>\n<td style=\"text-align: center;\" width=\"9%\">2<\/td>\n<td style=\"text-align: center;\" width=\"25%\"><em>Liaison chimique<\/em><\/td>\n<td style=\"text-align: center;\" width=\"10%\">20<\/td>\n<td style=\"text-align: center;\" width=\"12%\">CM\/TD<\/td>\n<\/tr>\n<tr>\n<td style=\"text-align: center;\" width=\"15%\"><strong>UE7E<\/strong><\/td>\n<td style=\"text-align: center;\" width=\"9%\">2<\/td>\n<td style=\"text-align: center;\" width=\"25%\"><em>Compl\u00e9ments de Chimie<\/em><\/td>\n<td style=\"text-align: center;\" width=\"10%\">30<\/td>\n<td style=\"text-align: center;\" width=\"12%\">CM \/ TD \/ TP<\/td>\n<\/tr>\n<tr>\n<td style=\"text-align: center;\" width=\"15%\"><strong>UE7F<\/strong><\/td>\n<td style=\"text-align: center;\" width=\"9%\">2<\/td>\n<td style=\"text-align: center;\" width=\"25%\"><em>Histoire des Sciences <\/em><\/td>\n<td style=\"text-align: center;\" width=\"10%\">20<\/td>\n<td style=\"text-align: center;\" width=\"12%\">CM \/ TD<\/td>\n<\/tr>\n<tr>\n<td style=\"text-align: center;\" width=\"15%\"><strong>UE8P<\/strong><\/td>\n<td style=\"text-align: center;\" width=\"9%\">6<\/td>\n<td style=\"text-align: center;\" width=\"25%\"><em>Physique de la mati\u00e8re condens\u00e9e<\/em><\/td>\n<td style=\"text-align: center;\" width=\"10%\">50<\/td>\n<td style=\"text-align: center;\" width=\"12%\">CM \/ TD<\/td>\n<\/tr>\n<tr>\n<td style=\"text-align: center;\" width=\"15%\"><strong>UE8PC<\/strong><\/td>\n<td style=\"text-align: center;\" width=\"9%\">6<\/td>\n<td style=\"text-align: center;\" width=\"25%\"><em>Cin\u00e9tique chimique<\/em><\/td>\n<td style=\"text-align: center;\" width=\"10%\">50<\/td>\n<td style=\"text-align: center;\" width=\"12%\">CM \/ TD \/ TP<\/td>\n<\/tr>\n<tr>\n<td style=\"text-align: center;\" width=\"15%\"><strong>UE9A<\/strong><\/td>\n<td style=\"text-align: center;\" width=\"9%\">2.5<\/td>\n<td style=\"text-align: center;\" width=\"25%\"><em>Compl\u00e9ments math\u00e9matiques<\/em><\/td>\n<td style=\"text-align: center;\" width=\"10%\">20<\/td>\n<td style=\"text-align: center;\" width=\"12%\">CM \/ TD<\/td>\n<\/tr>\n<tr>\n<td style=\"text-align: center;\" width=\"15%\"><strong>UE9B<\/strong><\/td>\n<td style=\"text-align: center;\" width=\"9%\">2.5<\/td>\n<td style=\"text-align: center;\" width=\"25%\"><em>Physique appliqu\u00e9e<\/em><\/td>\n<td style=\"text-align: center;\" width=\"10%\">20<\/td>\n<td style=\"text-align: center;\" width=\"12%\">CM \/ TD<\/td>\n<\/tr>\n<tr>\n<td style=\"text-align: center;\" width=\"15%\"><strong>UE9C<\/strong><\/td>\n<td style=\"text-align: center;\" width=\"9%\">3.5<\/td>\n<td style=\"text-align: center;\" width=\"25%\"><em>Physique quantique du solide<\/em><\/td>\n<td style=\"text-align: center;\" width=\"10%\">30<\/td>\n<td style=\"text-align: center;\" width=\"12%\">CM \/ TD<\/td>\n<\/tr>\n<tr>\n<td style=\"text-align: center;\" width=\"15%\"><strong>UE9D<\/strong><\/td>\n<td style=\"text-align: center;\" width=\"9%\">3<\/td>\n<td style=\"text-align: center;\" width=\"25%\"><em>Chimie syst\u00e9matique organique<\/em><\/td>\n<td style=\"text-align: center;\" width=\"10%\">25<\/td>\n<td style=\"text-align: center;\" width=\"12%\">CM \/ TD<\/td>\n<\/tr>\n<tr>\n<td style=\"text-align: center;\" width=\"15%\"><strong>UE9E<\/strong><\/td>\n<td style=\"text-align: center;\" width=\"9%\">3<\/td>\n<td style=\"text-align: center;\" width=\"25%\"><em>Chimie syst\u00e9matique inorganique<\/em><\/td>\n<td style=\"text-align: center;\" width=\"10%\">25<\/td>\n<td style=\"text-align: center;\" width=\"12%\">CM \/ TD<\/td>\n<\/tr>\n<tr>\n<td style=\"text-align: center;\" width=\"15%\"><strong>UE10<\/strong><\/td>\n<td style=\"text-align: center;\" width=\"9%\">6<\/td>\n<td style=\"text-align: center;\" width=\"25%\"><em>Travaux pratiques de Physique 2<\/em><\/td>\n<td style=\"text-align: center;\" width=\"10%\">50<\/td>\n<td style=\"text-align: center;\" width=\"12%\">TP<\/td>\n<\/tr>\n<\/tbody>\n<\/table>\n<p>&nbsp;<\/p>\n<p>Chaque module est \u00e9valu\u00e9 par des notes de contr\u00f4le continu et\/ou de contr\u00f4le terminal dans le respect de la charte des examens de l&#8217;Universit\u00e9 de Bourgogne. Plusieurs modules font l&#8217;objet d&#8217;un projet \u00e0 rendre par l&#8217;\u00e9tudiant.<\/p>\n<p style=\"text-align: center;\"><a href=\"https:\/\/formations.ube.fr\/fr\/offre-de-formation\/licence-lmd-XA\/licence-physique-LMGC20KR\/physique-fondamentale-et-applications-LMGEOYXE.html\" target=\"_blank\" rel=\"noopener\">Fiche fili\u00e8re Licence 3 Physique &#8211; Parcours Physique Fondamentale et Applications<\/a><\/p>\n<p style=\"text-align: center;\"><a href=\"https:\/\/formations.ube.fr\/fr\/offre-de-formation\/licence-lmd-XA\/licence-physique-LMGC20KR\/physique-chimie-LMGEOZ1H.html\" target=\"_blank\" rel=\"noopener noreferrer\">Fiche fili\u00e8re Licence 3 Physique &#8211; Parcours Physique Chimie<\/a><\/p>\n<p style=\"text-align: center;\"><a href=\"https:\/\/formations.ube.fr\/fr\/organisation-des-etudes.html\">R\u00e9f\u00e9rentiel commun des \u00e9tudes de l&#8217;Universit\u00e9 de Bourgogne Europe<\/a><\/p>\n","protected":false},"excerpt":{"rendered":"<p>L&#8217;acc\u00e8s \u00e0 la troisi\u00e8me ann\u00e9e de Licence de Physique n&#8217;est pas restreint aux seuls \u00e9tudiants de Licence 2. De nombreuses possibilit\u00e9s d&#8217;admission parall\u00e8le sont offertes, n&#8217;h\u00e9sitez pas \u00e0 contacter les responsables pour plus de renseignements sur les modalit\u00e9s d&#8217;acc\u00e8s. &nbsp; &nbsp; &nbsp; La troisi\u00e8me ann\u00e9e de la mention de Licence de Physique se divise en&hellip;<\/p>\n<p class=\"more-link-p\"><a class=\"btn btn-primary\" href=\"https:\/\/blog.ube.fr\/licence-physique\/parcours\/\">Voir plus &rarr;<\/a><\/p>\n","protected":false},"author":72,"featured_media":0,"parent":0,"menu_order":0,"comment_status":"closed","ping_status":"open","template":"","meta":{"_exactmetrics_skip_tracking":false,"_exactmetrics_sitenote_active":false,"_exactmetrics_sitenote_note":"","_exactmetrics_sitenote_category":0,"footnotes":""},"class_list":["post-16","page","type-page","status-publish","hentry"],"_links":{"self":[{"href":"https:\/\/blog.ube.fr\/licence-physique\/wp-json\/wp\/v2\/pages\/16","targetHints":{"allow":["GET"]}}],"collection":[{"href":"https:\/\/blog.ube.fr\/licence-physique\/wp-json\/wp\/v2\/pages"}],"about":[{"href":"https:\/\/blog.ube.fr\/licence-physique\/wp-json\/wp\/v2\/types\/page"}],"author":[{"embeddable":true,"href":"https:\/\/blog.ube.fr\/licence-physique\/wp-json\/wp\/v2\/users\/72"}],"replies":[{"embeddable":true,"href":"https:\/\/blog.ube.fr\/licence-physique\/wp-json\/wp\/v2\/comments?post=16"}],"version-history":[{"count":22,"href":"https:\/\/blog.ube.fr\/licence-physique\/wp-json\/wp\/v2\/pages\/16\/revisions"}],"predecessor-version":[{"id":231,"href":"https:\/\/blog.ube.fr\/licence-physique\/wp-json\/wp\/v2\/pages\/16\/revisions\/231"}],"wp:attachment":[{"href":"https:\/\/blog.ube.fr\/licence-physique\/wp-json\/wp\/v2\/media?parent=16"}],"curies":[{"name":"wp","href":"https:\/\/api.w.org\/{rel}","templated":true}]}}