{"id":949,"date":"2017-07-11T08:31:42","date_gmt":"2017-07-11T07:31:42","guid":{"rendered":"http:\/\/blog.u-bourgogne.fr\/licence-geographie\/?page_id=949"},"modified":"2025-02-05T09:41:03","modified_gmt":"2025-02-05T08:41:03","slug":"enseignements","status":"publish","type":"page","link":"https:\/\/blog.ube.fr\/licence-geographie\/formation\/enseignements\/","title":{"rendered":"Enseignements"},"content":{"rendered":"<h4><strong>Tableau des enseignements<\/strong> &#8211; voir <strong><a href=\"http:\/\/blog.ube.fr\/licence-geographie\/formation\/descriptif-des-cours\/\">ce lien <\/a><\/strong>pour des fiches descriptives d\u00e9taill\u00e9es des diff\u00e9rents cours<\/h4>\n<p><img decoding=\"async\" src=\"https:\/\/blog.ube.fr\/licence-geographie\/wp-content\/uploads\/sites\/23\/2025\/02\/Maquette_2024_2025.pdf\" alt=\"\" \/><img loading=\"lazy\" decoding=\"async\" class=\"aligncenter wp-image-1394 size-full\" src=\"https:\/\/blog.ube.fr\/licence-geographie\/wp-content\/uploads\/sites\/23\/2025\/02\/Maquette_2024_2025.jpg\" alt=\"\" width=\"1712\" height=\"1083\" srcset=\"https:\/\/blog.ube.fr\/licence-geographie\/wp-content\/uploads\/sites\/23\/2025\/02\/Maquette_2024_2025.jpg 1712w, https:\/\/blog.ube.fr\/licence-geographie\/wp-content\/uploads\/sites\/23\/2025\/02\/Maquette_2024_2025-300x190.jpg 300w, https:\/\/blog.ube.fr\/licence-geographie\/wp-content\/uploads\/sites\/23\/2025\/02\/Maquette_2024_2025-1024x648.jpg 1024w, https:\/\/blog.ube.fr\/licence-geographie\/wp-content\/uploads\/sites\/23\/2025\/02\/Maquette_2024_2025-768x486.jpg 768w, https:\/\/blog.ube.fr\/licence-geographie\/wp-content\/uploads\/sites\/23\/2025\/02\/Maquette_2024_2025-1536x972.jpg 1536w\" sizes=\"auto, (max-width: 1712px) 100vw, 1712px\" \/><\/p>\n","protected":false},"excerpt":{"rendered":"<p>Tableau des enseignements &#8211; voir ce lien pour des fiches descriptives d\u00e9taill\u00e9es des diff\u00e9rents cours<\/p>\n<p class=\"more-link-p\"><a class=\"btn btn-primary\" href=\"https:\/\/blog.ube.fr\/licence-geographie\/formation\/enseignements\/\">Voir plus &rarr;<\/a><\/p>\n","protected":false},"author":66,"featured_media":0,"parent":16,"menu_order":0,"comment_status":"closed","ping_status":"closed","template":"","meta":{"_exactmetrics_skip_tracking":false,"_exactmetrics_sitenote_active":false,"_exactmetrics_sitenote_note":"","_exactmetrics_sitenote_category":0,"footnotes":""},"class_list":["post-949","page","type-page","status-publish","hentry"],"_links":{"self":[{"href":"https:\/\/blog.ube.fr\/licence-geographie\/wp-json\/wp\/v2\/pages\/949","targetHints":{"allow":["GET"]}}],"collection":[{"href":"https:\/\/blog.ube.fr\/licence-geographie\/wp-json\/wp\/v2\/pages"}],"about":[{"href":"https:\/\/blog.ube.fr\/licence-geographie\/wp-json\/wp\/v2\/types\/page"}],"author":[{"embeddable":true,"href":"https:\/\/blog.ube.fr\/licence-geographie\/wp-json\/wp\/v2\/users\/66"}],"replies":[{"embeddable":true,"href":"https:\/\/blog.ube.fr\/licence-geographie\/wp-json\/wp\/v2\/comments?post=949"}],"version-history":[{"count":16,"href":"https:\/\/blog.ube.fr\/licence-geographie\/wp-json\/wp\/v2\/pages\/949\/revisions"}],"predecessor-version":[{"id":1395,"href":"https:\/\/blog.ube.fr\/licence-geographie\/wp-json\/wp\/v2\/pages\/949\/revisions\/1395"}],"up":[{"embeddable":true,"href":"https:\/\/blog.ube.fr\/licence-geographie\/wp-json\/wp\/v2\/pages\/16"}],"wp:attachment":[{"href":"https:\/\/blog.ube.fr\/licence-geographie\/wp-json\/wp\/v2\/media?parent=949"}],"curies":[{"name":"wp","href":"https:\/\/api.w.org\/{rel}","templated":true}]}}