{"id":72,"date":"2015-04-07T16:39:35","date_gmt":"2015-04-07T15:39:35","guid":{"rendered":"http:\/\/blog.u-bourgogne.fr\/licence-geographie\/?page_id=72"},"modified":"2022-11-23T09:36:42","modified_gmt":"2022-11-23T08:36:42","slug":"masters","status":"publish","type":"page","link":"https:\/\/blog.ube.fr\/licence-geographie\/debouches\/masters\/","title":{"rendered":"Masters"},"content":{"rendered":"<h3><span style=\"text-decoration: underline;\"><strong>Masters propos\u00e9s \u00e0 l&#8217;Universit\u00e9 de Bourgogne et accessibles aux \u00e9tudiants de Licence G\u00e9ographie-Am\u00e9nagement<\/strong><\/span><\/h3>\n<p>Masters mention G\u00e9ographie Am\u00e9nagement Environnement (GAE) :<\/p>\n<p><a href=\"http:\/\/blog.ube.fr\/master-tmec\/\">\u00a0\u00a0 &#8211; parcours pro \/ recherche Transports, Mobilit\u00e9s, Environnement, Climat (TMEC)<\/a><\/p>\n<p><a href=\"https:\/\/blog.ube.fr\/mastercclimat\/\">\u00a0 &#8211; parcours pro \/ recherche Changement Climatique, Adaptation, Territoires (CClimAT<\/a>)<br \/>\n<em>Nouveau master :<\/em> ouverture du M1 \u00e0 la rentr\u00e9e 2022, et du M2 \u00e0 la rentr\u00e9e 2023<\/p>\n<p><a href=\"http:\/\/geosciences.u-bourgogne.fr\/les-formations\/master-stpe\/parcours-seme.html\">Master mention Sciences de la Terre et des Plan\u00e8tes, Environnement (STEPE), parcours pro \/recherche Sols, Eau, Milieux, Environnement (SEME)<\/a><\/p>\n<p><a href=\"http:\/\/www.u-bourgogne.fr\/images\/stories\/odf\/master\/ff-meef-degre2-histoire-geographie-m1.pdf\">Master M\u00e9tiers de l&#8217;Enseignement, de l&#8217;Education et de la Formation (MEEF) <\/a><\/p>\n","protected":false},"excerpt":{"rendered":"<p>Masters propos\u00e9s \u00e0 l&#8217;Universit\u00e9 de Bourgogne et accessibles aux \u00e9tudiants de Licence G\u00e9ographie-Am\u00e9nagement Masters mention G\u00e9ographie Am\u00e9nagement Environnement (GAE) : \u00a0\u00a0 &#8211; parcours pro \/ recherche Transports, Mobilit\u00e9s, Environnement, Climat (TMEC) \u00a0 &#8211; parcours pro \/ recherche Changement Climatique, Adaptation, Territoires (CClimAT) Nouveau master : ouverture du M1 \u00e0 la rentr\u00e9e 2022, et du M2&hellip;<\/p>\n<p class=\"more-link-p\"><a class=\"btn btn-primary\" href=\"https:\/\/blog.ube.fr\/licence-geographie\/debouches\/masters\/\">Voir plus &rarr;<\/a><\/p>\n","protected":false},"author":66,"featured_media":0,"parent":67,"menu_order":0,"comment_status":"closed","ping_status":"closed","template":"","meta":{"_exactmetrics_skip_tracking":false,"_exactmetrics_sitenote_active":false,"_exactmetrics_sitenote_note":"","_exactmetrics_sitenote_category":0,"footnotes":""},"class_list":["post-72","page","type-page","status-publish","hentry"],"_links":{"self":[{"href":"https:\/\/blog.ube.fr\/licence-geographie\/wp-json\/wp\/v2\/pages\/72","targetHints":{"allow":["GET"]}}],"collection":[{"href":"https:\/\/blog.ube.fr\/licence-geographie\/wp-json\/wp\/v2\/pages"}],"about":[{"href":"https:\/\/blog.ube.fr\/licence-geographie\/wp-json\/wp\/v2\/types\/page"}],"author":[{"embeddable":true,"href":"https:\/\/blog.ube.fr\/licence-geographie\/wp-json\/wp\/v2\/users\/66"}],"replies":[{"embeddable":true,"href":"https:\/\/blog.ube.fr\/licence-geographie\/wp-json\/wp\/v2\/comments?post=72"}],"version-history":[{"count":7,"href":"https:\/\/blog.ube.fr\/licence-geographie\/wp-json\/wp\/v2\/pages\/72\/revisions"}],"predecessor-version":[{"id":1359,"href":"https:\/\/blog.ube.fr\/licence-geographie\/wp-json\/wp\/v2\/pages\/72\/revisions\/1359"}],"up":[{"embeddable":true,"href":"https:\/\/blog.ube.fr\/licence-geographie\/wp-json\/wp\/v2\/pages\/67"}],"wp:attachment":[{"href":"https:\/\/blog.ube.fr\/licence-geographie\/wp-json\/wp\/v2\/media?parent=72"}],"curies":[{"name":"wp","href":"https:\/\/api.w.org\/{rel}","templated":true}]}}