{"id":402,"date":"2025-01-20T13:20:19","date_gmt":"2025-01-20T12:20:19","guid":{"rendered":"https:\/\/blog.u-bourgogne.fr\/lasemaineverslemploi-ube\/?page_id=402"},"modified":"2026-02-13T11:02:09","modified_gmt":"2026-02-13T10:02:09","slug":"le-forum","status":"publish","type":"page","link":"https:\/\/blog.ube.fr\/lasemaineverslemploi-ube\/le-forum\/","title":{"rendered":"Forum des m\u00e9tiers autour de la Gastronomie et de l&#8217;Alimentation"},"content":{"rendered":"<p><section class=\"kc-elm kc-css-135523 kc_row\"><div class=\"kc-row-container  kc-container\"><div class=\"kc-wrap-columns\"><div class=\"kc-elm kc-css-666008 kc_col-sm-12 kc_column kc_col-sm-12\"><div class=\"kc-col-container\"><div class=\"kc-elm kc-css-782529\" style=\"height: 20px; clear: both; width:100%;\"><\/div><\/div><\/div><\/div><\/div><\/section><section class=\"kc-elm kc-css-140520 kc_row\"><div class=\"kc-row-container  kc-container\"><div class=\"kc-wrap-columns\"><div class=\"kc-elm kc-css-870673 kc_col-sm-12 kc_column kc_col-sm-12\"><div class=\"kc-col-container\"><div class=\"kc-elm kc-css-513626 kc_shortcode kc_single_image\">\n\n        <img decoding=\"async\" src=\"https:\/\/blog.ube.fr\/lasemaineverslemploi-ube\/wp-content\/uploads\/sites\/208\/2026\/02\/FORUM_DES_METIERS_2026-Banniere_Blog.png\" class=\"\" alt=\"\" \/>    <\/div>\n<div class=\"kc-elm kc-css-220860\" style=\"height: 20px; clear: both; width:100%;\"><\/div><\/div><\/div><\/div><\/div><\/section><section class=\"kc-elm kc-css-856135 kc_row\"><div class=\"kc-row-container  kc-container\"><div class=\"kc-wrap-columns\"><div class=\"kc-elm kc-css-491537 kc_col-sm-12 kc_column kc_col-sm-12\"><div class=\"kc-col-container\"><div class=\"kc-elm kc-css-336517 kc_text_block\"><\/p>\n<p style=\"text-align: center;\"><span style=\"font-family: arial, helvetica, sans-serif; font-size: 14pt;\">Tu cherches un <strong>stage<\/strong>, une <strong>alternance<\/strong> ou <strong>ton premier emploi<\/strong> apr\u00e8s les \u00e9tudes ?<\/span><\/p>\n<p style=\"text-align: center;\"><span style=\"font-family: arial, helvetica, sans-serif; font-size: 14pt;\">Tu envisages un job d&#039;\u00e9t\u00e9 ou \u00e9tudiant pour financer tes projets ?<\/span><\/p>\n<p style=\"text-align: center;\"><span style=\"font-family: arial, helvetica, sans-serif; font-size: 14pt;\">Tu r\u00e9fl\u00e9chis \u00e0 ta\u00a0<strong>poursuite d&#039;\u00e9tudes<\/strong> ou tu te demandes quels <strong>m\u00e9tiers<\/strong> t\u2019attendent apr\u00e8s ton dipl\u00f4me ?<\/span><\/p>\n<p>\n<\/div><div class=\"kc-elm kc-css-993315 kc_shortcode kc_single_image\">\n\n        <img decoding=\"async\" src=\"https:\/\/blog.ube.fr\/lasemaineverslemploi-ube\/wp-content\/uploads\/sites\/208\/2026\/02\/FORUM_DES_METIERS_2026-Date.png\" class=\"\" alt=\"\" \/>    <\/div>\n<div class=\"kc-elm kc-css-195904\" style=\"height: 20px; clear: both; width:100%;\"><\/div>\n<div class=\"kc-elm kc-css-682114\">\n\t<a class=\"kc_button\" href=\"https:\/\/sondages.ube.fr\/index.php\/412543?lang=fr\" target=\"_self\" title=\"\" onclick=\"\">\n\t\tInscris-toi d\u00e8s maintenant !\t<\/a>\n<\/div>\n<div class=\"kc-elm kc-css-154347\" style=\"height: 75px; clear: both; width:100%;\"><\/div><div class=\"kc-elm kc-css-754705 kc_shortcode kc_single_image\">\n\n        <img decoding=\"async\" src=\"https:\/\/blog.ube.fr\/lasemaineverslemploi-ube\/wp-content\/uploads\/sites\/208\/2026\/02\/FORUM_DES_METIERS_2026-Decouvre-aussi-01.png\" class=\"\" alt=\"\" \/>    <\/div>\n<div class=\"kc-elm kc-css-102418 kc_row kc_row_inner\"><div class=\"kc-elm kc-css-718439 kc_col-sm-5 kc_column_inner kc_col-sm-5\"><div class=\"kc_wrapper kc-col-inner-container\"><div class=\"kc-elm kc-css-579100 kc_text_block\"><\/p>\n<ul>\n<li style=\"list-style-type: none;\">\n<ul>\n<li>\n<p><span style=\"font-family: arial, helvetica, sans-serif; font-size: 12pt;\"><span style=\"color: #666666;\"><span style=\"mso-list: Ignore;\"><span style=\"font-style: normal; font-variant: normal; font-size-adjust: none; font-language-override: normal; font-kerning: auto; font-optical-sizing: auto; font-feature-settings: normal; font-variation-settings: normal; font-weight: normal; font-stretch: normal; line-height: normal;\">M<\/span><\/span><\/span><span style=\"color: #666666;\">\u00e9tiers de la production d\u2019ingr\u00e9dients, d\u2019aliments et de boissons, de la Recherche et D\u00e9veloppement, de la Nutrition Sant\u00e9 ;<\/span><\/span><\/p>\n<\/li>\n<li>\n<p><span style=\"font-family: arial, helvetica, sans-serif;\">M\u00e9tiers de la distribution, de la restauration, du commerce et de la commercialisation, du Packaging, etc. ;\u00a0<\/span><\/p>\n<\/li>\n<li>\n<p><span style=\"font-family: arial, helvetica, sans-serif;\"><span style=\"color: #666666; font-size: 12pt; text-indent: -18pt;\">M<\/span><span style=\"color: #666666; font-size: 12pt; text-indent: -18pt;\">\u00e9tiers des fonctions support (Gestion, Commercial, Informatique, Communication, Marketing, RH, etc.);<\/span><\/span><\/p>\n<\/li>\n<li>\n<p><span style=\"color: #666666; font-size: 12pt; text-indent: -18pt; font-family: arial, helvetica, sans-serif;\">M\u00e9tiers du Tourisme, de l&#039;\u00c9v\u00e9nementiel et de la Promotion des territoires, etc.<\/span><\/p>\n<\/li>\n<\/ul>\n<\/li>\n<\/ul>\n<p>\n<\/div><\/div><\/div><div class=\"kc-elm kc-css-76142 kc_col-sm-1 kc_column_inner kc_col-sm-1\"><div class=\"kc_wrapper kc-col-inner-container\"><div class=\"kc-elm kc-css-633858 kc_text_block\"><\/p>\n<p>\n<\/div><\/div><\/div><div class=\"kc-elm kc-css-742638 kc_col-sm-6 kc_column_inner kc_col-sm-6\"><div class=\"kc_wrapper kc-col-inner-container\"><div class=\"kc-elm kc-css-51758 kc_text_block\"><\/p>\n<ul>\n<li>\n<p><span style=\"font-family: arial, helvetica, sans-serif;\">Stage ;<\/span><\/p>\n<\/li>\n<li>\n<p><span style=\"font-family: arial, helvetica, sans-serif;\">Emploi ;<\/span><\/p>\n<\/li>\n<li>\n<p><span style=\"font-family: arial, helvetica, sans-serif;\">Alternance ;<\/span><\/p>\n<\/li>\n<li>\n<p><span style=\"font-family: arial, helvetica, sans-serif;\">Jobs d\u2019\u00e9t\u00e9 ;<\/span><\/p>\n<\/li>\n<li>\n<p><span style=\"font-family: arial, helvetica, sans-serif;\">Jobs \u00e9tudiants.<\/span><\/p>\n<\/li>\n<\/ul>\n<p>\n<\/div><\/div><\/div><\/div><div class=\"kc-elm kc-css-54972 kc_shortcode kc_single_image\">\n\n        <img decoding=\"async\" src=\"https:\/\/blog.ube.fr\/lasemaineverslemploi-ube\/wp-content\/uploads\/sites\/208\/2026\/02\/FORUM_DES_METIERS_2026-Decouvre-aussi-02.png\" class=\"\" alt=\"\" \/>    <\/div>\n<div class=\"kc-elm kc-css-538964 kc_row kc_row_inner\"><div class=\"kc-elm kc-css-528778 kc_col-sm-5 kc_column_inner kc_col-sm-5\"><div class=\"kc_wrapper kc-col-inner-container\"><div class=\"kc-elm kc-css-555824 kc_text_block\"><\/p>\n<ul>\n<li style=\"list-style-type: none;\">\n<ul>\n<li>\n<p><span style=\"color: #666666; font-family: arial, helvetica, sans-serif;\">Et l&#039;aide alimentaire dont tu peux b\u00e9n\u00e9ficier.<\/span><\/p>\n<\/li>\n<\/ul>\n<\/li>\n<\/ul>\n<p>\n<\/div><\/div><\/div><div class=\"kc-elm kc-css-340183 kc_col-sm-1 kc_column_inner kc_col-sm-1\"><div class=\"kc_wrapper kc-col-inner-container\"><div class=\"kc-elm kc-css-872759 kc_text_block\"><\/p>\n<p>\n<\/div><\/div><\/div><div class=\"kc-elm kc-css-902627 kc_col-sm-6 kc_column_inner kc_col-sm-6\"><div class=\"kc_wrapper kc-col-inner-container\"><div class=\"kc-elm kc-css-251450 kc_text_block\"><\/p>\n<ul>\n<li>\n<p><span style=\"font-family: arial, helvetica, sans-serif;\">Avec la Nappe gourmande du Comit\u00e9 GPPR de Bourgogne Franche-Comt\u00e9 et ses autres animations<\/span><\/p>\n<\/li>\n<\/ul>\n<p>\n<\/div><\/div><\/div><\/div><div class=\"kc-elm kc-css-251891\" style=\"height: 75px; clear: both; width:100%;\"><\/div><div class=\"kc-elm kc-css-176945 kc_shortcode kc_single_image\">\n\n        <img decoding=\"async\" src=\"https:\/\/blog.ube.fr\/lasemaineverslemploi-ube\/wp-content\/uploads\/sites\/208\/2026\/02\/FORUM_DES_METIERS_2026-Les-plus-avec.png\" class=\"\" alt=\"\" \/>    <\/div>\n<div class=\"kc-elm kc-css-92136 kc_row kc_row_inner\"><div class=\"kc-elm kc-css-844510 kc_col-sm-1 kc_column_inner kc_col-sm-1\"><div class=\"kc_wrapper kc-col-inner-container\"><\/div><\/div><div class=\"kc-elm kc-css-365805 kc_col-of-5 kc_column_inner kc_col-of-5\"><div class=\"kc_wrapper kc-col-inner-container\"><div class=\"kc-elm kc-css-167910 kc_text_block\"><\/p>\n<p style=\"text-align: center;\"><span style=\"font-weight: 600; font-family: arial, helvetica, sans-serif; font-size: 12pt;\">D\u00e9couvre le march\u00e9 de l&#039;emploi de l&#039;agroalimentaire et ses opportunit\u00e9s actuelles.<\/span><\/p>\n<p>\n<\/div><\/div><\/div><div class=\"kc-elm kc-css-485310 kc_col-sm-1 kc_column_inner kc_col-sm-1\"><div class=\"kc_wrapper kc-col-inner-container\"><\/div><\/div><div class=\"kc-elm kc-css-638695 kc_col-sm-3 kc_column_inner kc_col-sm-3\"><div class=\"kc_wrapper kc-col-inner-container\"><div class=\"kc-elm kc-css-245056 kc_text_block\"><\/p>\n<p style=\"text-align: center;\"><span style=\"font-weight: 600; font-family: arial, helvetica, sans-serif; font-size: 12pt;\">Renseigne-toi sur les formations de l\u2019UBE et leurs d\u00e9bouch\u00e9s.<\/span><\/p>\n<p>\n<\/div><\/div><\/div><div class=\"kc-elm kc-css-592780 kc_col-sm-1 kc_column_inner kc_col-sm-1\"><div class=\"kc_wrapper kc-col-inner-container\"><\/div><\/div><div class=\"kc-elm kc-css-958980 kc_col-sm-4 kc_column_inner kc_col-sm-4\"><div class=\"kc_wrapper kc-col-inner-container\"><div class=\"kc-elm kc-css-223723 kc_text_block\"><\/p>\n<p style=\"text-align: center;\"><span style=\"font-weight: 600; font-family: arial, helvetica, sans-serif; font-size: 12pt;\">Renseigne-toi sur l\u2019apprentissage<br \/>durant tes \u00e9tudes<\/span><\/p>\n<p>\n<\/div><\/div><\/div><\/div><\/div><\/div><\/div><\/div><\/section><section class=\"kc-elm kc-css-854753 kc_row\"><div class=\"kc-row-container  kc-container\"><div class=\"kc-wrap-columns\"><div class=\"kc-elm kc-css-334304 kc_col-sm-12 kc_column kc_col-sm-12\"><div class=\"kc-col-container\"><div class=\"kc-elm kc-css-98962\" style=\"height: 75px; clear: both; width:100%;\"><\/div><div class=\"kc-elm kc-css-141505 kc_shortcode kc_single_image\">\n\n        <img decoding=\"async\" src=\"https:\/\/blog.ube.fr\/lasemaineverslemploi-ube\/wp-content\/uploads\/sites\/208\/2026\/02\/FORUM_DES_METIERS_2026-Programme.png\" class=\"\" alt=\"\" \/>    <\/div>\n<div class=\"kc-elm kc-css-946146 kc_text_block\"><\/p>\n<p style=\"text-align: center;\">\n  <em><span style=\"font-size: 10pt;\">Tu peux participer \u00e0 une partie de l&#039;apr\u00e8s-midi seulement<\/span><\/em><br \/>  <em><span style=\"font-size: 10pt; color: #A10E2F;\">Une attestation de pr\u00e9sence pour la scolarit\u00e9 pourra t&#039;\u00eatre d\u00e9livr\u00e9e<\/span><\/em>\n<\/p>\n<p>\n<\/div>\n<div class=\"kc-elm kc-css-214135\">\n\t<a class=\"kc_button\" href=\"https:\/\/sondages.ube.fr\/index.php\/412543?lang=fr\" target=\"_self\" title=\"\" onclick=\"\">\n\t\tInscris-toi d\u00e8s maintenant !\t<\/a>\n<\/div>\n<div class=\"kc-elm kc-css-927612\" style=\"height: 20px; clear: both; width:100%;\"><\/div><div class=\"kc-elm kc-css-313581 kc_row kc_row_inner\"><div class=\"kc-elm kc-css-856876 kc_col-of-5 kc_column_inner kc_col-of-5\"><div class=\"kc_wrapper kc-col-inner-container\">\n<div class=\"kc-elm kc-css-435182 kc-title-wrap \">\n\n\t<h3 class=\"kc_title\">13h30 -14h15<\/h3>\n<\/div>\n<\/div><\/div><div class=\"kc-elm kc-css-711652 kc_col-sm-10 kc_column_inner kc_col-sm-10\"><div class=\"kc_wrapper kc-col-inner-container\"><div class=\"kc-elm kc-css-255224 kc_text_block\"><\/p>\n<p><strong>Caf\u00e9\/th\u00e9 \u00e9tudiants-professionnels<\/strong><br \/><em>(places limit\u00e9es !)<\/em><\/p>\n<p>\n<\/div><\/div><\/div><\/div><div class=\"kc-elm kc-css-611178 kc_row kc_row_inner\"><div class=\"kc-elm kc-css-464917 kc_col-of-5 kc_column_inner kc_col-of-5\"><div class=\"kc_wrapper kc-col-inner-container\">\n<div class=\"kc-elm kc-css-54891 kc-title-wrap \">\n\n\t<h3 class=\"kc_title\">14h30 - 17h<\/h3>\n<\/div>\n<\/div><\/div><div class=\"kc-elm kc-css-544878 kc_col-sm-10 kc_column_inner kc_col-sm-10\"><div class=\"kc_wrapper kc-col-inner-container\"><div class=\"kc-elm kc-css-730770 kc_text_block\"><\/p>\n<p><strong>Rencontres des professionnels\u00a0 des entreprises et organisations autour de leurs stands<\/strong><\/p>\n<\/p>\n<p>\n<\/div><\/div><\/div><\/div><div class=\"kc-elm kc-css-31074 kc_row kc_row_inner\"><div class=\"kc-elm kc-css-816791 kc_col-of-5 kc_column_inner kc_col-of-5\"><div class=\"kc_wrapper kc-col-inner-container\">\n<div class=\"kc-elm kc-css-792369 kc-title-wrap \">\n\n\t<h3 class=\"kc_title\"><\/h3>\n<\/div>\n<\/div><\/div><div class=\"kc-elm kc-css-448303 kc_col-sm-10 kc_column_inner kc_col-sm-10\"><div class=\"kc_wrapper kc-col-inner-container\"><div class=\"kc-elm kc-css-113666 kc_text_block\"><\/p>\n<p><strong>March\u00e9 de l&#039;emploi, conseils<\/strong><br \/><em>(au stands APECITA, ANEFA)<\/em><\/p>\n<p>\n<\/div><\/div><\/div><\/div><div class=\"kc-elm kc-css-488222 kc_row kc_row_inner\"><div class=\"kc-elm kc-css-216226 kc_col-of-5 kc_column_inner kc_col-of-5\"><div class=\"kc_wrapper kc-col-inner-container\">\n<div class=\"kc-elm kc-css-414501 kc-title-wrap \">\n\n\t<h3 class=\"kc_title\"><\/h3>\n<\/div>\n<\/div><\/div><div class=\"kc-elm kc-css-627789 kc_col-sm-10 kc_column_inner kc_col-sm-10\"><div class=\"kc_wrapper kc-col-inner-container\"><div class=\"kc-elm kc-css-891585 kc_text_block\"><\/p>\n<p><strong>Formations de l&#039;UBE<\/strong><br \/><em>(au stand P\u00f4le Formation)<\/em><\/p>\n<\/p>\n<p>\n<\/div><\/div><\/div><\/div><div class=\"kc-elm kc-css-130744 kc_row kc_row_inner\"><div class=\"kc-elm kc-css-25841 kc_col-of-5 kc_column_inner kc_col-of-5\"><div class=\"kc_wrapper kc-col-inner-container\">\n<div class=\"kc-elm kc-css-510984 kc-title-wrap \">\n\n\t<h3 class=\"kc_title\"><\/h3>\n<\/div>\n<\/div><\/div><div class=\"kc-elm kc-css-785583 kc_col-sm-10 kc_column_inner kc_col-sm-10\"><div class=\"kc_wrapper kc-col-inner-container\"><div class=\"kc-elm kc-css-493762 kc_text_block\"><\/p>\n<p><strong>Infos Apprentissage<\/strong><br \/><em>(au stand SEFCA)<\/em><\/p>\n<\/p>\n<p>\n<\/div><\/div><\/div><\/div><div class=\"kc-elm kc-css-749625 kc_row kc_row_inner\"><div class=\"kc-elm kc-css-716708 kc_col-of-5 kc_column_inner kc_col-of-5\"><div class=\"kc_wrapper kc-col-inner-container\">\n<div class=\"kc-elm kc-css-670490 kc-title-wrap \">\n\n\t<h3 class=\"kc_title\"><\/h3>\n<\/div>\n<\/div><\/div><div class=\"kc-elm kc-css-204096 kc_col-sm-10 kc_column_inner kc_col-sm-10\"><div class=\"kc_wrapper kc-col-inner-container\"><div class=\"kc-elm kc-css-30328 kc_text_block\"><\/p>\n<p><strong>Murs de m\u00e9tiers pr\u00e9par\u00e9s \u00e0 l&#039;UBE<\/strong><\/p>\n<\/p>\n<p>\n<\/div><\/div><\/div><\/div><div class=\"kc-elm kc-css-918922\" style=\"height: 75px; clear: both; width:100%;\"><\/div><div class=\"kc-elm kc-css-274115 kc_shortcode kc_single_image\">\n\n        <img decoding=\"async\" src=\"https:\/\/blog.ube.fr\/lasemaineverslemploi-ube\/wp-content\/uploads\/sites\/208\/2026\/02\/FORUM_DES_METIERS_2026-Le-forum-pour-preprarer.png\" class=\"\" alt=\"\" \/>    <\/div>\n<div class=\"kc-elm kc-css-874627 kc_text_block\"><\/p>\n<p style=\"text-align: center;\"><span style=\"font-size: 12pt;\">que tu sois \u00e9tudiant en Sciences et Techniques, Droit et Sciences Economiques, Langues et Communication, Lettres et Philosophie, Sciences de Sant\u00e9, Sciences Humaines, Sciences Vie, Terre et Environnement comme aussi ing\u00e9nieurs de Polytech, \u00e9tudiants de l\u2019IAE et des IUT !<\/span><\/p>\n<p>\n<\/div><div class=\"kc-elm kc-css-188394 kc_accordion_wrapper\">\n    <h3 class=\"kc-accordion-title\">Forum organis\u00e9 par le P\u00f4le Formation en collaboration avec ses partenaires professionnels<\/h3>\n<div class=\"kc-elm kc-css-712087 kc_accordion_section group \"><h3 class=\"kc_accordion_header ui-accordion-header\"><span class=\"ui-accordion-header-icon ui-icon\"><\/span><a href=\"#liste-des-entreprises-organisations-a-venir\" data-prevent=\"scroll\"><i class=\"\"><\/i> Liste des entreprises\/organisations \u00e0 venir<\/a><\/h3><div class=\"kc_accordion_content ui-accordion-content kc_clearfix\"><div class=\"kc-panel-body\">Empty section. Edit page to add content here.<\/div><\/div><\/div><\/div>\n<\/div><\/div><\/div><\/div><\/section><\/p>\n","protected":false},"excerpt":{"rendered":"<p class=\"more-link-p\"><a class=\"btn btn-primary\" href=\"https:\/\/blog.ube.fr\/lasemaineverslemploi-ube\/le-forum\/\">Voir plus &rarr;<\/a><\/p>\n","protected":false},"author":7661,"featured_media":0,"parent":0,"menu_order":0,"comment_status":"closed","ping_status":"closed","template":"","meta":{"_exactmetrics_skip_tracking":false,"_exactmetrics_sitenote_active":false,"_exactmetrics_sitenote_note":"","_exactmetrics_sitenote_category":0,"footnotes":""},"class_list":["post-402","page","type-page","status-publish","hentry"],"_links":{"self":[{"href":"https:\/\/blog.ube.fr\/lasemaineverslemploi-ube\/wp-json\/wp\/v2\/pages\/402","targetHints":{"allow":["GET"]}}],"collection":[{"href":"https:\/\/blog.ube.fr\/lasemaineverslemploi-ube\/wp-json\/wp\/v2\/pages"}],"about":[{"href":"https:\/\/blog.ube.fr\/lasemaineverslemploi-ube\/wp-json\/wp\/v2\/types\/page"}],"author":[{"embeddable":true,"href":"https:\/\/blog.ube.fr\/lasemaineverslemploi-ube\/wp-json\/wp\/v2\/users\/7661"}],"replies":[{"embeddable":true,"href":"https:\/\/blog.ube.fr\/lasemaineverslemploi-ube\/wp-json\/wp\/v2\/comments?post=402"}],"version-history":[{"count":110,"href":"https:\/\/blog.ube.fr\/lasemaineverslemploi-ube\/wp-json\/wp\/v2\/pages\/402\/revisions"}],"predecessor-version":[{"id":1061,"href":"https:\/\/blog.ube.fr\/lasemaineverslemploi-ube\/wp-json\/wp\/v2\/pages\/402\/revisions\/1061"}],"wp:attachment":[{"href":"https:\/\/blog.ube.fr\/lasemaineverslemploi-ube\/wp-json\/wp\/v2\/media?parent=402"}],"curies":[{"name":"wp","href":"https:\/\/api.w.org\/{rel}","templated":true}]}}