{"id":4,"date":"2024-12-09T10:05:12","date_gmt":"2024-12-09T09:05:12","guid":{"rendered":"https:\/\/blog.u-bourgogne.fr\/lasemaineverslemploi-ube\/?page_id=4"},"modified":"2026-03-09T12:06:59","modified_gmt":"2026-03-09T11:06:59","slug":"exposants","status":"publish","type":"page","link":"https:\/\/blog.ube.fr\/lasemaineverslemploi-ube\/exposants\/","title":{"rendered":"Exposants"},"content":{"rendered":"<section class=\"kc-elm kc-css-89017 kc_row\"><div class=\"kc-row-container  kc-container\"><div class=\"kc-wrap-columns\"><div class=\"kc-elm kc-css-618225 kc_col-sm-12 kc_column kc_col-sm-12\"><div class=\"kc-col-container\"><div class=\"kc-elm kc-css-350702\" style=\"height: 20px; clear: both; width:100%;\"><\/div><div class=\"kc-elm kc-css-388983 kc_row kc_row_inner\"><div class=\"kc-elm kc-css-771848 kc_col-sm-4 kc_column_inner kc_col-sm-4\"><div class=\"kc_wrapper kc-col-inner-container\">\n<div class=\"kc-elm kc-css-4193 kc-title-wrap \">\n\n\t<h3 class=\"kc_title\">Exposants pr\u00e9sents aux JOBS DATING <\/h3>\n<\/div>\n<\/div><\/div><div class=\"kc-elm kc-css-494447 kc_col-sm-8 kc_column_inner kc_col-sm-8\"><div class=\"kc_wrapper kc-col-inner-container\"><div data-closeall=\"true\" class=\"kc-elm kc-css-629186 kc_accordion_wrapper\">\n<div class=\"kc-elm kc-css-229406 kc_accordion_section group \"><h3 class=\"kc_accordion_header ui-accordion-header\"><span class=\"ui-accordion-header-icon ui-icon\"><\/span><a href=\"#mardi-matin-job-dating-droit\" data-prevent=\"scroll\"><i class=\"\"><\/i> Mardi matin : job dating droit<\/a><\/h3><div class=\"kc_accordion_content ui-accordion-content kc_clearfix\"><div class=\"kc-panel-body\"><div class=\"kc-elm kc-css-440844 kc_text_block\"><\/p>\n<p><strong>ANNUL\u00c9<\/strong><\/p>\n<p>\n<\/div><\/div><\/div><\/div><div class=\"kc-elm kc-css-917436 kc_accordion_section group \"><h3 class=\"kc_accordion_header ui-accordion-header\"><span class=\"ui-accordion-header-icon ui-icon\"><\/span><a href=\"#mercredi-job-dating-iut-dijon-auxerre-nevers\" data-prevent=\"scroll\"><i class=\"\"><\/i> Mercredi : job dating IUT Dijon-Auxerre-Nevers<\/a><\/h3><div class=\"kc_accordion_content ui-accordion-content kc_clearfix\"><div class=\"kc-panel-body\"><div class=\"kc-elm kc-css-705695 kc_text_block\"><\/p>\n<p><a href=\"https:\/\/www.helix-developpement.com\/\"><span data-teams=\"true\"><strong>H\u00e9lix D\u00e9veloppement<\/strong><\/span><\/a><\/p>\n<p>Recherche des alternants en informatique<\/p>\n<p><a href=\"https:\/\/exco.fr\/groupes\/groupe-exco-socodec\/\"><strong>Exco Socodec<\/strong><\/a><\/p>\n<p>Recherche des alternants en expertise-comptable et commissariat aux comptes.<\/p>\n<p><a href=\"https:\/\/hotels-bourgogne.com\/fr\/\"><strong>Hotels Bourgogne Qualit\u00e9<\/strong><\/a><\/p>\n<p>Recherche un\u00b7e alternant\u00b7e en informatique<\/p>\n<p><a href=\"https:\/\/voyage.aprr.fr\/\"><strong>APRR<\/strong><\/a><\/p>\n<p>Recherche un\u00b7e alternant\u00b7e en informatique<\/p>\n<p><a href=\"https:\/\/www.latitude-ec.com\/\"><strong>Latitude Expert Comptable<\/strong><\/a><\/p>\n<p>Recherche des alternant\u00b7es en :\u00a0<\/p>\n<ul>\n<li>Comptabilit\u00e9-gestion<\/li>\n<li>Gestionnaire de paie<\/li>\n<\/ul>\n<p><a href=\"https:\/\/www.capec.fr\/\"><strong>CAPEC<\/strong><\/a><\/p>\n<p>Recherche des alternants en :<\/p>\n<ul>\n<li>Comptabilit\u00e9-gestion : <a href=\"https:\/\/blog.ube.fr\/lasemaineverslemploi-ube\/wp-content\/uploads\/sites\/208\/2026\/02\/Apprenti-comptable-Quetigny.pdf\"><strong>consulter l&#8217;offre d&#8217;alternance<\/strong><\/a><\/li>\n<li>Ressources humaines : <a href=\"https:\/\/blog.ube.fr\/lasemaineverslemploi-ube\/wp-content\/uploads\/sites\/208\/2026\/02\/Apprenti-RH-Quetigny.pdf\"><strong>consulter l&#8217;offre d&#8217;alternance<\/strong><\/a><\/li>\n<\/ul>\n<p><a href=\"https:\/\/www.ecagroupe.fr\/\"><strong>ECA<\/strong><\/a><\/p>\n<p>Recherche des alternants en comptabilit\u00e9-gestion<\/p>\n<p><a href=\"https:\/\/www.dijon-metropole.fr\/\"><strong>Dijon M\u00e9tropole<\/strong><\/a><\/p>\n<p>Recherche des alternants en\u00a0 :\u00a0<\/p>\n<ul>\n<li>Information-communication ;<\/li>\n<li>Num\u00e9rique \/ informatique<\/li>\n<li>R\u00e9seaux et t\u00e9l\u00e9communication<\/li>\n<li>Am\u00e9nagement paysage<\/li>\n<\/ul>\n<p><a href=\"https:\/\/www.orange.com\/fr\"><strong>Orange<\/strong><\/a><\/p>\n<p>Recherche des alternants en r\u00e9seaux &amp; t\u00e9l\u00e9communication<\/p>\n<p><a href=\"https:\/\/blog.ube.fr\/lasemaineverslemploi-ube\/wp-content\/uploads\/sites\/208\/2026\/03\/Alternance-Orange-Technicien-Intervention-entreprise.pdf\">Offre d&#8217;alternance Technicien\u00b7ne Intervention entreprise<\/a><\/p>\n<p><a href=\"https:\/\/blog.ube.fr\/lasemaineverslemploi-ube\/wp-content\/uploads\/sites\/208\/2026\/03\/Aternance-Orange-Technicien-Intervention-boucle-locale2.pdf\">Offre d&#8217;alternance Technicien\u00b7ne intervention boucle locale<\/a><\/p>\n<p><a href=\"https:\/\/blog.ube.fr\/lasemaineverslemploi-ube\/wp-content\/uploads\/sites\/208\/2026\/03\/Alternance-Orange-Charge-daffaires.pdf\">Offre d&#8217;alternance Charg\u00e9\u00b7e d&#8217;affaires<\/a><\/p>\n<p><a href=\"https:\/\/blog.ube.fr\/lasemaineverslemploi-ube\/wp-content\/uploads\/sites\/208\/2026\/03\/Alternance-Orange-Technicien-Reseaux-structurants.pdf\">Offre d&#8217;alternance Technicien\u00b7e r\u00e9seaux structurants<\/a><\/p>\n<p><a href=\"https:\/\/rejoindrelesfinancespubliques.economie.gouv.fr\/decouvrir-les-finances-publiques\"><strong>Les finances publiques<\/strong><\/a><\/p>\n<p>Recherche des alternants dans les domaines suivants :\u00a0<\/p>\n<ul>\n<li>Information \/ communication<\/li>\n<li>Num\u00e9rique<\/li>\n<li>Comptabilit\u00e9\/gestion<\/li>\n<\/ul>\n<p><a href=\"https:\/\/www.police-nationale.interieur.gouv.fr\/nous-rejoindre\/echangez-avec-nous\/contacts-locaux\/contacts-locaux\/sgami-est-delegation-regionale\"><strong>SGAMI EST &#8211; Minist\u00e8re de l&#8217;Int\u00e9rieur<\/strong><\/a><\/p>\n<p>Recherche des alternants dans les domaines suivants :<\/p>\n<ul>\n<li>Informatique,<\/li>\n<li>R\u00e9seaux et t\u00e9l\u00e9communication,<\/li>\n<li>Comptabilit\u00e9-gestion,<\/li>\n<li>Ressources humaines\u00a0<\/li>\n<\/ul>\n<p><a href=\"https:\/\/www.andre-legroupe.com\/\">Andr\u00e9 le Groupe<\/a><\/p>\n<p>recherche des alternant\u00b7es pour :\u00a0<\/p>\n<ul>\n<li>\u00a0ANDRE &amp; ASSOCIES NUITS SAINT GEORGES<\/li>\n<\/ul>\n<p>Besoin en recrutement : 1 besoin sur du bac +5<\/p>\n<p>Lieu d\u2019alternance : Nuits Saint Georges<\/p>\n<ul>\n<li>ANDRE &amp; ASSOCIES 21<\/li>\n<\/ul>\n<p>Besoin recrutement : 1 \u00e0 2 besoins sur du bac +3 \/ bac +5<\/p>\n<p>Lieu d\u2019alternance : Beaune<\/p>\n<ul>\n<li>CLEMENT &amp; ASSOCIES<\/li>\n<\/ul>\n<p>Besoin d\u2019alternance : 1 besoin sur du bac +5<\/p>\n<p>Lieu d\u2019alternance : Beaune<\/p>\n<p>Ils recherchent aussi des alternants en paie et une en communication<\/p>\n<p><a href=\"https:\/\/www.cerfrance.fr\/\">CERFrance<\/a><\/p>\n<p>Recherche des alternants en <strong>comptabilit\u00e9-gestion<\/strong><\/p>\n<p><a href=\"https:\/\/www.pkf-arsilon.com\/\">PKF Arsilon<\/a><\/p>\n<p>Recherche des alternants en <strong>comptabilit\u00e9-gestion<\/strong><\/p>\n<p>\n<\/div><\/div><\/div><\/div><\/div>\n<div class=\"kc-elm kc-css-485562\" style=\"height: 20px; clear: both; width:100%;\"><\/div><\/div><\/div><\/div><div class=\"kc-elm kc-css-951461 kc_row kc_row_inner\"><div class=\"kc-elm kc-css-318149 kc_col-sm-4 kc_column_inner kc_col-sm-4\"><div class=\"kc_wrapper kc-col-inner-container\">\n<div class=\"kc-elm kc-css-905692 kc-title-wrap \">\n\n\t<h3 class=\"kc_title\">Exposants pr\u00e9sents au Forum <\/h3>\n<\/div>\n<\/div><\/div><div class=\"kc-elm kc-css-613320 kc_col-sm-8 kc_column_inner kc_col-sm-8\"><div class=\"kc_wrapper kc-col-inner-container\"><div data-closeall=\"true\" class=\"kc-elm kc-css-299967 kc_accordion_wrapper\">\n<div class=\"kc-elm kc-css-788587 kc_accordion_section group \"><h3 class=\"kc_accordion_header ui-accordion-header\"><span class=\"ui-accordion-header-icon ui-icon\"><\/span><a href=\"#jeudi-apres-midi\" data-prevent=\"scroll\"><i class=\"\"><\/i> Jeudi apr\u00e8s-midi<\/a><\/h3><div class=\"kc_accordion_content ui-accordion-content kc_clearfix\"><div class=\"kc-panel-body\"><div class=\"kc-elm kc-css-9863 kc_text_block\"><\/p>\n<p><em><strong>Liste \u00e0 venir<\/strong><\/em><\/p>\n<p>\n<\/div><\/div><\/div><\/div><\/div>\n<div class=\"kc-elm kc-css-42540\" style=\"height: 20px; clear: both; width:100%;\"><\/div><\/div><\/div><\/div><\/div><\/div><\/div><\/div><\/section>\n","protected":false},"excerpt":{"rendered":"<p class=\"more-link-p\"><a class=\"btn btn-primary\" href=\"https:\/\/blog.ube.fr\/lasemaineverslemploi-ube\/exposants\/\">Voir plus &rarr;<\/a><\/p>\n","protected":false},"author":5570,"featured_media":0,"parent":0,"menu_order":0,"comment_status":"closed","ping_status":"closed","template":"","meta":{"_exactmetrics_skip_tracking":false,"_exactmetrics_sitenote_active":false,"_exactmetrics_sitenote_note":"","_exactmetrics_sitenote_category":0,"footnotes":""},"class_list":["post-4","page","type-page","status-publish","hentry"],"_links":{"self":[{"href":"https:\/\/blog.ube.fr\/lasemaineverslemploi-ube\/wp-json\/wp\/v2\/pages\/4","targetHints":{"allow":["GET"]}}],"collection":[{"href":"https:\/\/blog.ube.fr\/lasemaineverslemploi-ube\/wp-json\/wp\/v2\/pages"}],"about":[{"href":"https:\/\/blog.ube.fr\/lasemaineverslemploi-ube\/wp-json\/wp\/v2\/types\/page"}],"author":[{"embeddable":true,"href":"https:\/\/blog.ube.fr\/lasemaineverslemploi-ube\/wp-json\/wp\/v2\/users\/5570"}],"replies":[{"embeddable":true,"href":"https:\/\/blog.ube.fr\/lasemaineverslemploi-ube\/wp-json\/wp\/v2\/comments?post=4"}],"version-history":[{"count":32,"href":"https:\/\/blog.ube.fr\/lasemaineverslemploi-ube\/wp-json\/wp\/v2\/pages\/4\/revisions"}],"predecessor-version":[{"id":1103,"href":"https:\/\/blog.ube.fr\/lasemaineverslemploi-ube\/wp-json\/wp\/v2\/pages\/4\/revisions\/1103"}],"wp:attachment":[{"href":"https:\/\/blog.ube.fr\/lasemaineverslemploi-ube\/wp-json\/wp\/v2\/media?parent=4"}],"curies":[{"name":"wp","href":"https:\/\/api.w.org\/{rel}","templated":true}]}}