{"id":19,"date":"2018-03-29T11:18:40","date_gmt":"2018-03-29T09:18:40","guid":{"rendered":"http:\/\/blog.u-bourgogne.fr\/la-ptite-fac\/?page_id=19"},"modified":"2021-03-05T10:49:03","modified_gmt":"2021-03-05T09:49:03","slug":"la-ptite-fac","status":"publish","type":"page","link":"https:\/\/blog.ube.fr\/la-ptite-fac\/la-ptite-fac\/","title":{"rendered":"La P&#8217;tite Fac"},"content":{"rendered":"<hr \/>\n<h4>Nos services<\/h4>\n<p><span style=\"font-weight: 400;\">Au sein de La P\u2019tite Fac, nous proposons plusieurs services aux parents :<\/span><\/p>\n<ul>\n<li style=\"font-weight: 400;\"><span style=\"font-weight: 400;\">accueil r\u00e9gulier <\/span><\/li>\n<li style=\"font-weight: 400;\"><span style=\"font-weight: 400;\">accueil d&#8217;urgence<br \/>\n<\/span><\/li>\n<li style=\"font-weight: 400;\"><span style=\"font-weight: 400;\">accueil occasionnel (pour \u00eatre au courant des berceaux disponibles en occasionnel, n&#8217;h\u00e9sitez pas \u00e0 nous <a href=\"http:\/\/blog.ube.fr\/la-ptite-fac\/contact\/\">contacter<\/a>)<\/span><\/li>\n<\/ul>\n<p><span style=\"font-weight: 400;\">Notre organisation interne est con\u00e7ue de mani\u00e8re \u00e0 cr\u00e9er un environnement s\u00e9curis\u00e9 pour l\u2019enfant, et propice \u00e0 son d\u00e9veloppement personnel et en groupe, plus de d\u00e9tails sur notre page relative \u00e0 notre <a href=\"http:\/\/blog.ube.fr\/la-ptite-fac\/notre-projet\/\">projet \u00e9ducatif<\/a> et celle d\u00e9crivant <a href=\"http:\/\/blog.ube.fr\/la-ptite-fac\/notre-equipe\/\">l&#8217;organisation de la structure<\/a>.<br \/>\n<\/span><\/p>\n<p>&nbsp;<\/p>\n<h4><span style=\"font-weight: 400;\">Comment nous organisons-nous ? <\/span><\/h4>\n<p><span style=\"font-weight: 400;\">Les enfants sont r\u00e9partis en quatre groupes d&#8217;\u00e2ge.<br \/>\n<\/span><\/p>\n<p>&nbsp;<\/p>\n<p><img loading=\"lazy\" decoding=\"async\" class=\"wp-image-216 alignleft\" src=\"http:\/\/blog.ube.fr\/la-ptite-fac\/wp-content\/uploads\/sites\/110\/2019\/07\/Oursons.jpg\" alt=\"\" width=\"88\" height=\"107\" srcset=\"https:\/\/blog.ube.fr\/la-ptite-fac\/wp-content\/uploads\/sites\/110\/2019\/07\/Oursons.jpg 529w, https:\/\/blog.ube.fr\/la-ptite-fac\/wp-content\/uploads\/sites\/110\/2019\/07\/Oursons-246x300.jpg 246w\" sizes=\"auto, (max-width: 88px) 100vw, 88px\" \/><\/p>\n<p>&nbsp;<\/p>\n<p><span style=\"font-weight: 400;\"><strong>Les Oursons,<\/strong> de 2 mois et demi \u00e0 environ 9 mois : 11 enfants <\/span><\/p>\n<p>&nbsp;<\/p>\n<p>&nbsp;<\/p>\n<p><img loading=\"lazy\" decoding=\"async\" class=\"wp-image-214 alignleft\" src=\"http:\/\/blog.ube.fr\/la-ptite-fac\/wp-content\/uploads\/sites\/110\/2019\/07\/Lucioles.jpg\" alt=\"\" width=\"99\" height=\"98\" srcset=\"https:\/\/blog.ube.fr\/la-ptite-fac\/wp-content\/uploads\/sites\/110\/2019\/07\/Lucioles.jpg 670w, https:\/\/blog.ube.fr\/la-ptite-fac\/wp-content\/uploads\/sites\/110\/2019\/07\/Lucioles-150x150.jpg 150w, https:\/\/blog.ube.fr\/la-ptite-fac\/wp-content\/uploads\/sites\/110\/2019\/07\/Lucioles-300x296.jpg 300w\" sizes=\"auto, (max-width: 99px) 100vw, 99px\" \/><\/p>\n<p>&nbsp;<\/p>\n<p><span style=\"font-weight: 400;\"><strong>Les Lucioles,<\/strong> 9 mois \u00e0 environ 18 mois : 12 enfants <\/span><\/p>\n<p>&nbsp;<\/p>\n<p>&nbsp;<\/p>\n<p><img loading=\"lazy\" decoding=\"async\" class=\"wp-image-213 alignleft\" src=\"http:\/\/blog.ube.fr\/la-ptite-fac\/wp-content\/uploads\/sites\/110\/2019\/07\/Abeilles.jpg\" alt=\"\" width=\"91\" height=\"76\" srcset=\"https:\/\/blog.ube.fr\/la-ptite-fac\/wp-content\/uploads\/sites\/110\/2019\/07\/Abeilles.jpg 731w, https:\/\/blog.ube.fr\/la-ptite-fac\/wp-content\/uploads\/sites\/110\/2019\/07\/Abeilles-300x250.jpg 300w\" sizes=\"auto, (max-width: 91px) 100vw, 91px\" \/><\/p>\n<p>&nbsp;<\/p>\n<p><span style=\"font-weight: 400;\"><strong>Les Abeilles, <\/strong>18 mois \u00e0 environ 2 ans : 16 enfants<br \/>\n<\/span><\/p>\n<p>&nbsp;<\/p>\n<p>&nbsp;<\/p>\n<p><img loading=\"lazy\" decoding=\"async\" class=\"wp-image-215 alignleft\" src=\"http:\/\/blog.ube.fr\/la-ptite-fac\/wp-content\/uploads\/sites\/110\/2019\/07\/Ouistitis.jpg\" alt=\"\" width=\"98\" height=\"98\" srcset=\"https:\/\/blog.ube.fr\/la-ptite-fac\/wp-content\/uploads\/sites\/110\/2019\/07\/Ouistitis.jpg 687w, https:\/\/blog.ube.fr\/la-ptite-fac\/wp-content\/uploads\/sites\/110\/2019\/07\/Ouistitis-150x150.jpg 150w, https:\/\/blog.ube.fr\/la-ptite-fac\/wp-content\/uploads\/sites\/110\/2019\/07\/Ouistitis-300x300.jpg 300w\" sizes=\"auto, (max-width: 98px) 100vw, 98px\" \/><\/p>\n<p>&nbsp;<\/p>\n<p><span style=\"font-weight: 400;\"> <strong>Les Ouistitis, <\/strong>2 ans \u00e0 4 ans: 16 enfants<br \/>\n<\/span><\/p>\n<p>&nbsp;<\/p>\n<p>&nbsp;<\/p>\n","protected":false},"excerpt":{"rendered":"<p>Nos services Au sein de La P\u2019tite Fac, nous proposons plusieurs services aux parents : accueil r\u00e9gulier accueil d&#8217;urgence accueil occasionnel (pour \u00eatre au courant des berceaux disponibles en occasionnel, n&#8217;h\u00e9sitez pas \u00e0 nous contacter) Notre organisation interne est con\u00e7ue de mani\u00e8re \u00e0 cr\u00e9er un environnement s\u00e9curis\u00e9 pour l\u2019enfant, et propice \u00e0 son d\u00e9veloppement personnel&hellip;<\/p>\n<p class=\"more-link-p\"><a class=\"btn btn-primary\" href=\"https:\/\/blog.ube.fr\/la-ptite-fac\/la-ptite-fac\/\">Voir plus &rarr;<\/a><\/p>\n","protected":false},"author":608,"featured_media":0,"parent":0,"menu_order":0,"comment_status":"closed","ping_status":"closed","template":"","meta":{"footnotes":""},"class_list":["post-19","page","type-page","status-publish","hentry"],"_links":{"self":[{"href":"https:\/\/blog.ube.fr\/la-ptite-fac\/wp-json\/wp\/v2\/pages\/19","targetHints":{"allow":["GET"]}}],"collection":[{"href":"https:\/\/blog.ube.fr\/la-ptite-fac\/wp-json\/wp\/v2\/pages"}],"about":[{"href":"https:\/\/blog.ube.fr\/la-ptite-fac\/wp-json\/wp\/v2\/types\/page"}],"author":[{"embeddable":true,"href":"https:\/\/blog.ube.fr\/la-ptite-fac\/wp-json\/wp\/v2\/users\/608"}],"replies":[{"embeddable":true,"href":"https:\/\/blog.ube.fr\/la-ptite-fac\/wp-json\/wp\/v2\/comments?post=19"}],"version-history":[{"count":18,"href":"https:\/\/blog.ube.fr\/la-ptite-fac\/wp-json\/wp\/v2\/pages\/19\/revisions"}],"predecessor-version":[{"id":309,"href":"https:\/\/blog.ube.fr\/la-ptite-fac\/wp-json\/wp\/v2\/pages\/19\/revisions\/309"}],"wp:attachment":[{"href":"https:\/\/blog.ube.fr\/la-ptite-fac\/wp-json\/wp\/v2\/media?parent=19"}],"curies":[{"name":"wp","href":"https:\/\/api.w.org\/{rel}","templated":true}]}}