{"id":9,"date":"2016-06-09T12:49:37","date_gmt":"2016-06-09T11:49:37","guid":{"rendered":"http:\/\/blog.u-bourgogne.fr\/immuno-oncology\/?page_id=9"},"modified":"2024-10-28T07:28:32","modified_gmt":"2024-10-28T06:28:32","slug":"programme","status":"publish","type":"page","link":"https:\/\/blog.ube.fr\/immuno-oncology\/programme\/","title":{"rendered":"Programme"},"content":{"rendered":"<h3><strong><img loading=\"lazy\" decoding=\"async\" class=\"alignnone\" title=\"\" src=\"http:\/\/blog.ube.fr\/immuno-oncology\/wp-content\/uploads\/sites\/57\/2016\/06\/calendar.png\" alt=\"calendrier\" width=\"48\" height=\"48\" \/> Du 10 au 12 d\u00e9cembre 2024 &#8211; Maison des sciences de L&#8217;Homme, 6 Esplanade Erasme, Dijon<\/strong><\/h3>\n<hr \/>\n<p><strong><em>11<sup>\u00e8mes<\/sup> Journ\u00e9e d\u2019Immunologie et Immunoth\u00e9rapie des Cancers (JIIC)<\/em><\/strong><\/p>\n<p><strong><em>Salle de conf\u00e9rence, la Maison des Sciences de l\u2019Homme, Universit\u00e9 de Bourgogne Franche Comt\u00e9, Dijon<\/em><\/strong><\/p>\n<hr \/>\n<p><em><strong><u>Mardi 10 D\u00e9cembre :<\/u><\/strong><\/em><\/p>\n<p><strong>10h 30 \u2013 11h\u00a0:<\/strong> Accueil, caf\u00e9<\/p>\n<p><strong>11h \u2013 11h 45 : <\/strong>Les structures lympho\u00efdes tertiaires, du marqueur pronostique \u00e0 la cible th\u00e9rapeutique, <em><strong>Marie-Caroline Dieu-Nosjean<\/strong><\/em><\/p>\n<p><strong>11h45 \u2013 12h 30 : <\/strong>H\u00e9t\u00e9rog\u00e9n\u00e9it\u00e9 stromale, Immunosuppression et R\u00e9sistance aux traitements dans les Cancers,\u00a0<em><strong>Fatima Mechta-Grigoriou<\/strong><\/em><\/p>\n<p><strong>D\u00e9jeuner<\/strong><\/p>\n<p><b>13h45 \u2013 14h 30\u00a0<\/b>: La synapse immunologique dans le microenvironnement tumoral, <b><i>Romain Loyon<\/i><\/b><\/p>\n<p><strong>14h 30 \u2013 15h 15\u00a0:<\/strong> Macrophages subsets and T cell immunity in breast cancer,<em><strong> Julie Helft<\/strong><\/em><\/p>\n<p><strong>15h15 \u2013 16h\u00a0:<\/strong> Influence de la nutrition sur l&#8217;efficacit\u00e9 de la th\u00e9rapie anti-PD1,\u00a0<em><strong>Elodie Segura <\/strong><\/em><\/p>\n<p><strong>16h \u2013 16h 30\u00a0:<\/strong> Pause-caf\u00e9<\/p>\n<p><b>16h 30 \u2013 17h 15\u00a0:<\/b> STING agonism : obstacles and therapeutic opportunities?,\u00a0<b><i>Nadine <\/i><\/b><b><i>Laguette<\/i><\/b><\/p>\n<p><b>17h15 \u2013 18h\u00a0:<\/b> Targeting the immunosuppressive tumor microenvironment,\u00a0<b><i>Nathalie Bonnefoy<\/i><\/b><\/p>\n<p><strong><em>\u00a0<\/em><\/strong><\/p>\n<p><strong><u>Mercredi 11 D\u00e9cembre :<\/u><\/strong><\/p>\n<p><b>9h \u2013 9h 45 :<\/b> R\u00f4le de l&#8217;immunit\u00e9 intestinale dans l&#8217;immunosurveillance syst\u00e9mique du cancer, <b><i>Christel <\/i><\/b><b><i>Devaud<\/i><\/b><\/p>\n<p><strong>9h 45 \u2013 10h 30\u00a0:<\/strong> Targeting Tregs in cancer : a translational approach, <strong><em>Eliane Piaggio<\/em><\/strong><\/p>\n<p><strong>10h 30 \u2013 11h\u00a0:<\/strong> Pause-caf\u00e9<\/p>\n<p><b>11h \u2013 11h 45\u00a0:<\/b> R\u00f4le de l\u2019IL1-b dans la r\u00e9ponse \u00e0 la chimio-immunoth\u00e9rapie,\u00a0<b><i>C\u00e9dric <\/i><\/b><b><i>R\u00e9b\u00e9<\/i><\/b><\/p>\n<p><b>11h 45 \u2013 12h 30\u00a0<\/b><b>:<\/b> Identification and function of the dendritic cell landscape in human tumors,\u00a0<b><i>Jenny <\/i><\/b><b><i>Valladeau-Guilemond<\/i><\/b><\/p>\n<p><strong>D\u00e9jeuner <\/strong><strong>\u00a0<\/strong><\/p>\n<p><strong>13h45 \u2013 14h 30\u00a0:<\/strong>\u00a0Biologie tumorale associ\u00e9e \u00e0 l\u2019efficacit\u00e9 et la r\u00e9sistance des combinaisons anti-PD1 + anti-CTLA4 dans les m\u00e9lanomes m\u00e9tastatiques,\u00a0<em><strong>Sandrine Susini<\/strong><\/em><\/p>\n<p><strong>14h 30 \u2013 15h 15 :<\/strong> Immunoth\u00e9rapie des cancers du colon MSS, <strong><em>Fran\u00e7ois Ghiringhelli<\/em><\/strong><\/p>\n<p><b>15h 15 \u2013 16h : <\/b>Switching off the wrong signal: DHN-198&#8217;s surprising role in TLR4 Blockade for Cancer Immunotherapy<b><i>, Catherine Paul<\/i><\/b><\/p>\n<p><b>16h \u2013 16h 30\u00a0:<\/b> Pause-caf\u00e9<\/p>\n<p><b>16h 30 \u2013 17h 15\u00a0:<\/b> Comprendre et am\u00e9liorer le fonctionnement des cellules CAR-T, <b><i>Emmanuel Donnadieu <\/i><\/b><\/p>\n<p><b>17h 15 \u2013 18h : <\/b>Exploring cancer microenvironment dynamics: The role of dyslipidemia in tumorigenesis and radiotherapy-induced galectin-9 in triple negative breast cancer<b>,\u00a0<\/b><b><i>St\u00e9phane <\/i><\/b><b><i>Potteaux<\/i><\/b><\/p>\n<p><em><strong><u>Jeudi 12 D\u00e9cembre :<\/u><\/strong><\/em><\/p>\n<p><b>9h \u2013 9h 45 :<\/b>\u00a0Regulation of NK cell biology and plasticity in cancer, <b><i>Nathalie <\/i><\/b><b><i>Bendriss-Vermare<\/i><\/b><\/p>\n<p><b>9h 45 \u2013 10h 30\u00a0: <\/b>Ciblage th\u00e9rapeutique des neutrophiles: l\u2019immunoth\u00e9rapie de demain? <b><i>Marie-C\u00e9cile <\/i><\/b><b><i>Michallet<\/i><\/b><\/p>\n<p><strong>10h 30 \u2013 11h\u00a0:<\/strong> Pause-caf\u00e9<\/p>\n<p><b>11h \u2013 11h 45\u00a0:<\/b> Nouveaut\u00e9s dans les vaccins anti-cancers, <b><i>Olivier <\/i><\/b><b><i>Adot\u00e9vi<\/i><\/b><\/p>\n<p><strong>11h 45 \u2013 12h 30\u00a0:<\/strong> Intracellular immune checkpoints<em>,\u00a0<strong>Jacques Nunes<\/strong><\/em><\/p>\n<p><strong>12h 30 \u2013 12h 45\u00a0:<\/strong> Cl\u00f4ture<\/p>\n<p style=\"text-align: center;\">T\u00e9l\u00e9charger le programme<\/p>\n<p style=\"text-align: center;\"><a href=\"http:\/\/blog.ube.fr\/immuno-oncology\/wp-content\/uploads\/sites\/57\/2024\/10\/JIIC_2024v4.pdf\" target=\"_blank\" rel=\"noopener noreferrer\"><img loading=\"lazy\" decoding=\"async\" class=\"transparent aligncenter\" src=\"http:\/\/blog.ube.fr\/immuno-oncology\/wp-content\/uploads\/sites\/57\/2016\/06\/pdf.png\" alt=\"png\" width=\"50\" height=\"50\" \/><\/a><\/p>\n<p style=\"text-align: center;\">\n","protected":false},"excerpt":{"rendered":"<p>Du 10 au 12 d\u00e9cembre 2024 &#8211; Maison des sciences de L&#8217;Homme, 6 Esplanade Erasme, Dijon 11\u00e8mes Journ\u00e9e d\u2019Immunologie et Immunoth\u00e9rapie des Cancers (JIIC) Salle de conf\u00e9rence, la Maison des Sciences de l\u2019Homme, Universit\u00e9 de Bourgogne Franche Comt\u00e9, Dijon Mardi 10 D\u00e9cembre : 10h 30 \u2013 11h\u00a0: Accueil, caf\u00e9 11h \u2013 11h 45 : Les<\/p>\n<p><a class=\"button\" href=\"https:\/\/blog.ube.fr\/immuno-oncology\/programme\/\" title=\"More\">  Voir plus \u2192<\/a><\/p>\n","protected":false},"author":260,"featured_media":0,"parent":0,"menu_order":0,"comment_status":"closed","ping_status":"closed","template":"","meta":{"footnotes":""},"class_list":["post-9","page","type-page","status-publish","hentry"],"_links":{"self":[{"href":"https:\/\/blog.ube.fr\/immuno-oncology\/wp-json\/wp\/v2\/pages\/9","targetHints":{"allow":["GET"]}}],"collection":[{"href":"https:\/\/blog.ube.fr\/immuno-oncology\/wp-json\/wp\/v2\/pages"}],"about":[{"href":"https:\/\/blog.ube.fr\/immuno-oncology\/wp-json\/wp\/v2\/types\/page"}],"author":[{"embeddable":true,"href":"https:\/\/blog.ube.fr\/immuno-oncology\/wp-json\/wp\/v2\/users\/260"}],"replies":[{"embeddable":true,"href":"https:\/\/blog.ube.fr\/immuno-oncology\/wp-json\/wp\/v2\/comments?post=9"}],"version-history":[{"count":105,"href":"https:\/\/blog.ube.fr\/immuno-oncology\/wp-json\/wp\/v2\/pages\/9\/revisions"}],"predecessor-version":[{"id":633,"href":"https:\/\/blog.ube.fr\/immuno-oncology\/wp-json\/wp\/v2\/pages\/9\/revisions\/633"}],"wp:attachment":[{"href":"https:\/\/blog.ube.fr\/immuno-oncology\/wp-json\/wp\/v2\/media?parent=9"}],"curies":[{"name":"wp","href":"https:\/\/api.w.org\/{rel}","templated":true}]}}