{"id":4,"date":"2016-06-09T12:45:03","date_gmt":"2016-06-09T11:45:03","guid":{"rendered":"http:\/\/blog.u-bourgogne.fr\/immuno-oncology\/?page_id=4"},"modified":"2024-06-10T12:23:25","modified_gmt":"2024-06-10T11:23:25","slug":"presentation","status":"publish","type":"page","link":"https:\/\/blog.ube.fr\/immuno-oncology\/","title":{"rendered":"Pr\u00e9sentation"},"content":{"rendered":"<p align=\"justify\">Ces journ\u00e9es sont triennales, les conf\u00e9rences donn\u00e9es en fran\u00e7ais durent 30 min suivies de 15 min de discussion.<br \/>\nElles sont organis\u00e9es par des membres du Centre de recherche Translationnelle en M\u00e9decine mol\u00e9culaire (CTM U1231) et de l&#8217;EPHE-PSL (C. Paul et S. Plenchette)<\/p>\n<table border=\"0\" cellspacing=\"20\" cellpadding=\"0\" align=\"center\">\n<tbody>\n<tr>\n<td>\n<p style=\"text-align: center;\"><strong>11<sup>\u00e8mes<\/sup> journ\u00e9es d&#8217;immunologie et immunoth\u00e9rapie des cancers<\/strong><\/p>\n<p style=\"text-align: center;\">Du 10 au 12 d\u00e9cembre 2024, Dijon<\/p>\n<p style=\"text-align: center;\">Maison des Sciences de L&#8217;Homme.<\/p>\n<p>\u00a0 \u00a0 \u00a0 \u00a0 \u00a0 \u00a0 \u00a0 \u00a0 \u00a0 \u00a0 \u00a0 \u00a0 \u00a0 \u00a0 \u00a06 Esplanade Erasme , DIJON<\/p>\n<p>&nbsp;<\/p>\n<p>&nbsp;<\/p>\n<p style=\"text-align: center;\">\n<\/td>\n<td width=\"15%\"><\/td>\n<td><img loading=\"lazy\" decoding=\"async\" src=\"https:\/\/blog.ube.fr\/immuno-oncology\/wp-content\/uploads\/sites\/57\/2017\/05\/Place_Darcy.jpg\" alt=\"\" width=\"370\" height=\"246\" \/><\/p>\n<p style=\"text-align: center;\"><span style=\"color: grey; font-size: xx-small;\">\u00a9 Ville de Dijon<\/span><\/p>\n<\/td>\n<\/tr>\n<\/tbody>\n<\/table>\n<p><img loading=\"lazy\" decoding=\"async\" class=\"aligncenter\" title=\"\" src=\"https:\/\/blog.ube.fr\/immuno-oncology\/wp-content\/uploads\/sites\/57\/2017\/05\/placelibe.jpg\" alt=\"\" width=\"960\" height=\"331\" \/><\/p>\n","protected":false},"excerpt":{"rendered":"<p>Ces journ\u00e9es sont triennales, les conf\u00e9rences donn\u00e9es en fran\u00e7ais durent 30 min suivies de 15 min de discussion. Elles sont organis\u00e9es par des membres du Centre de recherche Translationnelle en M\u00e9decine mol\u00e9culaire (CTM U1231) et de l&#8217;EPHE-PSL (C. Paul et S. Plenchette) 11\u00e8mes journ\u00e9es d&#8217;immunologie et immunoth\u00e9rapie des cancers Du 10 au 12 d\u00e9cembre 2024,<\/p>\n<p><a class=\"button\" href=\"https:\/\/blog.ube.fr\/immuno-oncology\/\" title=\"More\">  Voir plus \u2192<\/a><\/p>\n","protected":false},"author":260,"featured_media":0,"parent":0,"menu_order":0,"comment_status":"closed","ping_status":"closed","template":"","meta":{"footnotes":""},"class_list":["post-4","page","type-page","status-publish","hentry"],"_links":{"self":[{"href":"https:\/\/blog.ube.fr\/immuno-oncology\/wp-json\/wp\/v2\/pages\/4","targetHints":{"allow":["GET"]}}],"collection":[{"href":"https:\/\/blog.ube.fr\/immuno-oncology\/wp-json\/wp\/v2\/pages"}],"about":[{"href":"https:\/\/blog.ube.fr\/immuno-oncology\/wp-json\/wp\/v2\/types\/page"}],"author":[{"embeddable":true,"href":"https:\/\/blog.ube.fr\/immuno-oncology\/wp-json\/wp\/v2\/users\/260"}],"replies":[{"embeddable":true,"href":"https:\/\/blog.ube.fr\/immuno-oncology\/wp-json\/wp\/v2\/comments?post=4"}],"version-history":[{"count":84,"href":"https:\/\/blog.ube.fr\/immuno-oncology\/wp-json\/wp\/v2\/pages\/4\/revisions"}],"predecessor-version":[{"id":555,"href":"https:\/\/blog.ube.fr\/immuno-oncology\/wp-json\/wp\/v2\/pages\/4\/revisions\/555"}],"wp:attachment":[{"href":"https:\/\/blog.ube.fr\/immuno-oncology\/wp-json\/wp\/v2\/media?parent=4"}],"curies":[{"name":"wp","href":"https:\/\/api.w.org\/{rel}","templated":true}]}}

Présentation

<p align="justify">Ces journées sont triennales, les conférences données en français durent 30 min suivies de 15 min de discussion.<br />
Elles sont organisées par des membres du Centre de recherche Translationnelle en Médecine moléculaire (CTM U1231) et de l&#8217;EPHE-PSL (C. Paul et S. Plenchette)</p>
<table border="0" cellspacing="20" cellpadding="0" align="center">
<tbody>
<tr>
<td>
<p style="text-align: center;"><strong>11<sup>èmes</sup> journées d&#8217;immunologie et immunothérapie des cancers</strong></p>
<p style="text-align: center;">Du 10 au 12 décembre 2024, Dijon</p>
<p style="text-align: center;">Maison des Sciences de L&#8217;Homme.</p>
<p>                             6 Esplanade Erasme , DIJON</p>
<p>&nbsp;</p>
<p>&nbsp;</p>
<p style="text-align: center;">
</td>
<td width="15%"></td>
<td><img loading="lazy" decoding="async" src="https://blog.ube.fr/immuno-oncology/wp-content/uploads/sites/57/2017/05/Place_Darcy.jpg" alt="" width="370" height="246" /></p>
<p style="text-align: center;"><span style="color: grey; font-size: xx-small;">© Ville de Dijon</span></p>
</td>
</tr>
</tbody>
</table>
<p><img loading="lazy" decoding="async" class="aligncenter" title="" src="https://blog.ube.fr/immuno-oncology/wp-content/uploads/sites/57/2017/05/placelibe.jpg" alt="" width="960" height="331" /></p>

<p>Ces journées sont triennales, les conférences données en français durent 30 min suivies de 15 min de discussion. Elles sont organisées par des membres du Centre de recherche Translationnelle en Médecine moléculaire (CTM U1231) et de l&#8217;EPHE-PSL (C. Paul et S. Plenchette) 11èmes journées d&#8217;immunologie et immunothérapie des cancers Du 10 au 12 décembre 2024,</p>
<p><a class="button" href="https://blog.ube.fr/immuno-oncology/" title="More">  Voir plus →</a></p>
