{"id":19,"date":"2016-06-09T13:04:45","date_gmt":"2016-06-09T12:04:45","guid":{"rendered":"http:\/\/blog.u-bourgogne.fr\/immuno-oncology\/?page_id=19"},"modified":"2024-06-12T09:51:45","modified_gmt":"2024-06-12T08:51:45","slug":"soutiens","status":"publish","type":"page","link":"https:\/\/blog.ube.fr\/immuno-oncology\/soutiens\/","title":{"rendered":"Soutiens"},"content":{"rendered":"<p>Les journ\u00e9es d&#8217;immunologie et immunoth\u00e9rapie des cancers sont organis\u00e9es par le laboratoire d&#8217;immunologie et immunoth\u00e9rapie des cancers de l&#8217;EPHE assist\u00e9 des services de l&#8217;Universit\u00e9 de Bourgogne.<\/p>\n<table style=\"width: 48.161%; height: 568px;\" border=\"0\" cellspacing=\"20\" cellpadding=\"0\" align=\"center\">\n<tbody>\n<tr style=\"height: 248px;\">\n<td style=\"width: 43.75%; height: 248px;\" valign=\"middle\"><img loading=\"lazy\" decoding=\"async\" class=\"aligncenter size-full wp-image-589\" src=\"http:\/\/blog.ube.fr\/immuno-oncology\/wp-content\/uploads\/sites\/57\/2024\/06\/3_Template_ligue-1-scaled.jpg\" alt=\"\" width=\"2560\" height=\"1440\" srcset=\"https:\/\/blog.ube.fr\/immuno-oncology\/wp-content\/uploads\/sites\/57\/2024\/06\/3_Template_ligue-1-scaled.jpg 2560w, https:\/\/blog.ube.fr\/immuno-oncology\/wp-content\/uploads\/sites\/57\/2024\/06\/3_Template_ligue-1-768x432.jpg 768w, https:\/\/blog.ube.fr\/immuno-oncology\/wp-content\/uploads\/sites\/57\/2024\/06\/3_Template_ligue-1-1536x864.jpg 1536w, https:\/\/blog.ube.fr\/immuno-oncology\/wp-content\/uploads\/sites\/57\/2024\/06\/3_Template_ligue-1-2048x1152.jpg 2048w\" sizes=\"auto, (max-width: 2560px) 100vw, 2560px\" \/><\/td>\n<td style=\"width: 5.50847%; height: 248px;\" valign=\"middle\"><\/td>\n<td style=\"width: 42.0551%; height: 248px;\" valign=\"middle\"><img loading=\"lazy\" decoding=\"async\" class=\"aligncenter size-full wp-image-590\" src=\"http:\/\/blog.ube.fr\/immuno-oncology\/wp-content\/uploads\/sites\/57\/2024\/06\/3_Template_canceropole-scaled.jpg\" alt=\"\" width=\"2560\" height=\"1440\" srcset=\"https:\/\/blog.ube.fr\/immuno-oncology\/wp-content\/uploads\/sites\/57\/2024\/06\/3_Template_canceropole-scaled.jpg 2560w, https:\/\/blog.ube.fr\/immuno-oncology\/wp-content\/uploads\/sites\/57\/2024\/06\/3_Template_canceropole-768x432.jpg 768w, https:\/\/blog.ube.fr\/immuno-oncology\/wp-content\/uploads\/sites\/57\/2024\/06\/3_Template_canceropole-1536x864.jpg 1536w, https:\/\/blog.ube.fr\/immuno-oncology\/wp-content\/uploads\/sites\/57\/2024\/06\/3_Template_canceropole-2048x1152.jpg 2048w\" sizes=\"auto, (max-width: 2560px) 100vw, 2560px\" \/><\/td>\n<\/tr>\n<tr style=\"height: 248px;\">\n<td style=\"width: 43.75%; height: 248px;\" valign=\"middle\"><img loading=\"lazy\" decoding=\"async\" class=\"aligncenter size-full wp-image-597\" src=\"http:\/\/blog.ube.fr\/immuno-oncology\/wp-content\/uploads\/sites\/57\/2024\/06\/3_Template_powerpoint_EPHE_PSL-1-5-scaled.jpg\" alt=\"\" width=\"2560\" height=\"1440\" srcset=\"https:\/\/blog.ube.fr\/immuno-oncology\/wp-content\/uploads\/sites\/57\/2024\/06\/3_Template_powerpoint_EPHE_PSL-1-5-scaled.jpg 2560w, https:\/\/blog.ube.fr\/immuno-oncology\/wp-content\/uploads\/sites\/57\/2024\/06\/3_Template_powerpoint_EPHE_PSL-1-5-768x432.jpg 768w, https:\/\/blog.ube.fr\/immuno-oncology\/wp-content\/uploads\/sites\/57\/2024\/06\/3_Template_powerpoint_EPHE_PSL-1-5-1536x864.jpg 1536w, https:\/\/blog.ube.fr\/immuno-oncology\/wp-content\/uploads\/sites\/57\/2024\/06\/3_Template_powerpoint_EPHE_PSL-1-5-2048x1152.jpg 2048w\" sizes=\"auto, (max-width: 2560px) 100vw, 2560px\" \/><\/td>\n<td style=\"width: 5.50847%; height: 248px;\" valign=\"middle\"><\/td>\n<td style=\"width: 42.0551%; height: 248px;\" valign=\"middle\"><img loading=\"lazy\" decoding=\"async\" class=\"aligncenter size-full wp-image-595\" src=\"http:\/\/blog.ube.fr\/immuno-oncology\/wp-content\/uploads\/sites\/57\/2024\/06\/3_Template_UB-1-2-scaled.jpg\" alt=\"\" width=\"2560\" height=\"1440\" srcset=\"https:\/\/blog.ube.fr\/immuno-oncology\/wp-content\/uploads\/sites\/57\/2024\/06\/3_Template_UB-1-2-scaled.jpg 2560w, https:\/\/blog.ube.fr\/immuno-oncology\/wp-content\/uploads\/sites\/57\/2024\/06\/3_Template_UB-1-2-768x432.jpg 768w, https:\/\/blog.ube.fr\/immuno-oncology\/wp-content\/uploads\/sites\/57\/2024\/06\/3_Template_UB-1-2-1536x864.jpg 1536w, https:\/\/blog.ube.fr\/immuno-oncology\/wp-content\/uploads\/sites\/57\/2024\/06\/3_Template_UB-1-2-2048x1152.jpg 2048w\" sizes=\"auto, (max-width: 2560px) 100vw, 2560px\" \/><\/td>\n<\/tr>\n<tr style=\"height: 24px;\">\n<td style=\"width: 43.75%; height: 24px;\" valign=\"middle\"><\/td>\n<td style=\"width: 5.50847%; height: 24px;\" valign=\"middle\"><\/td>\n<td style=\"width: 42.0551%; height: 24px;\" valign=\"middle\"><\/td>\n<\/tr>\n<tr style=\"height: 24px;\">\n<td style=\"width: 43.75%; height: 24px;\" valign=\"middle\"><\/td>\n<td style=\"width: 5.50847%; height: 24px;\" valign=\"middle\"><\/td>\n<td style=\"width: 42.0551%; height: 24px;\" valign=\"middle\"><\/td>\n<\/tr>\n<tr style=\"height: 24px;\">\n<td style=\"width: 43.75%; height: 24px;\" valign=\"middle\"><\/td>\n<td style=\"width: 5.50847%; height: 24px;\" valign=\"middle\"><\/td>\n<td style=\"width: 42.0551%; height: 24px;\" valign=\"middle\"><\/td>\n<\/tr>\n<\/tbody>\n<\/table>\n<p>&nbsp;<\/p>\n","protected":false},"excerpt":{"rendered":"<p>Les journ\u00e9es d&#8217;immunologie et immunoth\u00e9rapie des cancers sont organis\u00e9es par le laboratoire d&#8217;immunologie et immunoth\u00e9rapie des cancers de l&#8217;EPHE assist\u00e9 des services de l&#8217;Universit\u00e9 de Bourgogne. &nbsp;<\/p>\n","protected":false},"author":260,"featured_media":0,"parent":0,"menu_order":0,"comment_status":"closed","ping_status":"closed","template":"","meta":{"footnotes":""},"class_list":["post-19","page","type-page","status-publish","hentry"],"_links":{"self":[{"href":"https:\/\/blog.ube.fr\/immuno-oncology\/wp-json\/wp\/v2\/pages\/19","targetHints":{"allow":["GET"]}}],"collection":[{"href":"https:\/\/blog.ube.fr\/immuno-oncology\/wp-json\/wp\/v2\/pages"}],"about":[{"href":"https:\/\/blog.ube.fr\/immuno-oncology\/wp-json\/wp\/v2\/types\/page"}],"author":[{"embeddable":true,"href":"https:\/\/blog.ube.fr\/immuno-oncology\/wp-json\/wp\/v2\/users\/260"}],"replies":[{"embeddable":true,"href":"https:\/\/blog.ube.fr\/immuno-oncology\/wp-json\/wp\/v2\/comments?post=19"}],"version-history":[{"count":31,"href":"https:\/\/blog.ube.fr\/immuno-oncology\/wp-json\/wp\/v2\/pages\/19\/revisions"}],"predecessor-version":[{"id":588,"href":"https:\/\/blog.ube.fr\/immuno-oncology\/wp-json\/wp\/v2\/pages\/19\/revisions\/588"}],"wp:attachment":[{"href":"https:\/\/blog.ube.fr\/immuno-oncology\/wp-json\/wp\/v2\/media?parent=19"}],"curies":[{"name":"wp","href":"https:\/\/api.w.org\/{rel}","templated":true}]}}