{"id":519,"date":"2018-02-15T11:13:41","date_gmt":"2018-02-15T10:13:41","guid":{"rendered":"http:\/\/blog.u-bourgogne.fr\/ica2019\/?page_id=519"},"modified":"2019-08-12T12:47:22","modified_gmt":"2019-08-12T11:47:22","slug":"committees","status":"publish","type":"page","link":"https:\/\/blog.ube.fr\/ica2019\/committees\/","title":{"rendered":"Committees"},"content":{"rendered":"<p>ORGANIZING COMMITTEE<\/p>\n<p>The colloquium is organized by researchers, technicians and PhD students from the laboratory Biog\u00e9osciences (Dijon) and the laboratory Chrono-environnement (Besan\u00e7on), both at the University Bourgogne Franche-Comt\u00e9.<\/p>\n<p>Aude Balourdet (Dijon)<\/p>\n<p>Laetitia Bassereau-Vauthier (Dijon)<\/p>\n<p>Alexandre Bauer (Dijon)<\/p>\n<p>Edwijis Castro-Mercader (Dijon)<\/p>\n<p>Claire Fabre (Dijon)<\/p>\n<p>Marion Fayard (Dijon)<\/p>\n<p>S\u00e9bastien Motreuil (Dijon)<\/p>\n<p>Adrien Quiles (Dijon)<\/p>\n<p>Thierry Rigaud (coordinator, Dijon)<\/p>\n<p>Isabelle Santacroce (Dijon)<\/p>\n<p>Jean-Emmanuel Rollin (Dijon)<\/p>\n<p>Maria Teixieira (Dijon)<\/p>\n<p>Nicole Vitale (Dijon)<\/p>\n<p>R\u00e9mi Wattier (coordinator, Dijon)<\/p>\n<p>&nbsp;<\/p>\n<p>SCIENTIFIC COMMITTEE<\/p>\n<p>Jan Beermann (Alfred Wegener Institute, Germany)<\/p>\n<p>Lo\u00efc Bollache (France)<\/p>\n<p>Oliver Coleman (Museum f\u00fcr Naturkunde, Germany)<\/p>\n<p>Filipe Costa (Universidade do Minho, Portugal)<\/p>\n<p>Cene Fiser (Slovenia)<\/p>\n<p>Michal Grabowski (University of Lodz, Poland)<\/p>\n<p>Jos\u00e9 Guerra Garc\u00eda (University of Sevilla, Spain)<\/p>\n<p>Ed Hendrycks (Canadian Museum of Nature, Ottawa, Canada)<\/p>\n<p>Lauren Hughes (UK)<\/p>\n<p>Anne-Nina L\u00f6rz (National Institute of Water and Atmospheric Research, New Zealand)<\/p>\n<p>Yannick Moret (France)<\/p>\n<p>Murat Ozbek (Turkey)<\/p>\n<p>Marie-Jeanne Perrot-Minot (France)<\/p>\n<p>Cristiana Serejo (Museu\u00a0 Nacional, Universidade Federal do Rio de Janeiro, RJ, Brazil)<\/p>\n<p>Anne-Helen Tanberg (University Museum of Bergen, Norway)<\/p>\n<p>&nbsp;<\/p>\n<p>HONORARY COMMITTEE<\/p>\n<p>Faouzia Charfi-Cheikhrouha (Tunisia)<\/p>\n<p>Claude de Broyer (Belgium)<\/p>\n<p>Krzysztof Jazdzewski (Poland)<\/p>\n<p>Gordan Karaman (Montenegro)<\/p>\n<p>Traudl Krapp-Schickel (Germany)<\/p>\n<p>Jim Lowry (Australian)<\/p>\n<p>Ilona Musk\u00f3 (Hungary)<\/p>\n<p>Alan Myers (Ireland)<\/p>\n<p>Boris Sket (Slovenia)<\/p>\n<p>Wim Vader (Norway)<\/p>\n","protected":false},"excerpt":{"rendered":"<p>ORGANIZING COMMITTEE The colloquium is organized by researchers, technicians and PhD students from the laboratory Biog\u00e9osciences (Dijon) and the laboratory Chrono-environnement (Besan\u00e7on), both at the University Bourgogne Franche-Comt\u00e9. Aude Balourdet (Dijon) Laetitia Bassereau-Vauthier (Dijon) Alexandre Bauer (Dijon) Edwijis Castro-Mercader (Dijon) Claire Fabre (Dijon) Marion Fayard (Dijon) S\u00e9bastien Motreuil (Dijon) Adrien Quiles (Dijon) Thierry Rigaud (coordinator,&hellip;<\/p>\n<p class=\"more-link-p\"><a class=\"btn btn-primary\" href=\"https:\/\/blog.ube.fr\/ica2019\/committees\/\">Voir plus &rarr;<\/a><\/p>\n","protected":false},"author":358,"featured_media":0,"parent":0,"menu_order":0,"comment_status":"closed","ping_status":"closed","template":"","meta":{"footnotes":""},"class_list":["post-519","page","type-page","status-publish","hentry"],"_links":{"self":[{"href":"https:\/\/blog.ube.fr\/ica2019\/wp-json\/wp\/v2\/pages\/519","targetHints":{"allow":["GET"]}}],"collection":[{"href":"https:\/\/blog.ube.fr\/ica2019\/wp-json\/wp\/v2\/pages"}],"about":[{"href":"https:\/\/blog.ube.fr\/ica2019\/wp-json\/wp\/v2\/types\/page"}],"author":[{"embeddable":true,"href":"https:\/\/blog.ube.fr\/ica2019\/wp-json\/wp\/v2\/users\/358"}],"replies":[{"embeddable":true,"href":"https:\/\/blog.ube.fr\/ica2019\/wp-json\/wp\/v2\/comments?post=519"}],"version-history":[{"count":8,"href":"https:\/\/blog.ube.fr\/ica2019\/wp-json\/wp\/v2\/pages\/519\/revisions"}],"predecessor-version":[{"id":696,"href":"https:\/\/blog.ube.fr\/ica2019\/wp-json\/wp\/v2\/pages\/519\/revisions\/696"}],"wp:attachment":[{"href":"https:\/\/blog.ube.fr\/ica2019\/wp-json\/wp\/v2\/media?parent=519"}],"curies":[{"name":"wp","href":"https:\/\/api.w.org\/{rel}","templated":true}]}}