{"id":702,"date":"2020-03-11T16:29:54","date_gmt":"2020-03-11T15:29:54","guid":{"rendered":"https:\/\/blog.u-bourgogne.fr\/du-formation-civile-civique\/?page_id=702"},"modified":"2025-01-31T15:52:22","modified_gmt":"2025-01-31T14:52:22","slug":"programme","status":"publish","type":"page","link":"https:\/\/blog.ube.fr\/du-formation-civile-civique\/programme\/","title":{"rendered":"Programme"},"content":{"rendered":"<p>&nbsp;<\/p>\n<p>Les s\u00e9ances de ce DU auront lieu en visiophonie et sur site un samedi par mois.<\/p>\n<p>Cette formation d\u00e9livre la certification \u00ab Gestion du fait religieux et la\u00efcit\u00e9 \u2013 La\u00efcit\u00e9, religion et citoyennet\u00e9 \u00bb enregistr\u00e9e au <a href=\"https:\/\/www.francecompetences.fr\/recherche\/rs\/6489\/\">R\u00e9pertoire Sp\u00e9cifique (France comp\u00e9tences) sous le num\u00e9ro \u00ab RS6489. \u00bb<\/a>.<\/p>\n<p><strong>Codes NSF<\/strong> :<\/p>\n<p>120 (Sp\u00e9cialit\u00e9s pluridisciplinaires, sciences humaines et droit),<\/p>\n<p>127 (Philosophie, \u00e9thique et th\u00e9ologie),<\/p>\n<p>128 (Droit, sciences politiques)<\/p>\n<p>La formation est \u00e9ligible au CPF.<\/p>\n<p><a href=\"https:\/\/blog.ube.fr\/du-formation-civile-civique\/wp-content\/uploads\/sites\/143\/2025\/01\/Logo-RS-france-competences.png\"><img loading=\"lazy\" decoding=\"async\" class=\"alignnone size-medium wp-image-775\" src=\"https:\/\/blog.ube.fr\/du-formation-civile-civique\/wp-content\/uploads\/sites\/143\/2025\/01\/Logo-RS-france-competences-300x153.png\" alt=\"\" width=\"300\" height=\"153\" srcset=\"https:\/\/blog.ube.fr\/du-formation-civile-civique\/wp-content\/uploads\/sites\/143\/2025\/01\/Logo-RS-france-competences-300x153.png 300w, https:\/\/blog.ube.fr\/du-formation-civile-civique\/wp-content\/uploads\/sites\/143\/2025\/01\/Logo-RS-france-competences.png 666w\" sizes=\"auto, (max-width: 300px) 100vw, 300px\" \/><\/a><\/p>\n<p><a href=\"https:\/\/blog.ube.fr\/du-formation-civile-civique\/wp-content\/uploads\/sites\/143\/2020\/03\/programme.png\"><img loading=\"lazy\" decoding=\"async\" class=\"alignnone size-medium wp-image-725\" src=\"https:\/\/blog.ube.fr\/du-formation-civile-civique\/wp-content\/uploads\/sites\/143\/2020\/03\/programme-300x40.png\" alt=\"\" width=\"300\" height=\"40\" srcset=\"https:\/\/blog.ube.fr\/du-formation-civile-civique\/wp-content\/uploads\/sites\/143\/2020\/03\/programme-300x40.png 300w, https:\/\/blog.ube.fr\/du-formation-civile-civique\/wp-content\/uploads\/sites\/143\/2020\/03\/programme.png 523w\" sizes=\"auto, (max-width: 300px) 100vw, 300px\" \/><\/a><\/p>\n<p><strong>UE1<\/strong> Histoire et Connaissance pratique de la la\u00efcit\u00e9 (70h)<br \/>\nL\u2019histoire de la la\u00efcit\u00e9 commence avec la reconnaissance de l\u2019\u00e9galit\u00e9 en droits des citoyens, quoi qu\u2019il en soit de leur appartenance confessionnelle.<\/p>\n<p><strong>UE2<\/strong> La\u00efcit\u00e9, religions, soci\u00e9t\u00e9 et travail (35h)<\/p>\n<p><strong>UE3 <\/strong>Cas pratiques, m\u00e9moire professionnel, sciences humaines et sociales des religions (35h)<\/p>\n<p>&nbsp;<\/p>\n<p><a href=\"https:\/\/blog.ube.fr\/du-formation-civile-civique\/wp-content\/uploads\/sites\/143\/2024\/06\/plaquette-DU-Laicite-2024_3.pdf\" rel=\"\"><img loading=\"lazy\" decoding=\"async\" class=\"alignnone wp-image-740 size-medium\" src=\"https:\/\/blog.ube.fr\/du-formation-civile-civique\/wp-content\/uploads\/sites\/143\/2020\/03\/t\u00e9l\u00e9chargement-300x67.png\" alt=\"\" width=\"300\" height=\"67\" srcset=\"https:\/\/blog.ube.fr\/du-formation-civile-civique\/wp-content\/uploads\/sites\/143\/2020\/03\/t\u00e9l\u00e9chargement-300x67.png 300w, https:\/\/blog.ube.fr\/du-formation-civile-civique\/wp-content\/uploads\/sites\/143\/2020\/03\/t\u00e9l\u00e9chargement-1024x228.png 1024w, https:\/\/blog.ube.fr\/du-formation-civile-civique\/wp-content\/uploads\/sites\/143\/2020\/03\/t\u00e9l\u00e9chargement-768x171.png 768w, https:\/\/blog.ube.fr\/du-formation-civile-civique\/wp-content\/uploads\/sites\/143\/2020\/03\/t\u00e9l\u00e9chargement.png 1040w\" sizes=\"auto, (max-width: 300px) 100vw, 300px\" \/><\/a><\/p>\n<p>&nbsp;<\/p>\n<p><strong>Enseignants et intervenants :<\/strong><\/p>\n<ul>\n<li>C\u00e9cile Caseau-Roche Droit priv\u00e9, Universit\u00e9 de Bourgogne<\/li>\n<li>Andr\u00e9 Dauteribes Droit public, Universit\u00e9 de Bourgogne<\/li>\n<li>Anne Fornerod, Droit public, Charg\u00e9e de recherche CNRS Universit\u00e9 de Strasbourg<\/li>\n<li>Fr\u00e9d\u00e9ric Orobon Philosophie, Insp\u00e9 de Bourgogne<\/li>\n<li>Eric Vinson, docteur en science politique, chercheur associ\u00e9 au laboratoire Groupe Soci\u00e9t\u00e9s, Religions, La\u00efcit\u00e9s de l\u2019\u00c9cole pratique des hautes \u00e9tudes<\/li>\n<li>Michel Youn\u00e8s, Th\u00e9ologie, Ucly.<\/li>\n<\/ul>\n<p><a href=\"https:\/\/blog.ube.fr\/du-formation-civile-civique\/wp-content\/uploads\/sites\/143\/2020\/03\/fotolia_123198827.jpg\"><img loading=\"lazy\" decoding=\"async\" class=\"size-medium wp-image-703 alignright\" src=\"https:\/\/blog.ube.fr\/du-formation-civile-civique\/wp-content\/uploads\/sites\/143\/2020\/03\/fotolia_123198827-300x146.jpg\" alt=\"\" width=\"300\" height=\"146\" srcset=\"https:\/\/blog.ube.fr\/du-formation-civile-civique\/wp-content\/uploads\/sites\/143\/2020\/03\/fotolia_123198827-300x146.jpg 300w, https:\/\/blog.ube.fr\/du-formation-civile-civique\/wp-content\/uploads\/sites\/143\/2020\/03\/fotolia_123198827.jpg 500w\" sizes=\"auto, (max-width: 300px) 100vw, 300px\" \/><\/a><\/p>\n<p>&nbsp;<\/p>\n<p><strong>\u00c9valuation :<\/strong><br \/>\nR\u00e9solution de cas pratiques, r\u00e9daction et soutenance d\u2019un m\u00e9moire<\/p>\n<p>&nbsp;<\/p>\n<p>&nbsp;<\/p>\n<p style=\"text-align: left;\">\u00a0\u00a0\u00a0\u00a0\u00a0\u00a0\u00a0\u00a0\u00a0\u00a0\u00a0\u00a0\u00a0\u00a0\u00a0\u00a0\u00a0\u00a0\u00a0\u00a0\u00a0\u00a0\u00a0\u00a0\u00a0\u00a0\u00a0\u00a0\u00a0\u00a0\u00a0\u00a0\u00a0\u00a0\u00a0\u00a0\u00a0\u00a0\u00a0\u00a0\u00a0\u00a0\u00a0\u00a0\u00a0\u00a0\u00a0\u00a0\u00a0\u00a0\u00a0\u00a0\u00a0\u00a0\u00a0\u00a0\u00a0\u00a0\u00a0\u00a0\u00a0\u00a0\u00a0\u00a0\u00a0\u00a0\u00a0\u00a0\u00a0\u00a0\u00a0\u00a0\u00a0\u00a0\u00a0\u00a0\u00a0\u00a0\u00a0\u00a0\u00a0\u00a0\u00a0\u00a0\u00a0\u00a0\u00a0\u00a0\u00a0\u00a0\u00a0\u00a0\u00a0\u00a0\u00a0\u00a0\u00a0\u00a0\u00a0\u00a0\u00a0\u00a0\u00a0\u00a0\u00a0\u00a0\u00a0\u00a0\u00a0\u00a0\u00a0\u00a0\u00a0\u00a0\u00a0\u00a0\u00a0\u00a0\u00a0\u00a0\u00a0\u00a0\u00a0\u00a0\u00a0\u00a0\u00a0\u00a0\u00a0\u00a0\u00a0\u00a0\u00a0\u00a0\u00a0\u00a0\u00a0\u00a0\u00a0\u00a0\u00a0\u00a0\u00a0\u00a0\u00a0\u00a0\u00a0\u00a0\u00a0\u00a0\u00a0\u00a0\u00a0\u00a0\u00a0\u00a0\u00a0\u00a0\u00a0\u00a0\u00a0\u00a0\u00a0\u00a0\u00a0\u00a0\u00a0\u00a0\u00a0\u00a0\u00a0\u00a0\u00a0\u00a0\u00a0\u00a0\u00a0\u00a0\u00a0\u00a0\u00a0\u00a0\u00a0\u00a0\u00a0\u00a0\u00a0\u00a0\u00a0\u00a0\u00a0\u00a0\u00a0\u00a0\u00a0\u00a0\u00a0\u00a0\u00a0\u00a0\u00a0\u00a0\u00a0\u00a0\u00a0\u00a0\u00a0\u00a0\u00a0\u00a0\u00a0\u00a0\u00a0\u00a0\u00a0\u00a0\u00a0\u00a0\u00a0\u00a0\u00a0\u00a0\u00a0\u00a0\u00a0\u00a0\u00a0\u00a0\u00a0\u00a0\u00a0\u00a0\u00a0\u00a0\u00a0\u00a0\u00a0\u00a0\u00a0\u00a0\u00a0\u00a0\u00a0\u00a0\u00a0\u00a0\u00a0\u00a0\u00a0\u00a0\u00a0\u00a0\u00a0\u00a0\u00a0\u00a0\u00a0\u00a0\u00a0\u00a0\u00a0\u00a0\u00a0\u00a0\u00a0\u00a0 Ce n\u2019est pas parce qu\u2019on n\u2019est pas d\u2019accord sur le Ciel qu\u2019il faut faire de la Terre un Enfer !<\/p>\n","protected":false},"excerpt":{"rendered":"<p>&nbsp; Les s\u00e9ances de ce DU auront lieu en visiophonie et sur site un samedi par mois. Cette formation d\u00e9livre la certification \u00ab Gestion du fait religieux et la\u00efcit\u00e9 \u2013 La\u00efcit\u00e9, religion et citoyennet\u00e9 \u00bb enregistr\u00e9e au R\u00e9pertoire Sp\u00e9cifique (France comp\u00e9tences) sous le num\u00e9ro \u00ab RS6489. \u00bb. Codes NSF : 120 (Sp\u00e9cialit\u00e9s pluridisciplinaires, sciences humaines&hellip;<\/p>\n<p class=\"more-link-p\"><a class=\"btn btn-primary\" href=\"https:\/\/blog.ube.fr\/du-formation-civile-civique\/programme\/\">Voir plus &rarr;<\/a><\/p>\n","protected":false},"author":270,"featured_media":0,"parent":0,"menu_order":0,"comment_status":"closed","ping_status":"closed","template":"","meta":{"footnotes":""},"class_list":["post-702","page","type-page","status-publish","hentry"],"_links":{"self":[{"href":"https:\/\/blog.ube.fr\/du-formation-civile-civique\/wp-json\/wp\/v2\/pages\/702","targetHints":{"allow":["GET"]}}],"collection":[{"href":"https:\/\/blog.ube.fr\/du-formation-civile-civique\/wp-json\/wp\/v2\/pages"}],"about":[{"href":"https:\/\/blog.ube.fr\/du-formation-civile-civique\/wp-json\/wp\/v2\/types\/page"}],"author":[{"embeddable":true,"href":"https:\/\/blog.ube.fr\/du-formation-civile-civique\/wp-json\/wp\/v2\/users\/270"}],"replies":[{"embeddable":true,"href":"https:\/\/blog.ube.fr\/du-formation-civile-civique\/wp-json\/wp\/v2\/comments?post=702"}],"version-history":[{"count":25,"href":"https:\/\/blog.ube.fr\/du-formation-civile-civique\/wp-json\/wp\/v2\/pages\/702\/revisions"}],"predecessor-version":[{"id":776,"href":"https:\/\/blog.ube.fr\/du-formation-civile-civique\/wp-json\/wp\/v2\/pages\/702\/revisions\/776"}],"wp:attachment":[{"href":"https:\/\/blog.ube.fr\/du-formation-civile-civique\/wp-json\/wp\/v2\/media?parent=702"}],"curies":[{"name":"wp","href":"https:\/\/api.w.org\/{rel}","templated":true}]}}

<p>&nbsp;</p>
<p>Les séances de ce DU auront lieu en visiophonie et sur site un samedi par mois.</p>
<p>Cette formation délivre la certification « Gestion du fait religieux et laïcité – Laïcité, religion et citoyenneté » enregistrée au <a href="https://www.francecompetences.fr/recherche/rs/6489/">Répertoire Spécifique (France compétences) sous le numéro « RS6489. »</a>.</p>
<p><strong>Codes NSF</strong> :</p>
<p>120 (Spécialités pluridisciplinaires, sciences humaines et droit),</p>
<p>127 (Philosophie, éthique et théologie),</p>
<p>128 (Droit, sciences politiques)</p>
<p>La formation est éligible au CPF.</p>
<p><a href="https://blog.ube.fr/du-formation-civile-civique/wp-content/uploads/sites/143/2025/01/Logo-RS-france-competences.png"><img loading="lazy" decoding="async" class="alignnone size-medium wp-image-775" src="https://blog.ube.fr/du-formation-civile-civique/wp-content/uploads/sites/143/2025/01/Logo-RS-france-competences-300x153.png" alt="" width="300" height="153" srcset="https://blog.ube.fr/du-formation-civile-civique/wp-content/uploads/sites/143/2025/01/Logo-RS-france-competences-300x153.png 300w, https://blog.ube.fr/du-formation-civile-civique/wp-content/uploads/sites/143/2025/01/Logo-RS-france-competences.png 666w" sizes="auto, (max-width: 300px) 100vw, 300px" /></a></p>
<p><a href="https://blog.ube.fr/du-formation-civile-civique/wp-content/uploads/sites/143/2020/03/programme.png"><img loading="lazy" decoding="async" class="alignnone size-medium wp-image-725" src="https://blog.ube.fr/du-formation-civile-civique/wp-content/uploads/sites/143/2020/03/programme-300x40.png" alt="" width="300" height="40" srcset="https://blog.ube.fr/du-formation-civile-civique/wp-content/uploads/sites/143/2020/03/programme-300x40.png 300w, https://blog.ube.fr/du-formation-civile-civique/wp-content/uploads/sites/143/2020/03/programme.png 523w" sizes="auto, (max-width: 300px) 100vw, 300px" /></a></p>
<p><strong>UE1</strong> Histoire et Connaissance pratique de la laïcité (70h)<br />
L’histoire de la laïcité commence avec la reconnaissance de l’égalité en droits des citoyens, quoi qu’il en soit de leur appartenance confessionnelle.</p>
<p><strong>UE2</strong> Laïcité, religions, société et travail (35h)</p>
<p><strong>UE3 </strong>Cas pratiques, mémoire professionnel, sciences humaines et sociales des religions (35h)</p>
<p>&nbsp;</p>
<p><a href="https://blog.ube.fr/du-formation-civile-civique/wp-content/uploads/sites/143/2024/06/plaquette-DU-Laicite-2024_3.pdf" rel=""><img loading="lazy" decoding="async" class="alignnone wp-image-740 size-medium" src="https://blog.ube.fr/du-formation-civile-civique/wp-content/uploads/sites/143/2020/03/téléchargement-300x67.png" alt="" width="300" height="67" srcset="https://blog.ube.fr/du-formation-civile-civique/wp-content/uploads/sites/143/2020/03/téléchargement-300x67.png 300w, https://blog.ube.fr/du-formation-civile-civique/wp-content/uploads/sites/143/2020/03/téléchargement-1024x228.png 1024w, https://blog.ube.fr/du-formation-civile-civique/wp-content/uploads/sites/143/2020/03/téléchargement-768x171.png 768w, https://blog.ube.fr/du-formation-civile-civique/wp-content/uploads/sites/143/2020/03/téléchargement.png 1040w" sizes="auto, (max-width: 300px) 100vw, 300px" /></a></p>
<p>&nbsp;</p>
<p><strong>Enseignants et intervenants :</strong></p>
<ul>
<li>Cécile Caseau-Roche Droit privé, Université de Bourgogne</li>
<li>André Dauteribes Droit public, Université de Bourgogne</li>
<li>Anne Fornerod, Droit public, Chargée de recherche CNRS Université de Strasbourg</li>
<li>Frédéric Orobon Philosophie, Inspé de Bourgogne</li>
<li>Eric Vinson, docteur en science politique, chercheur associé au laboratoire Groupe Sociétés, Religions, Laïcités de l’École pratique des hautes études</li>
<li>Michel Younès, Théologie, Ucly.</li>
</ul>
<p><a href="https://blog.ube.fr/du-formation-civile-civique/wp-content/uploads/sites/143/2020/03/fotolia_123198827.jpg"><img loading="lazy" decoding="async" class="size-medium wp-image-703 alignright" src="https://blog.ube.fr/du-formation-civile-civique/wp-content/uploads/sites/143/2020/03/fotolia_123198827-300x146.jpg" alt="" width="300" height="146" srcset="https://blog.ube.fr/du-formation-civile-civique/wp-content/uploads/sites/143/2020/03/fotolia_123198827-300x146.jpg 300w, https://blog.ube.fr/du-formation-civile-civique/wp-content/uploads/sites/143/2020/03/fotolia_123198827.jpg 500w" sizes="auto, (max-width: 300px) 100vw, 300px" /></a></p>
<p>&nbsp;</p>
<p><strong>Évaluation :</strong><br />
Résolution de cas pratiques, rédaction et soutenance d’un mémoire</p>
<p>&nbsp;</p>
<p>&nbsp;</p>
<p style="text-align: left;">                                                                                                                                                                                                                                                                           Ce n’est pas parce qu’on n’est pas d’accord sur le Ciel qu’il faut faire de la Terre un Enfer !</p>

<p>&nbsp; Les séances de ce DU auront lieu en visiophonie et sur site un samedi par mois. Cette formation délivre la certification « Gestion du fait religieux et laïcité – Laïcité, religion et citoyenneté » enregistrée au Répertoire Spécifique (France compétences) sous le numéro « RS6489. ». Codes NSF : 120 (Spécialités pluridisciplinaires, sciences humaines&hellip;</p>
<p class="more-link-p"><a class="btn btn-primary" href="https://blog.ube.fr/du-formation-civile-civique/programme/">Voir plus &rarr;</a></p>
