{"id":716,"date":"2022-04-13T16:42:31","date_gmt":"2022-04-13T14:42:31","guid":{"rendered":"https:\/\/blog.u-bourgogne.fr\/du-etudiants-en-exil\/?page_id=716"},"modified":"2025-02-04T14:59:00","modified_gmt":"2025-02-04T13:59:00","slug":"origin-of-the-project","status":"publish","type":"page","link":"https:\/\/blog.ube.fr\/du-etudiants-en-exil\/en\/what-is-the-du-passerelle\/origin-of-the-project\/","title":{"rendered":"Origin of the project"},"content":{"rendered":"<p>In the emergency context provoked by the war in Syria and Iraq, the Universit\u00e9 Bourgogne Europe (UBE), following the example of other French universities, has put together in September 2016 a welcome plan and support system dedicated to asylum seekers and refugees who have graduated from higher education or who have interrupted their studies to flee their country.<\/p>\n<p>Focusing on intensive French learning, this ad hoc programme initiated by the International Office became a university diploma <em>&#8220;Fran\u00e7ais langue \u00e9trang\u00e8re pour l\u2019insertion universitaire et professionnelle des publics migrants&#8221;<\/em> <em>(French as a foreign language for the academic and professional integration of migrants)<\/em>, managed by the Faculty of Arts and Philosophy, at the start of the 2017 academic year.<\/p>\n<p>In 2019, it joined the list of 40 programmes being part of the national register of diplomas under the name of <em>&#8220;Passerelle &#8211; \u00c9tudiants en exil&#8221;<\/em> <em>(Gateway-Students in exile)<\/em> university diploma.<\/p>\n<p>Between 2016 and 2025, 350 people of 25 nationalities (Syrian, Iraqi, Afghan, Sudanese, Eritrean, Albanian, Angolan, etc.), of various ages and with different integration projects, had followed this course, which combines daily classes in French and classes in different subjects depending on professional orientation of the students, project preparation sessions and cultural discovery workshops.<\/p>\n<p>The paths after graduation are also very diverse.<\/p>\n","protected":false},"excerpt":{"rendered":"<p>In the emergency context provoked by the war in Syria and Iraq, the Universit\u00e9 Bourgogne Europe (UBE), following the example of other French universities, has put together in September 2016 a welcome plan and support system dedicated to asylum seekers and refugees who have graduated from higher education or who have interrupted their studies to&hellip;<\/p>\n<p class=\"more-link-p\"><a class=\"btn btn-primary\" href=\"https:\/\/blog.ube.fr\/du-etudiants-en-exil\/en\/what-is-the-du-passerelle\/origin-of-the-project\/\">Voir plus &rarr;<\/a><\/p>\n","protected":false},"author":1847,"featured_media":0,"parent":307,"menu_order":0,"comment_status":"closed","ping_status":"closed","template":"","meta":{"footnotes":""},"class_list":["post-716","page","type-page","status-publish","hentry"],"_links":{"self":[{"href":"https:\/\/blog.ube.fr\/du-etudiants-en-exil\/wp-json\/wp\/v2\/pages\/716","targetHints":{"allow":["GET"]}}],"collection":[{"href":"https:\/\/blog.ube.fr\/du-etudiants-en-exil\/wp-json\/wp\/v2\/pages"}],"about":[{"href":"https:\/\/blog.ube.fr\/du-etudiants-en-exil\/wp-json\/wp\/v2\/types\/page"}],"author":[{"embeddable":true,"href":"https:\/\/blog.ube.fr\/du-etudiants-en-exil\/wp-json\/wp\/v2\/users\/1847"}],"replies":[{"embeddable":true,"href":"https:\/\/blog.ube.fr\/du-etudiants-en-exil\/wp-json\/wp\/v2\/comments?post=716"}],"version-history":[{"count":4,"href":"https:\/\/blog.ube.fr\/du-etudiants-en-exil\/wp-json\/wp\/v2\/pages\/716\/revisions"}],"predecessor-version":[{"id":996,"href":"https:\/\/blog.ube.fr\/du-etudiants-en-exil\/wp-json\/wp\/v2\/pages\/716\/revisions\/996"}],"up":[{"embeddable":true,"href":"https:\/\/blog.ube.fr\/du-etudiants-en-exil\/wp-json\/wp\/v2\/pages\/307"}],"wp:attachment":[{"href":"https:\/\/blog.ube.fr\/du-etudiants-en-exil\/wp-json\/wp\/v2\/media?parent=716"}],"curies":[{"name":"wp","href":"https:\/\/api.w.org\/{rel}","templated":true}]}}

<p>In the emergency context provoked by the war in Syria and Iraq, the Université Bourgogne Europe (UBE), following the example of other French universities, has put together in September 2016 a welcome plan and support system dedicated to asylum seekers and refugees who have graduated from higher education or who have interrupted their studies to flee their country.</p>
<p>Focusing on intensive French learning, this ad hoc programme initiated by the International Office became a university diploma <em>&#8220;Français langue étrangère pour l’insertion universitaire et professionnelle des publics migrants&#8221;</em> <em>(French as a foreign language for the academic and professional integration of migrants)</em>, managed by the Faculty of Arts and Philosophy, at the start of the 2017 academic year.</p>
<p>In 2019, it joined the list of 40 programmes being part of the national register of diplomas under the name of <em>&#8220;Passerelle &#8211; Étudiants en exil&#8221;</em> <em>(Gateway-Students in exile)</em> university diploma.</p>
<p>Between 2016 and 2025, 350 people of 25 nationalities (Syrian, Iraqi, Afghan, Sudanese, Eritrean, Albanian, Angolan, etc.), of various ages and with different integration projects, had followed this course, which combines daily classes in French and classes in different subjects depending on professional orientation of the students, project preparation sessions and cultural discovery workshops.</p>
<p>The paths after graduation are also very diverse.</p>

<p>In the emergency context provoked by the war in Syria and Iraq, the Université Bourgogne Europe (UBE), following the example of other French universities, has put together in September 2016 a welcome plan and support system dedicated to asylum seekers and refugees who have graduated from higher education or who have interrupted their studies to&hellip;</p>
<p class="more-link-p"><a class="btn btn-primary" href="https://blog.ube.fr/du-etudiants-en-exil/en/what-is-the-du-passerelle/origin-of-the-project/">Voir plus &rarr;</a></p>
